000
CXUS54 KFWD 170730
CF6FWD
PRELIMINARY LOCAL CLIMATOLOGICAL DATA (WS FORM: F-6)

                                          STATION:   FORT WORTH NWS
                                          MONTH:     OCTOBER
                                          YEAR:      2018
                                          LATITUDE:   32 50 N
                                          LONGITUDE:  97 18 W

  TEMPERATURE IN F:       :PCPN:    SNOW:  WIND      :SUNSHINE: SKY     :PK WND
================================================================================
1   2   3   4   5  6A  6B    7    8   9   10  11  12  13   14  15   16   17  18
                                     12Z  AVG MX 2MIN
DY MAX MIN AVG DEP HDD CDD  WTR  SNW DPTH SPD SPD DIR MIN PSBL S-S WX    SPD DR
================================================================================

 1  85  70  78   6   0  13 0.00  0.0    0   M   M   M   M    M   M         M  M
 2  85  69  77   5   0  12 0.00  0.0    0   M   M   M   M    M   M         M  M
 3  88  72  80   9   0  15 0.00  0.0    0   M   M   M   M    M   M         M  M
 4  88  72  80   9   0  15 0.00  0.0    0   M   M   M   M    M   M         M  M
 5  88  72  80   9   0  15 0.00  0.0    0   M   M   M   M    M   M         M  M
 6  87  72  80  10   0  15    T  0.0    0   M   M   M   M    M   M 3       M  M
 7  87  73  80  10   0  15    T  0.0    0   M   M   M   M    M   M         M  M
 8  83  69  76   6   0  11 0.19  0.0    0   M   M   M   M    M   M         M  M
 9  73  61  67  -2   0   2 1.40  0.0    0   M   M   M   M    M   M 13      M  M
10  69  55  62  -7   3   0    T  0.0    0   M   M   M   M    M   M         M  M
11  69  52  61  -8   4   0 0.00  0.0    0   M   M   M   M    M   M         M  M
12  64  60  62  -6   3   0 0.82  0.0    0   M   M   M   M    M   M 1       M  M
13  63  58  61  -7   4   0 2.04  0.0    0   M   M   M   M    M   M 13      M  M
14  81  45  63  -5   2   0 0.36  0.0    0   M   M   M   M    M   M         M  M
15  45  39  42 -25  23   0 1.93    M    M   M   M   M   M    M   M         M  M
16   M   M   M   M   M   M    M    M    M   M   M   M   M    M   M         M  M
================================================================================
SM 1155  939        39 113  6.74     0.0     M          M        M
================================================================================
AV 77.0 62.6                                 M FASTST   M    M   6    MAX(MPH)
                                 MISC ---->     M   M                  M    M
================================================================================
NOTES:
# LAST OF SEVERAL OCCURRENCES

COLUMN 17 PEAK WIND IN M.P.H.

PRELIMINARY LOCAL CLIMATOLOGICAL DATA (WS FORM: F-6) , PAGE 2

                                          STATION:  FORT WORTH NWS
                                          MONTH:    OCTOBER
                                          YEAR:     2018
                                          LATITUDE:   32 50 N
                                          LONGITUDE:  97 18 W

[TEMPERATURE DATA]      [PRECIPITATION DATA]       SYMBOLS USED IN COLUMN 16

AVERAGE MONTHLY: 69.8   TOTAL FOR MONTH:   6.74    1 = FOG OR MIST
DPTR FM NORMAL:   0.3   DPTR FM NORMAL:    4.56    2 = FOG REDUCING VISIBILITY
HIGHEST:    88 ON  5, 4 GRTST 24HR  2.04 ON 13-13      TO 1/4 MILE OR LESS
LOWEST:     39 ON 15                               3 = THUNDER
                        SNOW, ICE PELLETS, HAIL    4 = ICE PELLETS
                        TOTAL MONTH:   0.0 INCH    5 = HAIL
                        GRTST 24HR     0.0         6 = FREEZING RAIN OR DRIZZLE
                        GRTST DEPTH:   0           7 = DUSTSTORM OR SANDSTORM:
                                                       VSBY 1/2 MILE OR LESS
                                                   8 = SMOKE OR HAZE
[NO. OF DAYS WITH]      [WEATHER - DAYS WITH]      9 = BLOWING SNOW
                                                   X = TORNADO
MAX 32 OR BELOW:   0    0.01 INCH OR MORE:   6
MAX 90 OR ABOVE:   0    0.10 INCH OR MORE:   6
MIN 32 OR BELOW:   0    0.50 INCH OR MORE:   4
MIN  0 OR BELOW:   0    1.00 INCH OR MORE:   3

[HDD (BASE 65) ]
TOTAL THIS MO.    39    CLEAR  (SCALE 0-3)   0
DPTR FM NORMAL    19    PTCLDY (SCALE 4-7)   0
TOTAL FM JUL 1    39    CLOUDY (SCALE 8-10)  0
DPTR FM NORMAL    13

[CDD (BASE 65) ]
TOTAL THIS MO.   113
DPTR FM NORMAL    22    [PRESSURE DATA]
TOTAL FM JAN 1  2814    HIGHEST SLP M ON M
DPTR FM NORMAL   253    LOWEST  SLP M ON M

[REMARKS]
