000
CXUS54 KTSA 200840
CF6FYV
PRELIMINARY LOCAL CLIMATOLOGICAL DATA (WS FORM: F-6)

                                          STATION:   FAYETTEVILLE ARKANSAS
                                          MONTH:     JULY
                                          YEAR:      2018
                                          LATITUDE:   36  0 N
                                          LONGITUDE:  94 10 W

  TEMPERATURE IN F:       :PCPN:    SNOW:  WIND      :SUNSHINE: SKY     :PK WND
================================================================================
1   2   3   4   5  6A  6B    7    8   9   10  11  12  13   14  15   16   17  18
                                     12Z  AVG MX 2MIN
DY MAX MIN AVG DEP HDD CDD  WTR  SNW DPTH SPD SPD DIR MIN PSBL S-S WX    SPD DR
================================================================================

 1  83  70  77   1   0  12 0.33  0.0    0  4.6 15 220   M    M   4 123    18 220
 2  93  68  81   5   0  16 0.00  0.0    0  1.8 20 270   M    M   3 123    24 270
 3  93  70  82   5   0  17    T  0.0    0  3.8 14  80   M    M   1 13     19  50
 4  90  68  79   2   0  14 0.00  0.0    0  5.5 18 110   M    M   1 1      23 160
 5  94  67  81   4   0  16 0.19  0.0    0  2.6 30 170   M    M   2 138    40 170
 6  94  69  82   5   0  17 0.14  0.0    0  2.6 25 350   M    M   1 138    42 350
 7  89  66  78   1   0  13 0.00  0.0    0  3.7 13  80   M    M   0 1      17  50
 8  87  61  74  -3   0   9 0.00  0.0    0  3.4 12  70   M    M   1 1      15  80
 9  89  66  78   1   0  13 0.10  0.0    0  2.5 22 120   M    M   1 1      25 120
10  93  67  80   3   0  15 0.02  0.0    0  2.4 12 180   M    M   1 13     13 180
11  96  71  84   6   0  19 0.00  0.0    0  4.0 14 170   M    M   0 1      17 180
12  95  70  83   5   0  18 0.44  0.0    0  3.5 31 130   M    M   1 138    43 130
13  92  69  81   3   0  16 0.00  0.0    0  4.7 14 190   M    M   1 1      17 190
14  92  70  81   3   0  16    T  0.0    0  4.9 15 340   M    M   2        20 200
15  92  73  83   5   0  18    T  0.0    0  3.7 23 180   M    M   3 3      27 190
16  95  72  84   6   0  19 0.23  0.0    0  3.9 28 340   M    M   1 3      39 340
17  93  69  81   3   0  16 0.35  0.0    0  1.9 37 330   M    M   2 13     47 340
18  85  70  78   0   0  13 0.65  0.0    0  3.0 23 320   M    M   3 13     27 320
19  95  68  82   4   0  17 0.00  0.0    0  3.6 14  80   M    M   2 12     19  60
================================================================================
SM 1740 1304         0 294  2.45     0.0  66.1          M       30
================================================================================
AV 91.6 68.6                               3.5 FASTST   M    M   2    MAX(MPH)
                                 MISC ---->  # 37 330               # 47  340
================================================================================
NOTES:
# LAST OF SEVERAL OCCURRENCES

COLUMN 17 PEAK WIND IN M.P.H.

PRELIMINARY LOCAL CLIMATOLOGICAL DATA (WS FORM: F-6) , PAGE 2

                                          STATION:  FAYETTEVILLE ARKANSAS
                                          MONTH:    JULY
                                          YEAR:     2018
                                          LATITUDE:   36  0 N
                                          LONGITUDE:  94 10 W

[TEMPERATURE DATA]      [PRECIPITATION DATA]       SYMBOLS USED IN COLUMN 16

AVERAGE MONTHLY: 80.1   TOTAL FOR MONTH:   2.45    1 = FOG OR MIST
DPTR FM NORMAL:   2.7   DPTR FM NORMAL:    0.16    2 = FOG REDUCING VISIBILITY
HIGHEST:    96 ON 11    GRTST 24HR  0.65 ON 18-18      TO 1/4 MILE OR LESS
LOWEST:     61 ON  8                               3 = THUNDER
                        SNOW, ICE PELLETS, HAIL    4 = ICE PELLETS
                        TOTAL MONTH:   0.0 INCH    5 = HAIL
                        GRTST 24HR     0.0         6 = FREEZING RAIN OR DRIZZLE
                        GRTST DEPTH:   0           7 = DUSTSTORM OR SANDSTORM:
                                                       VSBY 1/2 MILE OR LESS
                                                   8 = SMOKE OR HAZE
[NO. OF DAYS WITH]      [WEATHER - DAYS WITH]      9 = BLOWING SNOW
                                                   X = TORNADO
MAX 32 OR BELOW:   0    0.01 INCH OR MORE:   9
MAX 90 OR ABOVE:  14    0.10 INCH OR MORE:   8
MIN 32 OR BELOW:   0    0.50 INCH OR MORE:   1
MIN  0 OR BELOW:   0    1.00 INCH OR MORE:   0

[HDD (BASE 65) ]
TOTAL THIS MO.     0    CLEAR  (SCALE 0-3)  17
DPTR FM NORMAL     0    PTCLDY (SCALE 4-7)   2
TOTAL FM JUL 1     0    CLOUDY (SCALE 8-10)  0
DPTR FM NORMAL     0

[CDD (BASE 65) ]
TOTAL THIS MO.   294
DPTR FM NORMAL    60    [PRESSURE DATA]
TOTAL FM JAN 1   884    HIGHEST SLP M ON M
DPTR FM NORMAL   292    LOWEST  SLP 29.88 ON 18

[REMARKS]
