000
CXUS53 KUNR 190945
CF6GCC
PRELIMINARY LOCAL CLIMATOLOGICAL DATA (WS FORM: F-6)

                                          STATION:   GILLETTE AIRPORT WY
                                          MONTH:     NOVEMBER
                                          YEAR:      2018
                                          LATITUDE:   44 20 N
                                          LONGITUDE: 105 32 W

  TEMPERATURE IN F:       :PCPN:    SNOW:  WIND      :SUNSHINE: SKY     :PK WND
================================================================================
1   2   3   4   5  6A  6B    7    8   9   10  11  12  13   14  15   16   17  18
                                     12Z  AVG MX 2MIN
DY MAX MIN AVG DEP HDD CDD  WTR  SNW DPTH SPD SPD DIR MIN PSBL S-S WX    SPD DR
================================================================================

 1  49  32  41   1  24   0 0.00    M    M 14.2 30 320   M    M   9        40 320
 2  50  29  40   1  25   0 0.11    M    M 10.1 25 170   M    M  10 1      32 310
 3  42  30  36  -3  29   0 0.04    M    M 14.9 32 330   M    M   8 1      45 330
 4  48  32  40   2  25   0 0.05    M    M  9.3 18 290   M    M   8 1      25 170
 5  44  25  35  -3  30   0 0.13    M    M 12.5 23 300   M    M   5 1      30 300
 6  29  14  22 -15  43   0 0.00    M    M  7.7 17 310   M    M   5        22 300
 7  37   9  23 -14  42   0 0.06    M    M  6.1 17  10   M    M   5 18     22 360
 8  33  12  23 -13  42   0 0.04    M    M 12.1 25 360   M    M   7 1      33 310
 9  34  -7  14 -22  51   0    T    M    M  9.1 28 170   M    M   4 1      34 170
10  36  23  30  -6  35   0    T    M    M 11.8 25 310   M    M   9 18     34 310
11  30  18  24 -11  41   0 0.02    M    M 11.9 21  10   M    M   9 18     26 360
12  31   2  17 -17  48   0 0.00    M    M  8.6 17 350   M    M   2        22 350
13  50  28  39   5  26   0 0.00    M    M 10.8 18 220   M    M   3        27 220
14  64  29  47  13  18   0 0.00    M    M 11.1 21 220   M    M   0        26 210
15  50  27  39   6  26   0 0.00    M    M 12.4 25 330   M    M   0        33 330
16  45  16  31  -1  34   0 0.01    M    M 17.5 26 340   M    M   9 1      36 350
17  23  14  19 -13  46   0    T    M    M  8.1 16  10   M    M   6 1      22 180
18  41  11  26  -6  39   0    T    M    M 11.2 20 230   M    M   2 1      26 210
================================================================================
SM  736  344       624   0  0.46    M    199.4          M      101
================================================================================
AV 40.9 19.1                              11.1 FASTST   M    M   6    MAX(MPH)
                                 MISC ---->  # 32 330               # 45  330
================================================================================
NOTES:
# LAST OF SEVERAL OCCURRENCES

COLUMN 17 PEAK WIND IN M.P.H.

PRELIMINARY LOCAL CLIMATOLOGICAL DATA (WS FORM: F-6) , PAGE 2

                                          STATION:  GILLETTE AIRPORT WY
                                          MONTH:    NOVEMBER
                                          YEAR:     2018
                                          LATITUDE:   44 20 N
                                          LONGITUDE: 105 32 W

[TEMPERATURE DATA]      [PRECIPITATION DATA]       SYMBOLS USED IN COLUMN 16

AVERAGE MONTHLY: 30.0   TOTAL FOR MONTH:   0.46    1 = FOG OR MIST
DPTR FM NORMAL:  -5.7   DPTR FM NORMAL:    0.09    2 = FOG REDUCING VISIBILITY
HIGHEST:    64 ON 14    GRTST 24HR  0.13 ON  5- 5      TO 1/4 MILE OR LESS
LOWEST:     -7 ON  9                               3 = THUNDER
                        SNOW, ICE PELLETS, HAIL    4 = ICE PELLETS
                        TOTAL MONTH:    M          5 = HAIL
                        GRTST 24HR    M  ON   M    6 = FREEZING RAIN OR DRIZZLE
                        GRTST DEPTH:  M  ON   M    7 = DUSTSTORM OR SANDSTORM:
                                                       VSBY 1/2 MILE OR LESS
                                                   8 = SMOKE OR HAZE
[NO. OF DAYS WITH]      [WEATHER - DAYS WITH]      9 = BLOWING SNOW
                                                   X = TORNADO
MAX 32 OR BELOW:   4    0.01 INCH OR MORE:   8
MAX 90 OR ABOVE:   0    0.10 INCH OR MORE:   2
MIN 32 OR BELOW:  18    0.50 INCH OR MORE:   0
MIN  0 OR BELOW:   1    1.00 INCH OR MORE:   0

[HDD (BASE 65) ]
TOTAL THIS MO.   624    CLEAR  (SCALE 0-3)   4
DPTR FM NORMAL    96    PTCLDY (SCALE 4-7)   9
TOTAL FM JUL 1  1549    CLOUDY (SCALE 8-10)  5
DPTR FM NORMAL   112

[CDD (BASE 65) ]
TOTAL THIS MO.     0
DPTR FM NORMAL     0    [PRESSURE DATA]
TOTAL FM JAN 1   494    HIGHEST SLP M ON M
DPTR FM NORMAL    -8    LOWEST  SLP 29.35 ON  4

[REMARKS]
