000
CXUS53 KUNR 200945
CF6GCC
PRELIMINARY LOCAL CLIMATOLOGICAL DATA (WS FORM: F-6)

                                          STATION:   GILLETTE AIRPORT WY
                                          MONTH:     MAY
                                          YEAR:      2019
                                          LATITUDE:   44 20 N
                                          LONGITUDE: 105 32 W

  TEMPERATURE IN F:       :PCPN:    SNOW:  WIND      :SUNSHINE: SKY     :PK WND
================================================================================
1   2   3   4   5  6A  6B    7    8   9   10  11  12  13   14  15   16   17  18
                                     12Z  AVG MX 2MIN
DY MAX MIN AVG DEP HDD CDD  WTR  SNW DPTH SPD SPD DIR MIN PSBL S-S WX    SPD DR
================================================================================

 1  41  26  34 -14  31   0 0.26    M    M  6.0 14 360   M    M   7 1      17 360
 2  56  28  42  -6  23   0 0.00    M    M 10.7 20 330   M    M   3        28 330
 3  58  30  44  -5  21   0 0.01    M    M  6.3 18 330   M    M   3        23 330
 4  65  32  49   0  16   0 0.00    M    M  9.7 20 230   M    M   1        25 200
 5  55  33  44  -6  21   0 0.14    M    M  8.8 20 360   M    M   7 1      25 360
 6  43  34  39 -11  26   0 0.00    M    M  5.8 18 170   M    M  10 1      22 170
 7  44  37  41  -9  24   0 0.25    M    M 11.1 20 170   M    M  10 1      26 160
 8  39  32  36 -14  29   0 0.38    M    M 11.8 23  10   M    M   8 1      28  20
 9  44  31  38 -13  27   0 0.22    M    M  4.8 16 350   M    M   9 18     19 360
10  58  31  45  -6  20   0 0.11    M    M 11.7 26 300   M    M   3 1      35 310
11  58  30  44  -8  21   0 0.18    M    M 17.8 33 330   M    M   5 1      47 340
12  71  30  51  -1  14   0 0.00    M    M  5.6 16 340   M    M   0        23  10
13  75  42  59   7   6   0 0.00    M    M  8.7 18 240   M    M   1        24 230
14  78  38  58   6   7   0 0.00    M    M  8.4 25 170   M    M   0        34 180
15  77  50  64  11   1   0 0.00    M    M 10.1 22 170   M    M   0        29 160
16  71  45  58   5   7   0 0.07    M    M  7.3 22 140   M    M   4 1      30 150
17  58  41  50  -3  15   0 0.01    M    M 14.4 32 130   M    M   8 1      47 150
18  41  30  36 -18  29   0 0.54    M    M 12.8 20 360   M    M  10 1      26 350
19  39  30  35 -19  30   0 0.02    M    M  7.3 18 150   M    M  10 1      24 130
================================================================================
SM 1071  650       368   0  2.19    M    179.1          M       99
================================================================================
AV 56.4 34.2                               9.4 FASTST   M    M   5    MAX(MPH)
                                 MISC ---->  # 33 330               # 47  340
================================================================================
NOTES:
# LAST OF SEVERAL OCCURRENCES

COLUMN 17 PEAK WIND IN M.P.H.

PRELIMINARY LOCAL CLIMATOLOGICAL DATA (WS FORM: F-6) , PAGE 2

                                          STATION:  GILLETTE AIRPORT WY
                                          MONTH:    MAY
                                          YEAR:     2019
                                          LATITUDE:   44 20 N
                                          LONGITUDE: 105 32 W

[TEMPERATURE DATA]      [PRECIPITATION DATA]       SYMBOLS USED IN COLUMN 16

AVERAGE MONTHLY: 45.3   TOTAL FOR MONTH:   2.19    1 = FOG OR MIST
DPTR FM NORMAL:  -5.8   DPTR FM NORMAL:    0.77    2 = FOG REDUCING VISIBILITY
HIGHEST:    78 ON 14    GRTST 24HR  0.54 ON 18-18      TO 1/4 MILE OR LESS
LOWEST:     26 ON  1                               3 = THUNDER
                        SNOW, ICE PELLETS, HAIL    4 = ICE PELLETS
                        TOTAL MONTH:    M          5 = HAIL
                        GRTST 24HR    M  ON   M    6 = FREEZING RAIN OR DRIZZLE
                        GRTST DEPTH:  M  ON   M    7 = DUSTSTORM OR SANDSTORM:
                                                       VSBY 1/2 MILE OR LESS
                                                   8 = SMOKE OR HAZE
[NO. OF DAYS WITH]      [WEATHER - DAYS WITH]      9 = BLOWING SNOW
                                                   X = TORNADO
MAX 32 OR BELOW:   0    0.01 INCH OR MORE:  12
MAX 90 OR ABOVE:   0    0.10 INCH OR MORE:   8
MIN 32 OR BELOW:  11    0.50 INCH OR MORE:   1
MIN  0 OR BELOW:   0    1.00 INCH OR MORE:   0

[HDD (BASE 65) ]
TOTAL THIS MO.   368    CLEAR  (SCALE 0-3)   7
DPTR FM NORMAL   100    PTCLDY (SCALE 4-7)   6
TOTAL FM JUL 1  7811    CLOUDY (SCALE 8-10)  6
DPTR FM NORMAL   527

[CDD (BASE 65) ]
TOTAL THIS MO.     0
DPTR FM NORMAL     0    [PRESSURE DATA]
TOTAL FM JAN 1     0    HIGHEST SLP M ON M
DPTR FM NORMAL     0    LOWEST  SLP 29.45 ON 15

[REMARKS]
