275
CXUS53 KDDC 171200
CF6GCK
PRELIMINARY LOCAL CLIMATOLOGICAL DATA (WS FORM: F-6)

                                          STATION:   GARDEN CITY REGIONAL ARPT KS
                                          MONTH:     OCTOBER
                                          YEAR:      2018
                                          LATITUDE:   37 55 N
                                          LONGITUDE: 100 43 W

  TEMPERATURE IN F:       :PCPN:    SNOW:  WIND      :SUNSHINE: SKY     :PK WND
================================================================================
1   2   3   4   5  6A  6B    7    8   9   10  11  12  13   14  15   16   17  18
                                     12Z  AVG MX 2MIN
DY MAX MIN AVG DEP HDD CDD  WTR  SNW DPTH SPD SPD DIR MIN PSBL S-S WX    SPD DR
================================================================================

 1  70  48  59  -3   6   0 0.00    M    M  8.0 18  70   M    M   6 1      24  70
 2  89  52  71  10   0   6 0.00    M    M 16.1 29 180   M    M   0        39 180
 3  95  59  77  16   0  12 0.00    M    M 17.6 38  50   M    M   0 8      55  60
 4  59  42  51  -9  14   0 0.00    M    M 13.4 31  50   M    M   9        42  50
 5  92  44  68   8   0   3    T    M    M 16.1 39  30   M    M   6 123    55  30
 6  51  44  48 -11  17   0 0.00  0.0    0 14.2 35  20   M    M   9 1      46  30
 7  57  44  51  -8  14   0 1.62    M    0 12.8 28 110   M    M  10 13     35 100
 8  59  45  52  -7  13   0 0.31    M    0 13.2 22 120   M    M  10 1      29 130
 9  45  37  41 -17  24   0 0.80    M    0 18.9 32  20   M    M  10 1      41  20
10  49  35  42 -16  23   0 0.02    M    M 13.0 21 330   M    M   9 1      28 330
11  43  37  40 -17  25   0    T    M    0  9.5 18 140   M    M  10        24 140
12  60  39  50  -7  15   0    T    M    0 11.5 23 350   M    M   5 1      30 330
13  62  39  51  -6  14   0 0.00  0.0    0 14.5 24 180   M    M   4 1      33 180
14  50  28  39 -17  26   0 0.08    M    0 21.5 41  20   M    M  10 168    55 360
15  46  23  35 -21  30   0 0.00    M    0  8.3 15 330   M    M   0        20 300
16  64  22  43 -12  22   0 0.00    M    0  8.7 15 350   M    M   0        24 350
================================================================================
SM  991  638       243  21  2.83     0.0 217.3          M       98
================================================================================
AV 61.9 39.9                              13.6 FASTST   M    M   6    MAX(MPH)
                                 MISC ---->  # 41  20               # 55   60
================================================================================
NOTES:
# LAST OF SEVERAL OCCURRENCES

COLUMN 17 PEAK WIND IN M.P.H.

PRELIMINARY LOCAL CLIMATOLOGICAL DATA (WS FORM: F-6) , PAGE 2

                                          STATION:  GARDEN CITY REGIONAL ARPT KS
                                          MONTH:    OCTOBER
                                          YEAR:     2018
                                          LATITUDE:   37 55 N
                                          LONGITUDE: 100 43 W

[TEMPERATURE DATA]      [PRECIPITATION DATA]       SYMBOLS USED IN COLUMN 16

AVERAGE MONTHLY: 50.9   TOTAL FOR MONTH:   2.83    1 = FOG OR MIST
DPTR FM NORMAL:  -7.5   DPTR FM NORMAL:    2.08    2 = FOG REDUCING VISIBILITY
HIGHEST:    95 ON  3    GRTST 24HR  1.62 ON  7- 7      TO 1/4 MILE OR LESS
LOWEST:     22 ON 16                               3 = THUNDER
                        SNOW, ICE PELLETS, HAIL    4 = ICE PELLETS
                        TOTAL MONTH:   0.0 INCH    5 = HAIL
                        GRTST 24HR     0.0         6 = FREEZING RAIN OR DRIZZLE
                        GRTST DEPTH:   0           7 = DUSTSTORM OR SANDSTORM:
                                                       VSBY 1/2 MILE OR LESS
                                                   8 = SMOKE OR HAZE
[NO. OF DAYS WITH]      [WEATHER - DAYS WITH]      9 = BLOWING SNOW
                                                   X = TORNADO
MAX 32 OR BELOW:   0    0.01 INCH OR MORE:   5
MAX 90 OR ABOVE:   2    0.10 INCH OR MORE:   3
MIN 32 OR BELOW:   3    0.50 INCH OR MORE:   2
MIN  0 OR BELOW:   0    1.00 INCH OR MORE:   1

[HDD (BASE 65) ]
TOTAL THIS MO.   243    CLEAR  (SCALE 0-3)   4
DPTR FM NORMAL   119    PTCLDY (SCALE 4-7)   4
TOTAL FM JUL 1   298    CLOUDY (SCALE 8-10)  8
DPTR FM NORMAL   102

[CDD (BASE 65) ]
TOTAL THIS MO.    21
DPTR FM NORMAL     3    [PRESSURE DATA]
TOTAL FM JAN 1  1462    HIGHEST SLP M ON M
DPTR FM NORMAL   166    LOWEST  SLP 29.62 ON  3

[REMARKS]
