000
CXUS56 KFGZ 190900
CF6GCN
PRELIMINARY LOCAL CLIMATOLOGICAL DATA (WS FORM: F-6)

                                          STATION:   GRAND CANYON AZ AIRPORT
                                          MONTH:     JULY
                                          YEAR:      2018
                                          LATITUDE:   35 57 N
                                          LONGITUDE: 112  9 W

  TEMPERATURE IN F:       :PCPN:    SNOW:  WIND      :SUNSHINE: SKY     :PK WND
================================================================================
1   2   3   4   5  6A  6B    7    8   9   10  11  12  13   14  15   16   17  18
                                     12Z  AVG MX 2MIN
DY MAX MIN AVG DEP HDD CDD  WTR  SNW DPTH SPD SPD DIR MIN PSBL S-S WX    SPD DR
================================================================================

 1  88  42  65   2   0   0 0.00    M    M  3.2 16 250   M    M   0        22 250
 2  91  42  67   4   0   2 0.00    M    M  5.5 22 240   M    M   0        32 240
 3  87  41  64   0   1   0 0.00  0.0    0 10.4 28 210   M    M   0        37 220
 4  86  41  64   0   1   0 0.00  0.0    0  7.3 23 230   M    M   2        33 230
 5  93  46  70   6   0   5 0.00  0.0    0  4.8 20 240   M    M   1        26 120
 6  90  62  76  12   0  11    T    M    M  7.9 20  60   M    M   2 3      28  90
 7  86  57  72   7   0   7 0.00    M    M  4.7 21 180   M    M   2 3      30 150
 8  88  53  71   6   0   6 0.06    M    M  5.0 20  40   M    M   1 3      25  40
 9  87  56  72   7   0   7 0.28    M    M  6.3 24  90   M    M   3 3      36 120
10  77  52  65   0   0   0 0.02    M    M  5.4 16 160   M    M   3 3      22 150
11  81  58  70   5   0   5 0.31    M    M  4.1 16 210   M    M   5 13     20 210
12  72  56  64  -1   1   0 0.21    M    M  4.1 16 220   M    M   5 13     19 220
13  84  58  71   5   0   6 0.00  0.0    0  4.1 21 220   M    M   4 3      26 230
14  80  58  69   3   0   4 0.02  0.0    0  3.5 15  40   M    M   5 138    20  40
15  78  54  66   0   0   1 0.00  0.0    0  2.3 17 230   M    M   2 3      22 230
16  86  53  70   4   0   5 0.05  0.0    0  3.1 18  20   M    M   2 3      24  20
17  86  57  72   6   0   7 0.11    M    M  4.3 15  70   M    M   2 138    28  20
18  85  57  71   5   0   6    T    M    M  3.0 21 210   M    M   0 1      26 210
================================================================================
SM 1525  943         3  72  1.06     0.0  89.0          M       39
================================================================================
AV 84.7 52.4                               4.9 FASTST   M    M   2    MAX(MPH)
                                 MISC ---->  # 28 210               # 37  220
================================================================================
NOTES:
# LAST OF SEVERAL OCCURRENCES

COLUMN 17 PEAK WIND IN M.P.H.

PRELIMINARY LOCAL CLIMATOLOGICAL DATA (WS FORM: F-6) , PAGE 2

                                          STATION:  GRAND CANYON AZ AIRPORT
                                          MONTH:    JULY
                                          YEAR:     2018
                                          LATITUDE:   35 57 N
                                          LONGITUDE: 112  9 W

[TEMPERATURE DATA]      [PRECIPITATION DATA]       SYMBOLS USED IN COLUMN 16

AVERAGE MONTHLY: 68.6   TOTAL FOR MONTH:   1.06    1 = FOG OR MIST
DPTR FM NORMAL:   3.7   DPTR FM NORMAL:    0.23    2 = FOG REDUCING VISIBILITY
HIGHEST:    93 ON  5    GRTST 24HR  0.31 ON 11-11      TO 1/4 MILE OR LESS
LOWEST:     41 ON  4, 3                            3 = THUNDER
                        SNOW, ICE PELLETS, HAIL    4 = ICE PELLETS
                        TOTAL MONTH:   0.0 INCH    5 = HAIL
                        GRTST 24HR     0.0         6 = FREEZING RAIN OR DRIZZLE
                        GRTST DEPTH:   0           7 = DUSTSTORM OR SANDSTORM:
                                                       VSBY 1/2 MILE OR LESS
                                                   8 = SMOKE OR HAZE
[NO. OF DAYS WITH]      [WEATHER - DAYS WITH]      9 = BLOWING SNOW
                                                   X = TORNADO
MAX 32 OR BELOW:   0    0.01 INCH OR MORE:   8
MAX 90 OR ABOVE:   3    0.10 INCH OR MORE:   4
MIN 32 OR BELOW:   0    0.50 INCH OR MORE:   0
MIN  0 OR BELOW:   0    1.00 INCH OR MORE:   0

[HDD (BASE 65) ]
TOTAL THIS MO.     3    CLEAR  (SCALE 0-3)  14
DPTR FM NORMAL   -25    PTCLDY (SCALE 4-7)   4
TOTAL FM JUL 1     3    CLOUDY (SCALE 8-10)  0
DPTR FM NORMAL   -25

[CDD (BASE 65) ]
TOTAL THIS MO.    72
DPTR FM NORMAL    46    [PRESSURE DATA]
TOTAL FM JAN 1    88    HIGHEST SLP M ON M
DPTR FM NORMAL    60    LOWEST  SLP 29.84 ON  2

[REMARKS]
