000
CXUS54 KMAF 261100
CF6GDP
PRELIMINARY LOCAL CLIMATOLOGICAL DATA (WS FORM: F-6)

                                          STATION:   Guadalupe Pass
                                          MONTH:     JUNE
                                          YEAR:      2019
                                          LATITUDE:   31 49 N
                                          LONGITUDE: 104 48 W

  TEMPERATURE IN F:       :PCPN:    SNOW:  WIND      :SUNSHINE: SKY     :PK WND
================================================================================
1   2   3   4   5  6A  6B    7    8   9   10  11  12  13   14  15   16   17  18
                                     12Z  AVG MX 2MIN
DY MAX MIN AVG DEP HDD CDD  WTR  SNW DPTH SPD SPD DIR MIN PSBL S-S WX    SPD DR
================================================================================

 1  83  63  73  -2   0   8 0.07  0.0    0 18.6 43  50   M    M   1        46  50
 2  81  60  71  -4   0   6 0.08  0.0    0 25.1 38  40   M    M   2 128    45  40
 3  84  57  71  -4   0   6 0.00  0.0    0 13.6 29  50   M    M   0        37  70
 4   M   M   M   M   M   M 0.00  0.0    0 15.7 21 230   M    M   0         M  M
 5  86  60  73  -3   0   8 0.01  0.0    M 13.7 32 270   M    M   1        41 290
 6  91  62  77   1   0  12 0.00  0.0    0 14.5 28 260   M    M   1        33 260
 7  97  69  83   7   0  18 0.00  0.0    0 15.1 35 240   M    M   0        41 240
 8  80  73  77   1   0  12 0.00  0.0    0 11.8 21  30   M    M   0         M  M
 9   M   M   M   M   M   M    M    M    M   M   M   M   M    M   M         M  M
10  62  53  58 -19   7   0    T  0.0    M 29.3 46  50   M    M   6 18     52  50
11  87  54  71  -6   0   6 0.00  0.0    0 17.8 29 240   M    M   0        38 250
12  81  66  74  -3   0   9 0.00  0.0    0 21.9 41  50   M    M   0 8      48  50
13  93  61  77   0   0  12 0.03  0.0    0 20.3 40  40   M    M   3 8      46  30
14  94  66  80   3   0  15 0.00  0.0    0 23.0 44 240   M    M   0        53 240
15  92  70  81   4   0  16 0.00  0.0    0 21.8 43 230   M    M   0        52 230
16  94  67  81   4   0  16 0.00  0.0    0 14.2 33  70   M    M   0        38  50
17  89  64  77   0   0  12 0.00  0.0    0 18.4 36  50   M    M   2 18     40  40
18  96  61  79   2   0  14 0.00  0.0    0 16.8 31  50   M    M   0 8      36 250
19  95  69  82   5   0  17 0.00  0.0    0 18.4 38 250   M    M   0        49 250
20  95  70  83   6   0  18 0.00  0.0    0 22.1 49 240   M    M   0        59 250
21  94  72  83   6   0  18 0.00  0.0    0 19.1 40 240   M    M   0        48 250
22  92  68  80   3   0  15 0.00  0.0    0 20.3 40 230   M    M   0        51 240
23  92  67  80   3   0  15 0.00  0.0    0 14.7 32 240   M    M   0        40 250
24  96  67  82   5   0  17 0.00  0.0    0 12.2 33  60   M    M   0        41  60
25  98  63  81   4   0  16 0.05  0.0    0 14.4 39  50   M    M   2 18     42  40
================================================================================
SM 2052 1482         7 286  0.24     0.0 432.8          M       18
================================================================================
AV 89.2 64.4                              18.0 FASTST   M    M   1    MAX(MPH)
                                 MISC ---->  # 49 240               # 59  250
================================================================================
NOTES:
# LAST OF SEVERAL OCCURRENCES

COLUMN 17 PEAK WIND IN M.P.H.

PRELIMINARY LOCAL CLIMATOLOGICAL DATA (WS FORM: F-6) , PAGE 2

                                          STATION:  Guadalupe Pass
                                          MONTH:    JUNE
                                          YEAR:     2019
                                          LATITUDE:   31 49 N
                                          LONGITUDE: 104 48 W

[TEMPERATURE DATA]      [PRECIPITATION DATA]       SYMBOLS USED IN COLUMN 16

AVERAGE MONTHLY: 76.8   TOTAL FOR MONTH:   0.24    1 = FOG OR MIST
DPTR FM NORMAL:   0.3   DPTR FM NORMAL:   -0.84    2 = FOG REDUCING VISIBILITY
HIGHEST:    98 ON 25    GRTST 24HR  0.08 ON  2- 2      TO 1/4 MILE OR LESS
LOWEST:     53 ON 10                               3 = THUNDER
                        SNOW, ICE PELLETS, HAIL    4 = ICE PELLETS
                        TOTAL MONTH:   0.0 INCH    5 = HAIL
                        GRTST 24HR     0.0         6 = FREEZING RAIN OR DRIZZLE
                        GRTST DEPTH:   0           7 = DUSTSTORM OR SANDSTORM:
                                                       VSBY 1/2 MILE OR LESS
                                                   8 = SMOKE OR HAZE
[NO. OF DAYS WITH]      [WEATHER - DAYS WITH]      9 = BLOWING SNOW
                                                   X = TORNADO
MAX 32 OR BELOW:   0    0.01 INCH OR MORE:   5
MAX 90 OR ABOVE:  14    0.10 INCH OR MORE:   0
MIN 32 OR BELOW:   0    0.50 INCH OR MORE:   0
MIN  0 OR BELOW:   0    1.00 INCH OR MORE:   0

[HDD (BASE 65) ]
TOTAL THIS MO.     7    CLEAR  (SCALE 0-3)  22
DPTR FM NORMAL     7    PTCLDY (SCALE 4-7)   2
TOTAL FM JUL 1  2182    CLOUDY (SCALE 8-10)  0
DPTR FM NORMAL -1102

[CDD (BASE 65) ]
TOTAL THIS MO.   286
DPTR FM NORMAL    -1    [PRESSURE DATA]
TOTAL FM JAN 1   545    HIGHEST SLP M ON M
DPTR FM NORMAL    34    LOWEST  SLP 29.61 ON 21

[REMARKS]
