000
CXUS56 KTFX 260915
CF6GDV
25
PRELIMINARY LOCAL CLIMATOLOGICAL DATA (WS FORM: F-6)

                                          STATION:   GLENDIVE APT MT
                                          MONTH:     September
                                          YEAR:      2018
                                          LATITUDE:   47.13  N
                                          LONGITUDE: 104.80  W

  TEMPERATURE IN F:       :PCPN:    SNOW:  WIND      :SUNSHINE: SKY     :PK WND
================================================================================
1   2   3   4   5  6A  6B    7    8   9   10  11  12  13   14  15   16   17  18
                                     12Z  AVG MX 2MIN
DY MAX MIN AVG DEP HDD CDD  WTR  SNW DPTH SPD SPD DIR MIN PSBL S-S WX    SPD DR
================================================================================

01  81  48  64  -4   1   0  0.00  M    M 10.0  M   M   M    M   M        26  340
02  76  43  59  -9   6   0  0.00  M    M  7.0  M   M   M    M   M        M     M
03  90  48  69   2   0   4  0.00  M    M  8.4  M   M   M    M   M        20  360
04  68  44  56 -11   9   0  0.00  M    M 12.5  M   M   M    M   M        26  360
05  73  39  56 -10   9   0  0.00  M    M  9.0  M   M   M    M   M        21  360
06  84  52  68   2   0   3  0.00  M    M  5.5  M   M   M    M   M        M     M
07  89  51  70   5   0   5  0.00  M    M  8.9  M   M   M    M   M        M     M
08  89  62  75  10   0  10 T      M    M 11.0  M   M   M    M   M        25  310
09  76  54  65   1   0   0  0.03  M    M  6.3  M   M   M    M   M        M     M
10  87  46  66   2   0   1  0.00  M    M  6.9  M   M   M    M   M        21  350
11  72  57  64   1   1   0  0.00  M    M 11.8  M   M   M    M   M        24  360
12  72  50  61  -2   4   0  0.00  M    M 12.9  M   M   M    M   M        24  340
13  70  49  59  -4   6   0  0.00  M    M  5.9  M   M   M    M   M        M     M
14  67  54  60  -2   5   0  0.00  M    M 10.5  M   M   M    M   M        M     M
15  62  47  54  -8  11   0  0.00  M    M 11.6  M   M   M    M   M        M     M
16  72  48  60  -1   5   0  0.00  M    M 10.9  M   M   M    M   M        20  350
17  68  47  57  -4   8   0  0.00  M    M  8.7  M   M   M    M   M        M     M
18  72  41  56  -4   9   0  0.00  M    M  9.8  M   M   M    M   M        20  350
19  66  44  55  -5  10   0 T      M    M 13.8  M   M   M    M   M        25  90
20  50  37  43 -16  22   0  0.78  M    M 12.5  M   M   M    M   M        28  360
21  63  35  49 -10  16   0  0.00  M    M  8.5  M   M   M    M   M        22  350
22  81  43  62   4   3   0  0.00  M    M  8.2  M   M   M    M   M        26  340
23  47  39  43 -15  22   0 T      M    M 10.0  M   M   M    M   M        M     M
24  51  35  43 -14  22   0  0.04  M    M  6.6  M   M   M    M   M        M     M
25  58  37  47 -10  18   0 T      M    M 13.8  M   M   M    M   M        31  330
================================================================================
SM 1784 1150         187  23  0.85         241.0
================================================================================
AV 71.4 46.0                              9.6                        MAX(MPH)
                                                                      31

[TEMPERATURE DATA]      [PRECIPITATION DATA]

Average Monthly:  58.7  Total for Month:  0.85
Dptr fm Normal:    -4.1  Dptr fm Normal:  -0.19
