000
CXUS56 KTFX 220915
CF6GDV
21
PRELIMINARY LOCAL CLIMATOLOGICAL DATA (WS FORM: F-6)

                                          STATION:   GLENDIVE APT MT
                                          MONTH:     June
                                          YEAR:      2018
                                          LATITUDE:   47.13  N
                                          LONGITUDE: 104.80  W

  TEMPERATURE IN F:       :PCPN:    SNOW:  WIND      :SUNSHINE: SKY     :PK WND
================================================================================
1   2   3   4   5  6A  6B    7    8   9   10  11  12  13   14  15   16   17  18
                                     12Z  AVG MX 2MIN
DY MAX MIN AVG DEP HDD CDD  WTR  SNW DPTH SPD SPD DIR MIN PSBL S-S WX    SPD DR
================================================================================

01  67  52  59  -3   6   0  1.42  M    M 15.8  M   M   M    M   M        39  360
02  70  49  59  -4   6   0  0.00  M    M 19.9  M   M   M    M   M        39  340
03  79  46  62  -1   3   0  0.00  M    M  5.8  M   M   M    M   M        16  340
04  86  52  69   6   0   4 T      M    M  6.8  M   M   M    M   M        40  360
05  76  53  64   0   1   0  0.06  M    M 10.3  M   M   M    M   M        31  360
06  80  49  64   0   1   0  0.00  M    M  8.0  M   M   M    M   M        M     M
07  85  60  72   8   0   7  0.58  M    M 11.4  M   M   M    M   M        26  190
08  82  58  70   6   0   5 T      M    M  6.2  M   M   M    M   M        M     M
09  88  60  74   9   0   9  0.00  M    M  8.8  M   M   M    M   M        26  360
10  78  53  65   0   0   0  0.00  M    M 14.8  M   M   M    M   M        37  330
11  65  50  57  -8   8   0  0.00  M    M 11.4  M   M   M    M   M        30  320
12  70  46  58  -8   7   0  0.00  M    M 12.6  M   M   M    M   M        26  270
13  84  48  66   0   0   1  0.00  M    M  7.2  M   M   M    M   M        M     M
14  83  52  67   1   0   2  0.00  M    M 11.8  M   M   M    M   M        38  360
15  69  48  58  -9   7   0  0.24  M    M  6.3  M   M   M    M   M        M     M
16  57  53  55 -12  10   0  0.59  M    M  8.3  M   M   M    M   M        21  140
17  69  50  59  -8   6   0 T      M    M  6.8  M   M   M    M   M        M     M
18  73  49  61  -6   4   0  0.09  M    M 10.0  M   M   M    M   M        24  180
19  70  54  62  -6   3   0  0.00  M    M  6.8  M   M   M    M   M        M     M
20  79  57  68   0   0   3  0.00  M    M  4.3  M   M   M    M   M        M     M
21  80  53  66  -2   0   1  0.00  M    M  6.3  M   M   M    M   M        M     M
================================================================================
SM 1590 1092         62  32  2.98         199.6
================================================================================
AV 75.7 52.0                              9.5                        MAX(MPH)
                                                                      40

[TEMPERATURE DATA]      [PRECIPITATION DATA]

Average Monthly:  63.9  Total for Month:  2.98
Dptr fm Normal:    -1.8  Dptr fm Normal:  1.28
