000
CXUS56 KTFX 130915
CF6GDV
12
 37  13  25   2   0  40  0.00  M    M 12.7  M   M   M    M   M        29  330
08  52  24  38  15   0  27  0.00  M    M 15.1  M   M   M    M   M        25  330
08  52  24  38  15   0  27  0.00  M    M 15.1  M   M   M    M   M        25  330
   PRELIMINARY LOCAL CLIMATOLOGICAL DATA (WS FORM: F-6)

                                          STATION:   GLENDIVE APT MT
                                          MONTH:     December
                                          YEAR:      2017
                                          LATITUDE:   47.13  N
                                          LONGITUDE: 104.80  W

  TEMPERATURE IN F:       :PCPN:    SNOW:  WIND      :SUNSHINE: SKY     :PK WND
================================================================================
1   2   3   4   5  6A  6B    7    8   9   10  11  12  13   14  15   16   17  18
                                     12Z  AVG MX 2MIN
DY MAX MIN AVG DEP HDD CDD  WTR  SNW DPTH SPD SPD DIR MIN PSBL S-S WX    SPD DR
================================================================================

09  55  35  45  23   0  20  0.00  M    M 15.5  M   M   M    M   M        36  330
09  55  35  45  23   0  20  0.00  M    M 15.5  M   M   M    M   M        36  330
01  52  20  36  11   0  29  0.00  M    M  7.2  M   M   M    M   M        24  300
10  41  23  32  10   0  33  0.00  M    M 16.5  M   M   M    M   M        36  310
10  41  23  32  10   0  33  0.00  M    M 16.5  M   M   M    M   M        36  310
02  43  27  35  10   0  30  0.00  M    M  7.4  M   M   M    M   M        M     M
11  42  24  33  11   0  32  0.00  M    M 17.4  M   M   M    M   M        40  330
11  42  24  33  11   0  32  0.00  M    M 17.4  M   M   M    M   M        40  330
03  32  15  23  -1   0  42  0.00  M    M  7.3  M   M   M    M   M        M     M
12  59  21  40  19   0  25  0.00  M    M 13.6  M   M   M    M   M        38  310
================================================================================
SM 517 245         401  0  0         167.4
================================================================================
AV 43.1 20.4                              13.9                        MAX(MPH)
                                                                      45

12  59  21  40  19   0  25  0.00  M    M 13.6  M   M   M    M   M        38  310
[TEMPERATURE DATA]      [PRECIPITATION DATA]

Average Monthly:  31.8  Total for Month:  0
Dptr fm Normal:    8.4  Dptr fm Normal:  -0.13
04  36  19  27   3   0  38 T      M    M 21.7  M   M   M    M   M        38  340
================================================================================
SM 517 245         401  0  0         167.4
================================================================================
AV 43.1 20.4                              13.9                        MAX(MPH)
                                                                      45

[TEMPERATURE DATA]      [PRECIPITATION DATA]

Average Monthly:  31.8  Total for Month:  0
Dptr fm Normal:    8.4  Dptr fm Normal:  -0.13
05  31  12  21  -3   0  44 T      M    M 19.7  M   M   M    M   M        45  330
06  37  12  24   1   0  41 T      M    M 13.3  M   M   M    M   M        32  350
07  37  13  25   2   0  40  0.00  M    M 12.7  M   M   M    M   M        29  330
08  52  24  38  15   0  27  0.00  M    M 15.1  M   M   M    M   M        25  330
09  55  35  45  23   0  20  0.00  M    M 15.5  M   M   M    M   M        36  330
10  41  23  32  10   0  33  0.00  M    M 16.5  M   M   M    M   M        36  310
11  42  24  33  11   0  32  0.00  M    M 17.4  M   M   M    M   M        40  330
12  59  21  40  19   0  25  0.00  M    M 13.6  M   M   M    M   M        38  310
================================================================================
SM 517 245         401  0  0         167.4
================================================================================
AV 43.1 20.4                              13.9                        MAX(MPH)
                                                                      45

[TEMPERATURE DATA]      [PRECIPITATION DATA]

Average Monthly:  31.8  Total for Month:  0
Dptr fm Normal:    8.4  Dptr fm Normal:  -0.13
