000
CXUS51 KPHI 180800
CF6GED
PRELIMINARY LOCAL CLIMATOLOGICAL DATA (WS FORM: F-6)

                                          STATION:   GEORGETOWN DE
                                          MONTH:     NOVEMBER
                                          YEAR:      2018
                                          LATITUDE:   38 41 N
                                          LONGITUDE:  75 22 W

  TEMPERATURE IN F:       :PCPN:    SNOW:  WIND      :SUNSHINE: SKY     :PK WND
================================================================================
1   2   3   4   5  6A  6B    7    8   9   10  11  12  13   14  15   16   17  18
                                     12Z  AVG MX 2MIN
DY MAX MIN AVG DEP HDD CDD  WTR  SNW DPTH SPD SPD DIR MIN PSBL S-S WX    SPD DR
================================================================================

 1  76  55  66  13   0   1 0.00    M    M 12.7 23 190   M    M   1        32 200
 2  75  69  72  20   0   7 0.08    M    M 15.2 28 210   M    M   7 1      37 210
 3  71  43  57   5   8   0 0.58    M    M   M  21 280   M    M   M 1      34 280
 4  58  36  47  -5  18   0 0.00    M    M   M  10  90   M    M   0        14 130
 5  62  54  58   6   7   0 1.13    M    M  8.6 23 100   M    M   9 1      31 100
 6  75  57  66  15   0   1 0.18    M    M  8.5 22 200   M    M   9 12     31 220
 7  68  49  59   8   6   0 0.00    M    M  4.0 14 240   M    M   1        20 280
 8  59  47  53   2  12   0 0.00    M    M  5.4 15  40   M    M   5        21  20
 9  61  47  54   4  11   0 0.44    M    M  9.1 23 120   M    M   8 1      30 100
10  55  33  44  -6  21   0 0.00    M    M  8.6 22 300   M    M   3        35 310
11  50  30  40 -10  25   0 0.00    M    M  2.3  9  20   M    M   0        15 340
12  53  29  41  -9  24   0 0.27    M    M  2.0  8  90   M    M   3 1      10 130
13  66  47  57   8   8   0 0.22    M    M  8.1 22 170   M    M   9 1      29 160
14  48  40  44  -5  21   0 0.00    M    M  6.1 15  50   M    M   0        20  50
15  57  39  48  -1  17   0 0.87    M    M 15.3 36  70   M    M   8 18     46  70
16  57  39  48   0  17   0 0.02    M    M  9.3 25 220   M    M   4 18     36 210
17  52  35  44  -4  21   0 0.00    M    M  3.5 13 300   M    M   1        19 260
================================================================================
SM 1043  749       216   9  3.79    M    118.7          M       68
================================================================================
AV 61.4 44.1                               7.9 FASTST   M    M   4    MAX(MPH)
                                 MISC ---->  # 36  70               # 46   70
================================================================================
NOTES:
# LAST OF SEVERAL OCCURRENCES

COLUMN 17 PEAK WIND IN M.P.H.

PRELIMINARY LOCAL CLIMATOLOGICAL DATA (WS FORM: F-6) , PAGE 2

                                          STATION:  GEORGETOWN DE
                                          MONTH:    NOVEMBER
                                          YEAR:     2018
                                          LATITUDE:   38 41 N
                                          LONGITUDE:  75 22 W

[TEMPERATURE DATA]      [PRECIPITATION DATA]       SYMBOLS USED IN COLUMN 16

AVERAGE MONTHLY: 52.7   TOTAL FOR MONTH:   3.79    1 = FOG OR MIST
DPTR FM NORMAL:   2.3   DPTR FM NORMAL:    1.86    2 = FOG REDUCING VISIBILITY
HIGHEST:    76 ON  1    GRTST 24HR  1.13 ON  5- 5      TO 1/4 MILE OR LESS
LOWEST:     29 ON 12                               3 = THUNDER
                        SNOW, ICE PELLETS, HAIL    4 = ICE PELLETS
                        TOTAL MONTH:    M          5 = HAIL
                        GRTST 24HR    M  ON   M    6 = FREEZING RAIN OR DRIZZLE
                        GRTST DEPTH:  M  ON   M    7 = DUSTSTORM OR SANDSTORM:
                                                       VSBY 1/2 MILE OR LESS
                                                   8 = SMOKE OR HAZE
[NO. OF DAYS WITH]      [WEATHER - DAYS WITH]      9 = BLOWING SNOW
                                                   X = TORNADO
MAX 32 OR BELOW:   0    0.01 INCH OR MORE:   9
MAX 90 OR ABOVE:   0    0.10 INCH OR MORE:   7
MIN 32 OR BELOW:   2    0.50 INCH OR MORE:   3
MIN  0 OR BELOW:   0    1.00 INCH OR MORE:   1

[HDD (BASE 65) ]
TOTAL THIS MO.   216    CLEAR  (SCALE 0-3)   6
DPTR FM NORMAL   -32    PTCLDY (SCALE 4-7)   7
TOTAL FM JUL 1   420    CLOUDY (SCALE 8-10)  3
DPTR FM NORMAL  -114

[CDD (BASE 65) ]
TOTAL THIS MO.     9
DPTR FM NORMAL     9    [PRESSURE DATA]
TOTAL FM JAN 1  1734    HIGHEST SLP M ON M
DPTR FM NORMAL   540    LOWEST  SLP 29.37 ON 16

[REMARKS]
