000
CXUS55 KRIW 190945
CF6GEY
PRELIMINARY LOCAL CLIMATOLOGICAL DATA (WS FORM: F-6)

                                          STATION:   GREYBULL WY
                                          MONTH:     AUGUST
                                          YEAR:      2018
                                          LATITUDE:   44 30 N
                                          LONGITUDE: 108  4 W

  TEMPERATURE IN F:       :PCPN:    SNOW:  WIND      :SUNSHINE: SKY     :PK WND
================================================================================
1   2   3   4   5  6A  6B    7    8   9   10  11  12  13   14  15   16   17  18
                                     12Z  AVG MX 2MIN
DY MAX MIN AVG DEP HDD CDD  WTR  SNW DPTH SPD SPD DIR MIN PSBL S-S WX    SPD DR
================================================================================

 1  94  65  80   5   0  15 0.00    M    M  6.8 29 290   M    M   1        37 270
 2  97  62  80   5   0  15 0.05    M    M  6.2 45 290   M    M   1 3      55 280
 3  90  57  74  -1   0   9    T    M    M  4.9 29 340   M    M   0 3      36 330
 4  88  53  71  -4   0   6 0.00    M    M  5.1 18 330   M    M   0        23 330
 5  76  54  65  -9   0   0    T    M    M  6.6 23 340   M    M   2 3      29 340
 6  85  47  66  -8   0   1 0.00    M    M  5.5 16 330   M    M   0        21 320
 7  93  50  72  -2   0   7 0.00    M    M  3.5 14  20   M    M   0        19  10
 8  95  55  75   1   0  10 0.00    M    M  3.3 13 360   M    M   0        16  10
 9  98  55  77   3   0  12 0.00    M    M  3.2 14  10   M    M   0        17  10
10  99  56  78   4   0  13 0.00    M    M  2.8 10 340   M    M   0        14 330
11 104  55  80   6   0  15 0.00    M    M  4.0 12 160   M    M   0        16 160
12 105  61  83  10   0  18 0.00    M    M  8.4 29 350   M    M   0        37 330
13  88  64  76   3   0  11 0.01    M    M 12.7 26 300   M    M   0 38     35 310
14  86  55  71  -2   0   6 0.01    M  999  7.6 31 340   M    M   0 3      39 330
15  92  52  72  -1   0   7 0.00    M    M  5.0 16 350   M    M   0        26 350
16  94  51  73   1   0   8 0.00    M    M  1.8 10 270   M    M   0        14 290
17  97  62  80   8   0  15 0.00    M    M  4.0 30 330   M    M   0        37 330
18  79  59  69  -3   0   4 0.39    M    M 14.1 35 320   M    M   5 13     43 330
================================================================================
SM 1660 1013         0 172  0.46    M    105.5          M        9
================================================================================
AV 92.2 56.3                               5.9 FASTST   M    M   1    MAX(MPH)
                                 MISC ---->  # 45 290               # 55  280
================================================================================
NOTES:
# LAST OF SEVERAL OCCURRENCES

COLUMN 17 PEAK WIND IN M.P.H.

PRELIMINARY LOCAL CLIMATOLOGICAL DATA (WS FORM: F-6) , PAGE 2

                                          STATION:  GREYBULL WY
                                          MONTH:    AUGUST
                                          YEAR:     2018
                                          LATITUDE:   44 30 N
                                          LONGITUDE: 108  4 W

[TEMPERATURE DATA]      [PRECIPITATION DATA]       SYMBOLS USED IN COLUMN 16

AVERAGE MONTHLY: 74.3   TOTAL FOR MONTH:   0.46    1 = FOG OR MIST
DPTR FM NORMAL:   0.6   DPTR FM NORMAL:    0.28    2 = FOG REDUCING VISIBILITY
HIGHEST:   105 ON 12    GRTST 24HR  0.39 ON 18-18      TO 1/4 MILE OR LESS
LOWEST:     47 ON  6                               3 = THUNDER
                        SNOW, ICE PELLETS, HAIL    4 = ICE PELLETS
                        TOTAL MONTH:    M          5 = HAIL
                        GRTST 24HR    M  ON   M    6 = FREEZING RAIN OR DRIZZLE
                        GRTST DEPTH: 999 ON 14     7 = DUSTSTORM OR SANDSTORM:
                                                       VSBY 1/2 MILE OR LESS
                                                   8 = SMOKE OR HAZE
[NO. OF DAYS WITH]      [WEATHER - DAYS WITH]      9 = BLOWING SNOW
                                                   X = TORNADO
MAX 32 OR BELOW:   0    0.01 INCH OR MORE:   4
MAX 90 OR ABOVE:  12    0.10 INCH OR MORE:   1
MIN 32 OR BELOW:   0    0.50 INCH OR MORE:   0
MIN  0 OR BELOW:   0    1.00 INCH OR MORE:   0

[HDD (BASE 65) ]
TOTAL THIS MO.     0    CLEAR  (SCALE 0-3)  17
DPTR FM NORMAL     0    PTCLDY (SCALE 4-7)   1
TOTAL FM JUL 1     0    CLOUDY (SCALE 8-10)  0
DPTR FM NORMAL    -6

[CDD (BASE 65) ]
TOTAL THIS MO.   172
DPTR FM NORMAL    13    [PRESSURE DATA]
TOTAL FM JAN 1   648    HIGHEST SLP M ON M
DPTR FM NORMAL    86    LOWEST  SLP 29.67 ON  3

[REMARKS]
