000
CXUS55 KRIW 220945
CF6GEY
PRELIMINARY LOCAL CLIMATOLOGICAL DATA (WS FORM: F-6)

                                          STATION:   GREYBULL WY
                                          MONTH:     OCTOBER
                                          YEAR:      2018
                                          LATITUDE:   44 30 N
                                          LONGITUDE: 108  4 W

  TEMPERATURE IN F:       :PCPN:    SNOW:  WIND      :SUNSHINE: SKY     :PK WND
================================================================================
1   2   3   4   5  6A  6B    7    8   9   10  11  12  13   14  15   16   17  18
                                     12Z  AVG MX 2MIN
DY MAX MIN AVG DEP HDD CDD  WTR  SNW DPTH SPD SPD DIR MIN PSBL S-S WX    SPD DR
================================================================================

 1  68  31  50  -2  15   0 0.00    M    M  2.6  9 260   M    M   0        11 250
 2  87  40  64  13   1   0    T    M    M  4.8 20 340   M    M   2        25 150
 3  63  35  49  -2  16   0    T    M    0 14.1 43 330   M    M   4        53 320
 4  63  35  49  -1  16   0    T    M    M  5.5 28 320   M    M   4        34 320
 5  56  39  48  -2  17   0    T    M    M 11.7 30 330   M    M   5        36 330
 6  60  38  49  -1  16   0 0.00    M    M  4.2 15 290   M    M   5        18 300
 7  52  39  46  -3  19   0    T    M    M  8.4 28 330   M    M   7        33 340
 8  50  32  41  -8  24   0 0.00    M    M  6.1 13 300   M    M   6        17 300
 9  51  36  44  -5  21   0 0.00    M    M  4.0 15 340   M    M  10        18 340
10  44  37  41  -7  24   0 0.00    M    M  5.3 14 290   M    M  10        17 300
11  45  27  36 -12  29   0    T    M    M  5.3 15 330   M    M   7        18 330
12  60  25  43  -5  22   0 0.00    M    M  5.8 15 160   M    M   0        19 150
13  42  26  34 -13  31   0 0.08    M    M 16.9 35 340   M    M   8 12     45 340
14  38  22  30 -17  35   0 0.00    M    M  8.7 20 330   M    M   3        24 340
15  45  17  31 -15  34   0 0.00    M    M  4.0 12 130   M    M   1        15 150
16  57  23  40  -6  25   0 0.00    M    M  1.5  9 110   M    M   3        12 110
17  64  24  44  -2  21   0 0.00    M    M  2.7  8 130   M    M   0 1      12 140
18  68  25  47   2  18   0 0.00    M    M  3.3 12 160   M    M   0        14 170
19  66  27  47   2  18   0 0.00    M    M  2.3  8 110   M    M   1        11  90
20  71  27  49   4  16   0 0.00    M    M  3.8 12 170   M    M   0        15 170
21  72  30  51   7  14   0 0.00    M    M  2.8  9 120   M    M   0        12 120
================================================================================
SM 1222  635       432   0  0.08    M    123.8          M       76
================================================================================
AV 58.2 30.2                               5.9 FASTST   M    M   4    MAX(MPH)
                                 MISC ---->  # 43 330               # 53  320
================================================================================
NOTES:
# LAST OF SEVERAL OCCURRENCES

COLUMN 17 PEAK WIND IN M.P.H.

PRELIMINARY LOCAL CLIMATOLOGICAL DATA (WS FORM: F-6) , PAGE 2

                                          STATION:  GREYBULL WY
                                          MONTH:    OCTOBER
                                          YEAR:     2018
                                          LATITUDE:   44 30 N
                                          LONGITUDE: 108  4 W

[TEMPERATURE DATA]      [PRECIPITATION DATA]       SYMBOLS USED IN COLUMN 16

AVERAGE MONTHLY: 44.2   TOTAL FOR MONTH:   0.08    1 = FOG OR MIST
DPTR FM NORMAL:  -3.7   DPTR FM NORMAL:   -0.41    2 = FOG REDUCING VISIBILITY
HIGHEST:    87 ON  2    GRTST 24HR  0.08 ON 13-13      TO 1/4 MILE OR LESS
LOWEST:     17 ON 15                               3 = THUNDER
                        SNOW, ICE PELLETS, HAIL    4 = ICE PELLETS
                        TOTAL MONTH:    M          5 = HAIL
                        GRTST 24HR    M  ON   M    6 = FREEZING RAIN OR DRIZZLE
                        GRTST DEPTH:   0           7 = DUSTSTORM OR SANDSTORM:
                                                       VSBY 1/2 MILE OR LESS
                                                   8 = SMOKE OR HAZE
[NO. OF DAYS WITH]      [WEATHER - DAYS WITH]      9 = BLOWING SNOW
                                                   X = TORNADO
MAX 32 OR BELOW:   0    0.01 INCH OR MORE:   1
MAX 90 OR ABOVE:   0    0.10 INCH OR MORE:   0
MIN 32 OR BELOW:  13    0.50 INCH OR MORE:   0
MIN  0 OR BELOW:   0    1.00 INCH OR MORE:   0

[HDD (BASE 65) ]
TOTAL THIS MO.   432    CLEAR  (SCALE 0-3)  11
DPTR FM NORMAL    74    PTCLDY (SCALE 4-7)   8
TOTAL FM JUL 1   608    CLOUDY (SCALE 8-10)  2
DPTR FM NORMAL    19

[CDD (BASE 65) ]
TOTAL THIS MO.     0
DPTR FM NORMAL     0    [PRESSURE DATA]
TOTAL FM JAN 1   703    HIGHEST SLP M ON M
DPTR FM NORMAL    34    LOWEST  SLP 29.46 ON  3

[REMARKS]
