000
CXUS53 KIND 180730
CF6GEZ
PRELIMINARY LOCAL CLIMATOLOGICAL DATA (WS FORM: F-6)

                                          STATION:   SHELBYVILLE IN
                                          MONTH:     FEBRUARY
                                          YEAR:      2019
                                          LATITUDE:   39 35 N
                                          LONGITUDE:  85 48 W

  TEMPERATURE IN F:       :PCPN:    SNOW:  WIND      :SUNSHINE: SKY     :PK WND
================================================================================
1   2   3   4   5  6A  6B    7    8   9   10  11  12  13   14  15   16   17  18
                                     12Z  AVG MX 2MIN
DY MAX MIN AVG DEP HDD CDD  WTR  SNW DPTH SPD SPD DIR MIN PSBL S-S WX    SPD DR
================================================================================

 1  28  13  21  -8  44   0 0.14    M    M  5.2 12  50   M    M   7 18     16  40
 2  41  13  27  -2  38   0 0.00    M    M  7.3 13 190   M    M   6 128    16 190
 3  61  35  48  19  17   0 0.00    M    M  9.7 15 190   M    M   4 1      19 180
 4  53  43  48  18  17   0 0.09    M    M 10.7 20 180   M    M   7 12     26 190
 5  51  32  42  12  23   0 0.13    M    M  7.9 14 100   M    M  10 12     18  90
 6  54  41  48  18  17   0 1.30    M    M  5.9 28 310   M    M  10 123    36 310
 7  60  27  44  14  21   0 2.06    M    M 12.8 31 270   M    M  10 123    46 250
 8  27  17  22  -8  43   0    T    M    M 17.7 32 260   M    M   7        42 260
 9  29  13  21  -9  44   0    T    M    M  7.9 15 310   M    M   0        19 320
10  35  21  28  -2  37   0 0.12    M    M  8.4 15 170   M    M   7 1      19 170
11  40  34  37   7  28   0 0.24    M    M  8.4 20  90   M    M  10 12     26  80
12  47  28  38   7  27   0 0.58    M    M 15.0 35 260   M    M  10 12     50 250
13  34  23  29  -2  36   0    T    M    M 16.5 31 260   M    M   5        43 270
14  51  32  42  11  23   0 0.00    M    M 13.4 21 170   M    M   3        34 160
15  50  25  38   7  27   0 0.00    M    M 12.3 21 270   M    M   4 18     28 260
16  33  22  28  -4  37   0 0.00    M    M 11.2 20  60   M    M   4        25  60
17  32  25  29  -3  36   0 0.02    M    M  9.4 20  80   M    M   8 16     26  80
================================================================================
SM  726  444       515   0  4.68    M    179.7          M      112
================================================================================
AV 42.7 26.1                              10.6 FASTST   M    M   7    MAX(MPH)
                                 MISC ---->  # 35 260               # 50  250
================================================================================
NOTES:
# LAST OF SEVERAL OCCURRENCES

COLUMN 17 PEAK WIND IN M.P.H.

PRELIMINARY LOCAL CLIMATOLOGICAL DATA (WS FORM: F-6) , PAGE 2

                                          STATION:  SHELBYVILLE IN
                                          MONTH:    FEBRUARY
                                          YEAR:     2019
                                          LATITUDE:   39 35 N
                                          LONGITUDE:  85 48 W

[TEMPERATURE DATA]      [PRECIPITATION DATA]       SYMBOLS USED IN COLUMN 16

AVERAGE MONTHLY: 34.4   TOTAL FOR MONTH:   4.68    1 = FOG OR MIST
DPTR FM NORMAL:   4.1   DPTR FM NORMAL:    3.22    2 = FOG REDUCING VISIBILITY
HIGHEST:    61 ON  3    GRTST 24HR  2.06 ON  7- 7      TO 1/4 MILE OR LESS
LOWEST:     13 ON  9, 2                            3 = THUNDER
                        SNOW, ICE PELLETS, HAIL    4 = ICE PELLETS
                        TOTAL MONTH:    M          5 = HAIL
                        GRTST 24HR    M  ON   M    6 = FREEZING RAIN OR DRIZZLE
                        GRTST DEPTH:  M  ON   M    7 = DUSTSTORM OR SANDSTORM:
                                                       VSBY 1/2 MILE OR LESS
                                                   8 = SMOKE OR HAZE
[NO. OF DAYS WITH]      [WEATHER - DAYS WITH]      9 = BLOWING SNOW
                                                   X = TORNADO
MAX 32 OR BELOW:   4    0.01 INCH OR MORE:   9
MAX 90 OR ABOVE:   0    0.10 INCH OR MORE:   7
MIN 32 OR BELOW:  13    0.50 INCH OR MORE:   3
MIN  0 OR BELOW:   0    1.00 INCH OR MORE:   2

[HDD (BASE 65) ]
TOTAL THIS MO.   515    CLEAR  (SCALE 0-3)   2
DPTR FM NORMAL   -74    PTCLDY (SCALE 4-7)   9
TOTAL FM JUL 1  3659    CLOUDY (SCALE 8-10)  6
DPTR FM NORMAL  -159

[CDD (BASE 65) ]
TOTAL THIS MO.     0
DPTR FM NORMAL     0    [PRESSURE DATA]
TOTAL FM JAN 1     0    HIGHEST SLP M ON M
DPTR FM NORMAL     0    LOWEST  SLP 29.57 ON  7

[REMARKS]
