000
CXUS53 KIND 260730
CF6GEZ
PRELIMINARY LOCAL CLIMATOLOGICAL DATA (WS FORM: F-6)

                                          STATION:   SHELBYVILLE IN
                                          MONTH:     JUNE
                                          YEAR:      2019
                                          LATITUDE:   39 35 N
                                          LONGITUDE:  85 48 W

  TEMPERATURE IN F:       :PCPN:    SNOW:  WIND      :SUNSHINE: SKY     :PK WND
================================================================================
1   2   3   4   5  6A  6B    7    8   9   10  11  12  13   14  15   16   17  18
                                     12Z  AVG MX 2MIN
DY MAX MIN AVG DEP HDD CDD  WTR  SNW DPTH SPD SPD DIR MIN PSBL S-S WX    SPD DR
================================================================================

 1  83  61  72   4   0   7 0.00    M    M  8.3 20 230   M    M   0        29 240
 2  78  55  67  -1   0   2 0.00    M    M  9.7 18 350   M    M   2        27 350
 3  77  50  64  -4   1   0 0.00    M    M  2.5 12 270   M    M   0        16 310
 4  82  58  70   1   0   5 0.00    M    M  8.8 21 200   M    M   0        29 180
 5  89  68  79  10   0  14 0.11    M    M  9.7 32 360   M    M   7 38     49  10
 6  87  65  76   7   0  11 0.00    M    M  5.4 14  60   M    M   4 12     20  50
 7  84  66  75   5   0  10 0.00    M    M 14.0 22  60   M    M   0 8      30  60
 8  81  68  75   5   0  10    T    M    M 15.4 22  90   M    M   7        30 100
 9  79  68  74   4   0   9 0.80    M    M  8.4 15 110   M    M   9 1      21  90
10  74  56  65  -5   0   0 0.02    M    M 10.4 25 320   M    M   6 18     33 330
11  79  50  65  -6   0   0 0.00    M    M  3.2 12 130   M    M   0        17 130
12  80  54  67  -4   0   2    T    M    M  6.9 23 270   M    M   2        32 290
13  69  51  60 -11   5   0 0.13    M    M 13.0 29 300   M    M   8 1      43 290
14  78  47  63  -8   2   0    T    M    M 10.4 21 220   M    M   1 8      31 230
15  75  62  69  -3   0   4 0.31    M    M  9.9 20 210   M    M   8 123    27 200
16  82  68  75   3   0  10 0.12    M    M  9.4 20 210   M    M   4 13     25 200
17  77  69  73   1   0   8    M    M    M  4.6 12 190   M    M  10 13     14 190
18  86  68  77   5   0  12 0.54    M    M  3.4 16  20   M    M   8 1      20  40
19  83  68  76   4   0  11 0.19    M    M  4.9 20 200   M    M   5 138    28 200
20  73  64  69  -4   0   4    T    M    M 12.2 22 290   M    M   9 18     31 290
21  80  59  70  -3   0   5    T    M    M  5.0 16 130   M    M   5 18     21 130
22  77  65  71  -2   0   6 0.02    M    M  7.1 20 110   M    M   5 3      26 110
23  84  64  74   1   0   9 0.09    M    M 11.3 37 210   M    M   2 3      52 200
24  78  68  73   0   0   8 0.21    M    M 10.5 20 220   M    M   4 1      26 170
25  84  63  74   0   0   9 0.00    M    M 10.0 18 210   M    M   0        24 210
================================================================================
SM 1999 1535         8 156  2.54    M    214.4          M      106
================================================================================
AV 80.0 61.4                               8.6 FASTST   M    M   4    MAX(MPH)
                                 MISC ---->  # 37 210               # 52  200
================================================================================
NOTES:
# LAST OF SEVERAL OCCURRENCES

COLUMN 17 PEAK WIND IN M.P.H.

PRELIMINARY LOCAL CLIMATOLOGICAL DATA (WS FORM: F-6) , PAGE 2

                                          STATION:  SHELBYVILLE IN
                                          MONTH:    JUNE
                                          YEAR:     2019
                                          LATITUDE:   39 35 N
                                          LONGITUDE:  85 48 W

[TEMPERATURE DATA]      [PRECIPITATION DATA]       SYMBOLS USED IN COLUMN 16

AVERAGE MONTHLY: 70.7   TOTAL FOR MONTH:   2.54    1 = FOG OR MIST
DPTR FM NORMAL:  -0.3   DPTR FM NORMAL:   -1.22    2 = FOG REDUCING VISIBILITY
HIGHEST:    89 ON  5    GRTST 24HR  0.80 ON  9- 9      TO 1/4 MILE OR LESS
LOWEST:     47 ON 14                               3 = THUNDER
                        SNOW, ICE PELLETS, HAIL    4 = ICE PELLETS
                        TOTAL MONTH:    M          5 = HAIL
                        GRTST 24HR    M  ON   M    6 = FREEZING RAIN OR DRIZZLE
                        GRTST DEPTH:  M  ON   M    7 = DUSTSTORM OR SANDSTORM:
                                                       VSBY 1/2 MILE OR LESS
                                                   8 = SMOKE OR HAZE
[NO. OF DAYS WITH]      [WEATHER - DAYS WITH]      9 = BLOWING SNOW
                                                   X = TORNADO
MAX 32 OR BELOW:   0    0.01 INCH OR MORE:  11
MAX 90 OR ABOVE:   0    0.10 INCH OR MORE:   8
MIN 32 OR BELOW:   0    0.50 INCH OR MORE:   2
MIN  0 OR BELOW:   0    1.00 INCH OR MORE:   0

[HDD (BASE 65) ]
TOTAL THIS MO.     8    CLEAR  (SCALE 0-3)  10
DPTR FM NORMAL    -3    PTCLDY (SCALE 4-7)  12
TOTAL FM JUL 1  5194    CLOUDY (SCALE 8-10)  3
DPTR FM NORMAL  -212

[CDD (BASE 65) ]
TOTAL THIS MO.   156
DPTR FM NORMAL    -9    [PRESSURE DATA]
TOTAL FM JAN 1   290    HIGHEST SLP M ON M
DPTR FM NORMAL    44    LOWEST  SLP 29.54 ON 20

[REMARKS]
