000
CXUS53 KFGF 220915
CF6GFK
PRELIMINARY LOCAL CLIMATOLOGICAL DATA (WS FORM: F-6)

                                          STATION:   GRAND FORKS INTL AP ND
                                          MONTH:     OCTOBER
                                          YEAR:      2018
                                          LATITUDE:   47 57 N
                                          LONGITUDE:  97 11 W

  TEMPERATURE IN F:       :PCPN:    SNOW:  WIND      :SUNSHINE: SKY     :PK WND
================================================================================
1   2   3   4   5  6A  6B    7    8   9   10  11  12  13   14  15   16   17  18
                                     12Z  AVG MX 2MIN
DY MAX MIN AVG DEP HDD CDD  WTR  SNW DPTH SPD SPD DIR MIN PSBL S-S WX    SPD DR
================================================================================

 1  56  36  46  -4  19   0 0.00  0.0    0  8.6 18 180   M    M   7        29 180
 2  58  39  49  -1  16   0 0.00  0.0    0 12.4 22 190   M    M   8 18     29 160
 3  51  29  40  -9  25   0 0.57    M    0 13.0 33 330   M    M   9 1      45 330
 4  44  26  35 -14  30   0 0.33  1.0    0  6.7 16 190   M    M   5 1      21 190
 5  37  31  34 -14  31   0 0.27    M    2  7.7 17 320   M    M  10 1      24 310
 6  38  32  35 -13  30   0 0.00  0.0    0  7.4 20 330   M    M  10        25 320
 7  43  34  39  -8  26   0 0.12  0.0    0  5.5 10  10   M    M  10        13  10
 8  42  39  41  -6  24   0 0.40  0.0    0 10.2 16  30   M    M   9 1      20  20
 9  43  37  40  -6  25   0 0.02  0.0    0 15.5 26  20   M    M  10        35  20
10  37  28  33 -13  32   0 0.61  6.5    0 23.9 32 350   M    M  10 12     41 350
11  30  13  22 -24  43   0    T    T    6 10.2 23 340   M    M   8 1      32 330
12  41   9  25 -20  40   0 0.00  0.0    4  8.1 17 170   M    M   4 1      27 180
13  41  32  37  -8  28   0 0.05  0.0    0 15.7 29 340   M    M   8 1      39 320
14  37  30  34 -10  31   0    T    T    0 13.9 24 290   M    M   9 1      31 270
15  49  19  34 -10  31   0 0.00  0.0    0 12.2 26 210   M    M   6        35 210
16  41  31  36  -7  29   0 0.00  0.0    0  8.9 18 320   M    M   7        25 310
17  50  23  37  -6  28   0 0.00  0.0    0  7.4 16 190   M    M   1        22 180
18  76  33  55  13  10   0    T    M    0 12.5 24 240   M    M   1        34 230
19  58  34  46   4  19   0 0.03    M    0 16.4 40 340   M    M   4 1      60 350
20  40  24  32  -9  33   0 0.00  0.0    0 11.8 26 340   M    M   4        36 330
21  62  26  44   3  21   0 0.00  0.0    0  9.6 20 180   M    M   1 8      27 180
================================================================================
SM  974  605       571   0  2.40     7.5 237.6          M      141
================================================================================
AV 46.4 28.8                              11.3 FASTST   M    M   7    MAX(MPH)
                                 MISC ---->  # 40 340               # 60  350
================================================================================
NOTES:
# LAST OF SEVERAL OCCURRENCES

COLUMN 17 PEAK WIND IN M.P.H.

PRELIMINARY LOCAL CLIMATOLOGICAL DATA (WS FORM: F-6) , PAGE 2

                                          STATION:  GRAND FORKS INTL AP ND
                                          MONTH:    OCTOBER
                                          YEAR:     2018
                                          LATITUDE:   47 57 N
                                          LONGITUDE:  97 11 W

[TEMPERATURE DATA]      [PRECIPITATION DATA]       SYMBOLS USED IN COLUMN 16

AVERAGE MONTHLY: 37.6   TOTAL FOR MONTH:   2.40    1 = FOG OR MIST
DPTR FM NORMAL:  -7.9   DPTR FM NORMAL:    0.97    2 = FOG REDUCING VISIBILITY
HIGHEST:    76 ON 18    GRTST 24HR  0.61 ON 10-10      TO 1/4 MILE OR LESS
LOWEST:      9 ON 12                               3 = THUNDER
                        SNOW, ICE PELLETS, HAIL    4 = ICE PELLETS
                        TOTAL MONTH:   7.5 INCHES  5 = HAIL
                        GRTST 24HR   6.5 ON 10-10  6 = FREEZING RAIN OR DRIZZLE
                        GRTST DEPTH:   6 ON 11     7 = DUSTSTORM OR SANDSTORM:
                                                       VSBY 1/2 MILE OR LESS
                                                   8 = SMOKE OR HAZE
[NO. OF DAYS WITH]      [WEATHER - DAYS WITH]      9 = BLOWING SNOW
                                                   X = TORNADO
MAX 32 OR BELOW:   1    0.01 INCH OR MORE:   9
MAX 90 OR ABOVE:   0    0.10 INCH OR MORE:   6
MIN 32 OR BELOW:  14    0.50 INCH OR MORE:   2
MIN  0 OR BELOW:   0    1.00 INCH OR MORE:   0

[HDD (BASE 65) ]
TOTAL THIS MO.   571    CLEAR  (SCALE 0-3)   3
DPTR FM NORMAL   161    PTCLDY (SCALE 4-7)  10
TOTAL FM JUL 1   916    CLOUDY (SCALE 8-10)  8
DPTR FM NORMAL   155

[CDD (BASE 65) ]
TOTAL THIS MO.     0
DPTR FM NORMAL     0    [PRESSURE DATA]
TOTAL FM JAN 1   519    HIGHEST SLP M ON M
DPTR FM NORMAL   141    LOWEST  SLP 29.48 ON 13

[REMARKS]
