000
CXUS55 KALY 190710
CF6GFL
PRELIMINARY LOCAL CLIMATOLOGICAL DATA (WS FORM: F-6)

                                          STATION:   GLENS FALLS NY
                                          MONTH:     JULY
                                          YEAR:      2018
                                          LATITUDE:   43 20 N
                                          LONGITUDE:  73 37 W

  TEMPERATURE IN F:       :PCPN:    SNOW:  WIND      :SUNSHINE: SKY     :PK WND
================================================================================
1   2   3   4   5  6A  6B    7    8   9   10  11  12  13   14  15   16   17  18
                                     12Z  AVG MX 2MIN
DY MAX MIN AVG DEP HDD CDD  WTR  SNW DPTH SPD SPD DIR MIN PSBL S-S WX    SPD DR
================================================================================

 1  92  67  80  12   0  15 0.00    M    M  2.7 13 140   M    M   0 1      17 170
 2  92  73  83  15   0  18    T    M    M  6.7 17 150   M    M   1 13     23 150
 3  91  68  80  12   0  15 0.00    M    M  2.1  9  50   M    M   1        12  60
 4  93  65  79  11   0  14 0.00    M    M  4.1  9 140   M    M   0        12 130
 5  90  70  80  12   0  15 0.05    M    M  7.8 17 200   M    M   2 3      24 210
 6  84  58  71   3   0   6 0.17    M    M 10.7 24 350   M    M   3 13     32 350
 7  77  46  62  -6   3   0 0.00    M    M  3.0 14 160   M    M   0 1      17 160
 8  82  48  65  -4   0   0 0.00    M    M  4.2 15 150   M    M   0 12     18 160
 9  89  53  71   2   0   6 0.00    M    M  4.9 14 230   M    M   0 1      20 230
10  89  54  72   3   0   7    T    M    M  5.1 21 320   M    M   1 123    30 310
11  80  51  66  -3   0   1 0.00  0.0    0  7.6 17  50   M    M   2 1      24  20
12  83  47  65  -4   0   0 0.00    M    M  2.5 14 160   M    M   1 1      17 160
13  84  52  68  -1   0   3 0.00    M    M  1.4 10 120   M    M   0 1      13 110
14  81  57  69   0   0   4 0.05    M    M  3.4 12 360   M    M   8 1      14 180
15  87  67  77   8   0  12 0.00    M    M  4.0 20  50   M    M   4 13     26  60
16  93  61  77   8   0  12 0.00    M    M  4.0 15 210   M    M   0 13     18 210
17  79  64  72   3   0   7 0.30  0.0    0  5.9 15 160   M    M   6 13     17 170
18  78  50  64  -5   1   0 0.00    M    M  7.0 14  50   M    M   1 1      19  50
================================================================================
SM 1544 1051         4 135  0.57     0.0  87.1          M       30
================================================================================
AV 85.8 58.4                               4.8 FASTST   M    M   2    MAX(MPH)
                                 MISC ---->  # 24 350               # 32  350
================================================================================
NOTES:
# LAST OF SEVERAL OCCURRENCES

COLUMN 17 PEAK WIND IN M.P.H.

PRELIMINARY LOCAL CLIMATOLOGICAL DATA (WS FORM: F-6) , PAGE 2

                                          STATION:  GLENS FALLS NY
                                          MONTH:    JULY
                                          YEAR:     2018
                                          LATITUDE:   43 20 N
                                          LONGITUDE:  73 37 W

[TEMPERATURE DATA]      [PRECIPITATION DATA]       SYMBOLS USED IN COLUMN 16

AVERAGE MONTHLY: 72.1   TOTAL FOR MONTH:   0.57    1 = FOG OR MIST
DPTR FM NORMAL:   3.5   DPTR FM NORMAL:   -1.75    2 = FOG REDUCING VISIBILITY
HIGHEST:    93 ON 16, 4 GRTST 24HR  0.30 ON 17-17      TO 1/4 MILE OR LESS
LOWEST:     46 ON  7                               3 = THUNDER
                        SNOW, ICE PELLETS, HAIL    4 = ICE PELLETS
                        TOTAL MONTH:   0.0 INCH    5 = HAIL
                        GRTST 24HR     0.0         6 = FREEZING RAIN OR DRIZZLE
                        GRTST DEPTH:   0           7 = DUSTSTORM OR SANDSTORM:
                                                       VSBY 1/2 MILE OR LESS
                                                   8 = SMOKE OR HAZE
[NO. OF DAYS WITH]      [WEATHER - DAYS WITH]      9 = BLOWING SNOW
                                                   X = TORNADO
MAX 32 OR BELOW:   0    0.01 INCH OR MORE:   4
MAX 90 OR ABOVE:   6    0.10 INCH OR MORE:   2
MIN 32 OR BELOW:   0    0.50 INCH OR MORE:   0
MIN  0 OR BELOW:   0    1.00 INCH OR MORE:   0

[HDD (BASE 65) ]
TOTAL THIS MO.     4    CLEAR  (SCALE 0-3)  14
DPTR FM NORMAL   -14    PTCLDY (SCALE 4-7)   4
TOTAL FM JUL 1     4    CLOUDY (SCALE 8-10)  0
DPTR FM NORMAL   -14

[CDD (BASE 65) ]
TOTAL THIS MO.   135
DPTR FM NORMAL    53    [PRESSURE DATA]
TOTAL FM JAN 1   207    HIGHEST SLP M ON M
DPTR FM NORMAL    44    LOWEST  SLP 29.74 ON 17

[REMARKS]
