000
CXUS55 KALY 170710
CF6GFL
PRELIMINARY LOCAL CLIMATOLOGICAL DATA (WS FORM: F-6)

                                          STATION:   GLENS FALLS NY
                                          MONTH:     OCTOBER
                                          YEAR:      2018
                                          LATITUDE:   43 20 N
                                          LONGITUDE:  73 37 W

  TEMPERATURE IN F:       :PCPN:    SNOW:  WIND      :SUNSHINE: SKY     :PK WND
================================================================================
1   2   3   4   5  6A  6B    7    8   9   10  11  12  13   14  15   16   17  18
                                     12Z  AVG MX 2MIN
DY MAX MIN AVG DEP HDD CDD  WTR  SNW DPTH SPD SPD DIR MIN PSBL S-S WX    SPD DR
================================================================================

 1  55  50  53   1  12   0 0.22    M    M  5.0 13  50   M    M  10 1      16  50
 2  58  49  54   2  11   0 0.70    M    M  0.6  6  90   M    M  10 1       7 100
 3  59  53  56   5   9   0 0.01    M    M  3.2 12  60   M    M  10 12     13  50
 4  67  50  59   8   6   0 0.07  0.0    0  6.5 15 310   M    M   7 12     21 310
 5  58  43  51   1  14   0 0.00    M    M  7.6 18  40   M    M   1        23  40
 6  62  43  53   3  12   0    T    M    M  3.6 12 210   M    M  10 1      16 210
 7  63  50  57   7   8   0 0.09    M    M  6.9 13  40   M    M  10 1      16  70
 8  60  47  54   5  11   0 0.02    M    M  2.6 12 190   M    M  10 1      16 190
 9  77  59  68  19   0   3 0.00    M    M  7.6 14 200   M    M   6 1      18 190
10  80  61  71  23   0   6 0.00    M    M  4.5 15 190   M    M   6 1      19 190
11  71  60  66  18   0   1 0.76    M    M  8.0 16 200   M    M  10 1      23 220
12  60  44  52   4  13   0 0.00    M    M  7.1 20 320   M    M   7        24 270
13  52  36  44  -4  21   0 0.04    M    M  4.4 12 270   M    M   7        19 220
14  57  31  44  -3  21   0 0.00    M    M  3.8 15 140   M    M   1 1      20 190
15  58  32  45  -2  20   0 0.16    M    M  3.9 24 280   M    M   8 1      32 290
16  53  39  46   0  19   0 0.00    M    M  8.9 22 280   M    M   3        37 300
================================================================================
SM  990  747       177  10  2.07     0.0  84.2          M      116
================================================================================
AV 61.9 46.7                               5.3 FASTST   M    M   7    MAX(MPH)
                                 MISC ---->  # 24 280               # 37  300
================================================================================
NOTES:
# LAST OF SEVERAL OCCURRENCES

COLUMN 17 PEAK WIND IN M.P.H.

PRELIMINARY LOCAL CLIMATOLOGICAL DATA (WS FORM: F-6) , PAGE 2

                                          STATION:  GLENS FALLS NY
                                          MONTH:    OCTOBER
                                          YEAR:     2018
                                          LATITUDE:   43 20 N
                                          LONGITUDE:  73 37 W

[TEMPERATURE DATA]      [PRECIPITATION DATA]       SYMBOLS USED IN COLUMN 16

AVERAGE MONTHLY: 54.3   TOTAL FOR MONTH:   2.07    1 = FOG OR MIST
DPTR FM NORMAL:   5.2   DPTR FM NORMAL:    0.22    2 = FOG REDUCING VISIBILITY
HIGHEST:    80 ON 10    GRTST 24HR  0.76 ON 11-11      TO 1/4 MILE OR LESS
LOWEST:     31 ON 14                               3 = THUNDER
                        SNOW, ICE PELLETS, HAIL    4 = ICE PELLETS
                        TOTAL MONTH:   0.0 INCH    5 = HAIL
                        GRTST 24HR     0.0         6 = FREEZING RAIN OR DRIZZLE
                        GRTST DEPTH:   0           7 = DUSTSTORM OR SANDSTORM:
                                                       VSBY 1/2 MILE OR LESS
                                                   8 = SMOKE OR HAZE
[NO. OF DAYS WITH]      [WEATHER - DAYS WITH]      9 = BLOWING SNOW
                                                   X = TORNADO
MAX 32 OR BELOW:   0    0.01 INCH OR MORE:   9
MAX 90 OR ABOVE:   0    0.10 INCH OR MORE:   4
MIN 32 OR BELOW:   2    0.50 INCH OR MORE:   2
MIN  0 OR BELOW:   0    1.00 INCH OR MORE:   0

[HDD (BASE 65) ]
TOTAL THIS MO.   177    CLEAR  (SCALE 0-3)   3
DPTR FM NORMAL   -77    PTCLDY (SCALE 4-7)   6
TOTAL FM JUL 1   327    CLOUDY (SCALE 8-10)  7
DPTR FM NORMAL  -212

[CDD (BASE 65) ]
TOTAL THIS MO.    10
DPTR FM NORMAL    10    [PRESSURE DATA]
TOTAL FM JAN 1   600    HIGHEST SLP M ON M
DPTR FM NORMAL   249    LOWEST  SLP 29.55 ON 11

[REMARKS]
