000
CXUS55 KTBW 161000
CF6GIF
PRELIMINARY LOCAL CLIMATOLOGICAL DATA (WS FORM: F-6)

                                          STATION:   Winter Haven
                                          MONTH:     JULY
                                          YEAR:      2018
                                          LATITUDE:   28  4 N
                                          LONGITUDE:  81 45 W

  TEMPERATURE IN F:       :PCPN:    SNOW:  WIND      :SUNSHINE: SKY     :PK WND
================================================================================
1   2   3   4   5  6A  6B    7    8   9   10  11  12  13   14  15   16   17  18
                                     12Z  AVG MX 2MIN
DY MAX MIN AVG DEP HDD CDD  WTR  SNW DPTH SPD SPD DIR MIN PSBL S-S WX    SPD DR
================================================================================

 1  90  75  83   0   0  18 0.24  0.0    0  5.4 20 120   M    M   1 13     25 240
 2  94  75  85   2   0  20 0.00  0.0    0  4.1 18  70   M    M   1        23  90
 3  93  73  83   0   0  18 0.04  0.0    0  4.1 25  30   M    M   2 13     33  30
 4  89  73  81  -2   0  16 0.10  0.0    0  4.2 23  90   M    M   4 138    29  90
 5  90  71  81  -2   0  16 0.80  0.0    0  5.1 21  90   M    M   5 13     26 250
 6  89  73  81  -2   0  16 0.18  0.0    0  3.1 16  50   M    M   1 13     20 240
 7  91  72  82  -1   0  17 0.00  0.0    0  3.9 17 220   M    M   1 3      22 220
 8  91  73  82  -1   0  17 0.00  0.0    0  2.9  9 340   M    M   1        14 340
 9  92  76  84   1   0  19    T  0.0    0  6.1 16 350   M    M   1 3      21  40
10  93  75  84   1   0  19 0.00  0.0    0  4.7 14  50   M    M   2 13     17  60
11  95  77  86   3   0  21 0.00  0.0    0  4.8 16 180   M    M   3 3      19 170
12  96  75  86   3   0  21 0.00  0.0    0  3.4 14 330   M    M   1        18 310
13  96  77  87   4   0  22 0.00  0.0    0  4.1 21 270   M    M   1 3      28 270
14  95  75  85   2   0  20    T  0.0    0  3.4 14 230   M    M   2 13     17 230
15  95  76  86   3   0  21    T  0.0    0  3.4 14 320   M    M   2 3      17 310
================================================================================
SM 1389 1116         0 281  1.36     0.0  62.7          M       28
================================================================================
AV 92.6 74.4                               4.2 FASTST   M    M   2    MAX(MPH)
                                 MISC ---->  # 25  30               # 33   30
================================================================================
NOTES:
# LAST OF SEVERAL OCCURRENCES

COLUMN 17 PEAK WIND IN M.P.H.

PRELIMINARY LOCAL CLIMATOLOGICAL DATA (WS FORM: F-6) , PAGE 2

                                          STATION:  Winter Haven
                                          MONTH:    JULY
                                          YEAR:     2018
                                          LATITUDE:   28  4 N
                                          LONGITUDE:  81 45 W

[TEMPERATURE DATA]      [PRECIPITATION DATA]       SYMBOLS USED IN COLUMN 16

AVERAGE MONTHLY: 83.5   TOTAL FOR MONTH:   1.36    1 = FOG OR MIST
DPTR FM NORMAL:   0.5   DPTR FM NORMAL:   -2.21    2 = FOG REDUCING VISIBILITY
HIGHEST:    96 ON 13,12 GRTST 24HR  0.80 ON  5- 5      TO 1/4 MILE OR LESS
LOWEST:     71 ON  5                               3 = THUNDER
                        SNOW, ICE PELLETS, HAIL    4 = ICE PELLETS
                        TOTAL MONTH:   0.0 INCH    5 = HAIL
                        GRTST 24HR     0.0         6 = FREEZING RAIN OR DRIZZLE
                        GRTST DEPTH:   0           7 = DUSTSTORM OR SANDSTORM:
                                                       VSBY 1/2 MILE OR LESS
                                                   8 = SMOKE OR HAZE
[NO. OF DAYS WITH]      [WEATHER - DAYS WITH]      9 = BLOWING SNOW
                                                   X = TORNADO
MAX 32 OR BELOW:   0    0.01 INCH OR MORE:   5
MAX 90 OR ABOVE:  13    0.10 INCH OR MORE:   4
MIN 32 OR BELOW:   0    0.50 INCH OR MORE:   1
MIN  0 OR BELOW:   0    1.00 INCH OR MORE:   0

[HDD (BASE 65) ]
TOTAL THIS MO.     0    CLEAR  (SCALE 0-3)  12
DPTR FM NORMAL     0    PTCLDY (SCALE 4-7)   3
TOTAL FM JUL 1     0    CLOUDY (SCALE 8-10)  0
DPTR FM NORMAL     0

[CDD (BASE 65) ]
TOTAL THIS MO.   281
DPTR FM NORMAL    11    [PRESSURE DATA]
TOTAL FM JAN 1  1888    HIGHEST SLP M ON M
DPTR FM NORMAL   245    LOWEST  SLP 29.96 ON  3

[REMARKS]
