000
CXUS54 KFWD 190730
CF6GLE
PRELIMINARY LOCAL CLIMATOLOGICAL DATA (WS FORM: F-6)

                                          STATION:   GAINESVILLE
                                          MONTH:     OCTOBER
                                          YEAR:      2018
                                          LATITUDE:   33 39 N
                                          LONGITUDE:  97 12 W

  TEMPERATURE IN F:       :PCPN:    SNOW:  WIND      :SUNSHINE: SKY     :PK WND
================================================================================
1   2   3   4   5  6A  6B    7    8   9   10  11  12  13   14  15   16   17  18
                                     12Z  AVG MX 2MIN
DY MAX MIN AVG DEP HDD CDD  WTR  SNW DPTH SPD SPD DIR MIN PSBL S-S WX    SPD DR
================================================================================

 1  83  69  76   6   0  11 0.00  0.0    0  7.4 13 130   M    M   6 1      18 130
 2  84  67  76   6   0  11 0.00  0.0    0  6.5 15 150   M    M   4 1      20 150
 3  89  69  79   9   0  14 0.00  0.0    0 10.7 20 170   M    M   2 1      25 190
 4  88  70  79  10   0  14 0.00  0.0    0  7.4 17 140   M    M   1        22 140
 5  87  69  78   9   0  13 0.00  0.0    0  8.4 17 180   M    M   2        23 190
 6  87  67  77   9   0  12 1.41  0.0    0 10.7 15 160   M    M   6        20 150
 7  84  67  76   8   0  11 0.81  0.0    0  8.7 22 150   M    M   5        33 150
 8  80  69  75   7   0  10 0.10  0.0    0 13.0 21 150   M    M   6        25 150
 9  73  62  68   0   0   3 0.95  0.0    0  7.7 24 270   M    M  10        43 270
10  67  52  60  -7   5   0 0.00  0.0    0  8.1 15 330   M    M   3        17 310
11  68  48  58  -9   7   0 0.00  0.0    0  4.6 13  30   M    M   2        18  30
12  61  55  58  -8   7   0 0.96  0.0    0  5.4 15 120   M    M   9 1       M  M
13  60  56  58  -8   7   0 1.50  0.0    0  7.3 14  40   M    M  10 1      20  40
14  62  43  53 -13  12   0 0.04  0.0    0  6.7 17 350   M    M  10 1      30 340
15  47  39  43 -23  22   0 0.83  0.0    0 13.5 22 340   M    M  10        30 350
16  52  42  47 -18  18   0 0.02  0.0    0  7.0 14  10   M    M  10        18  10
17  59  49  54 -11  11   0 0.23  0.0    0  4.7 10  50   M    M   8        16  50
18  65  51  58  -6   7   0 0.01  0.0    0  5.4  9  90   M    M  10         M  M
================================================================================
SM 1296 1044        96  99  6.86     0.0 143.2          M      114
================================================================================
AV 72.0 58.0                               8.0 FASTST   M    M   6    MAX(MPH)
                                 MISC ---->  # 24 270               # 43  270
================================================================================
NOTES:
# LAST OF SEVERAL OCCURRENCES

COLUMN 17 PEAK WIND IN M.P.H.

PRELIMINARY LOCAL CLIMATOLOGICAL DATA (WS FORM: F-6) , PAGE 2

                                          STATION:  GAINESVILLE
                                          MONTH:    OCTOBER
                                          YEAR:     2018
                                          LATITUDE:   33 39 N
                                          LONGITUDE:  97 12 W

[TEMPERATURE DATA]      [PRECIPITATION DATA]       SYMBOLS USED IN COLUMN 16

AVERAGE MONTHLY: 65.0   TOTAL FOR MONTH:   6.86    1 = FOG OR MIST
DPTR FM NORMAL:  -2.3   DPTR FM NORMAL:    4.37    2 = FOG REDUCING VISIBILITY
HIGHEST:    89 ON  3    GRTST 24HR  1.50 ON 13-13      TO 1/4 MILE OR LESS
LOWEST:     39 ON 15                               3 = THUNDER
                        SNOW, ICE PELLETS, HAIL    4 = ICE PELLETS
                        TOTAL MONTH:   0.0 INCH    5 = HAIL
                        GRTST 24HR     0.0         6 = FREEZING RAIN OR DRIZZLE
                        GRTST DEPTH:   0           7 = DUSTSTORM OR SANDSTORM:
                                                       VSBY 1/2 MILE OR LESS
                                                   8 = SMOKE OR HAZE
[NO. OF DAYS WITH]      [WEATHER - DAYS WITH]      9 = BLOWING SNOW
                                                   X = TORNADO
MAX 32 OR BELOW:   0    0.01 INCH OR MORE:  11
MAX 90 OR ABOVE:   0    0.10 INCH OR MORE:   8
MIN 32 OR BELOW:   0    0.50 INCH OR MORE:   6
MIN  0 OR BELOW:   0    1.00 INCH OR MORE:   2

[HDD (BASE 65) ]
TOTAL THIS MO.    96    CLEAR  (SCALE 0-3)   5
DPTR FM NORMAL    60    PTCLDY (SCALE 4-7)   5
TOTAL FM JUL 1    98    CLOUDY (SCALE 8-10)  8
DPTR FM NORMAL    51

[CDD (BASE 65) ]
TOTAL THIS MO.    99
DPTR FM NORMAL    21    [PRESSURE DATA]
TOTAL FM JAN 1  2319    HIGHEST SLP M ON M
DPTR FM NORMAL   146    LOWEST  SLP M ON M

[REMARKS]
