000
CXUS54 KHGX 181415
CF6GLS
PRELIMINARY LOCAL CLIMATOLOGICAL DATA (WS FORM: F-6)

                                          STATION:   GALVESTON
                                          MONTH:     JULY
                                          YEAR:      2018
                                          LATITUDE:   29 16 N
                                          LONGITUDE:  94 52 W

  TEMPERATURE IN F:       :PCPN:    SNOW:  WIND      :SUNSHINE: SKY     :PK WND
================================================================================
1   2   3   4   5  6A  6B    7    8   9   10  11  12  13   14  15   16   17  18
                                     12Z  AVG MX 2MIN
DY MAX MIN AVG DEP HDD CDD  WTR  SNW DPTH SPD SPD DIR MIN PSBL S-S WX    SPD DR
================================================================================

 1  89  81  85   1   0  20 0.00  0.0    0 12.6 17 170   M    M   3        22 190
 2  89  81  85   1   0  20 0.00  0.0    0  9.9 16 170   M    M   2        19 170
 3  90  72  81  -3   0  16 1.22  0.0    0 10.9 40 360   M    M   4 13     53 350
 4  80  74  77  -7   0  12 2.27  0.0    0  8.2 24 210   M    M   7 1      29 210
 5  88  79  84   0   0  19 0.04  0.0    0  6.8 22 150   M    M   3 13     30 140
 6  87  78  83  -1   0  18 0.00  0.0    0  8.1 14  90   M    M   3 3      18 350
 7  86  77  82  -2   0  17 0.26  0.0    0  5.8 12 120   M    M   3 138    15 120
 8  84  76  80  -4   0  15 0.07  0.0    0  8.0 16 160   M    M   5 13     20 170
 9  87  80  84   0   0  19 0.01  0.0    0  7.2 17 170   M    M   2 3      21 300
10  88  79  84   0   0  19 0.00  0.0    0  5.9 12 160   M    M   3        16 170
11  90  80  85   1   0  20 0.00  0.0    0  7.2 14 180   M    M   2 3      18 190
12  89  80  85   1   0  20 0.00  0.0    0  6.8 14 170   M    M   2        18 160
13  90  82  86   2   0  21 0.00  0.0    0  8.3 14 180   M    M   2 3      17 170
14  90  81  86   2   0  21 0.00  0.0    0  8.1 16 180   M    M   2 3      19 180
15  90  82  86   2   0  21 0.00  0.0    0 10.6 18 190   M    M   5 3      23 200
16  90  81  86   2   0  21 0.00  0.0    0 10.8 18 200   M    M   6        23 200
17  90  80  85   1   0  20 0.00  0.0    0 10.2 20 180   M    M   3        23 190
================================================================================
SM 1497 1343         0 319  3.87     0.0 145.4          M       57
================================================================================
AV 88.1 79.0                               8.6 FASTST   M    M   3    MAX(MPH)
                                 MISC ---->  # 40 360               # 53  350
================================================================================
NOTES:
# LAST OF SEVERAL OCCURRENCES

COLUMN 17 PEAK WIND IN M.P.H.

PRELIMINARY LOCAL CLIMATOLOGICAL DATA (WS FORM: F-6) , PAGE 2

                                          STATION:  GALVESTON
                                          MONTH:    JULY
                                          YEAR:     2018
                                          LATITUDE:   29 16 N
                                          LONGITUDE:  94 52 W

[TEMPERATURE DATA]      [PRECIPITATION DATA]       SYMBOLS USED IN COLUMN 16

AVERAGE MONTHLY: 83.5   TOTAL FOR MONTH:   3.87    1 = FOG OR MIST
DPTR FM NORMAL:  -0.5   DPTR FM NORMAL:    1.42    2 = FOG REDUCING VISIBILITY
HIGHEST:    90 ON 17,16 GRTST 24HR  2.27 ON  4- 4      TO 1/4 MILE OR LESS
LOWEST:     72 ON  3                               3 = THUNDER
                        SNOW, ICE PELLETS, HAIL    4 = ICE PELLETS
                        TOTAL MONTH:   0.0 INCH    5 = HAIL
                        GRTST 24HR     0.0         6 = FREEZING RAIN OR DRIZZLE
                        GRTST DEPTH:   0           7 = DUSTSTORM OR SANDSTORM:
                                                       VSBY 1/2 MILE OR LESS
                                                   8 = SMOKE OR HAZE
[NO. OF DAYS WITH]      [WEATHER - DAYS WITH]      9 = BLOWING SNOW
                                                   X = TORNADO
MAX 32 OR BELOW:   0    0.01 INCH OR MORE:   6
MAX 90 OR ABOVE:   7    0.10 INCH OR MORE:   3
MIN 32 OR BELOW:   0    0.50 INCH OR MORE:   2
MIN  0 OR BELOW:   0    1.00 INCH OR MORE:   2

[HDD (BASE 65) ]
TOTAL THIS MO.     0    CLEAR  (SCALE 0-3)  11
DPTR FM NORMAL     0    PTCLDY (SCALE 4-7)   6
TOTAL FM JUL 1     0    CLOUDY (SCALE 8-10)  0
DPTR FM NORMAL     0

[CDD (BASE 65) ]
TOTAL THIS MO.   319
DPTR FM NORMAL    -5    [PRESSURE DATA]
TOTAL FM JAN 1  1822    HIGHEST SLP M ON M
DPTR FM NORMAL   328    LOWEST  SLP 29.86 ON  3

[REMARKS]
