000
CXUS52 KJAX 160800
CF6GNV
PRELIMINARY LOCAL CLIMATOLOGICAL DATA (WS FORM: F-6)

                                          STATION:   GAINESVILLE FL
                                          MONTH:     OCTOBER
                                          YEAR:      2018
                                          LATITUDE:   29 40 N
                                          LONGITUDE:  82 16 W

  TEMPERATURE IN F:       :PCPN:    SNOW:  WIND      :SUNSHINE: SKY     :PK WND
================================================================================
1   2   3   4   5  6A  6B    7    8   9   10  11  12  13   14  15   16   17  18
                                     12Z  AVG MX 2MIN
DY MAX MIN AVG DEP HDD CDD  WTR  SNW DPTH SPD SPD DIR MIN PSBL S-S WX    SPD DR
================================================================================

 1  89  74  82   7   0  17 0.13  0.0    0  7.8 24 110   M    M   2 13     28 110
 2  87  70  79   4   0  14 0.01  0.0    0  5.3 16  60   M    M   4 138    20  60
 3  90  69  80   5   0  15 0.00  0.0    0  6.1 17 100   M    M   1 1      24 100
 4  90  66  78   4   0  13 0.00  0.0    0  4.8 15  90   M    M   1        19  90
 5  90  65  78   4   0  13 0.00  0.0    0  2.7 10  60   M    M   1        15  90
 6  90  64  77   3   0  12 0.00  0.0    0  3.6 13  60   M    M   1 1      17  50
 7  90  67  79   5   0  14 0.03  0.0    0  6.7 18  50   M    M   2 1      24  40
 8  87  73  80   7   0  15 0.13  0.0    0  8.2 20 100   M    M   2 1      26  80
 9  88  75  82   9   0  17    T  0.0    0  9.6 18 110   M    M   4 18     25 120
10  88  78  83  10   0  18 0.11  0.0    0 13.8 24 150   M    M   8 13     31 180
11  91  74  83  11   0  18 0.00  0.0    0 11.1 21 240   M    M   4        29 230
12  85  58  72   0   0   7 0.00  0.0    0  4.2 14 250   M    M   1 1      18 250
13  85  53  69  -3   0   4 0.00  0.0    0  2.8 13 330   M    M   0 8      15  20
14  89  57  73   1   0   8 0.00  0.0    0  3.1  9  90   M    M   0        14 100
15  93  68  81  10   0  16 0.00  0.0    0  2.5 12  80   M    M   1 1      17  60
================================================================================
SM 1332 1011         0 201  0.41     0.0  92.3          M       32
================================================================================
AV 88.8 67.4                               6.2 FASTST   M    M   2    MAX(MPH)
                                 MISC ---->  # 24 110               # 31  180
================================================================================
NOTES:
# LAST OF SEVERAL OCCURRENCES

COLUMN 17 PEAK WIND IN M.P.H.

PRELIMINARY LOCAL CLIMATOLOGICAL DATA (WS FORM: F-6) , PAGE 2

                                          STATION:  GAINESVILLE FL
                                          MONTH:    OCTOBER
                                          YEAR:     2018
                                          LATITUDE:   29 40 N
                                          LONGITUDE:  82 16 W

[TEMPERATURE DATA]      [PRECIPITATION DATA]       SYMBOLS USED IN COLUMN 16

AVERAGE MONTHLY: 78.1   TOTAL FOR MONTH:   0.41    1 = FOG OR MIST
DPTR FM NORMAL:   4.8   DPTR FM NORMAL:   -1.28    2 = FOG REDUCING VISIBILITY
HIGHEST:    93 ON 15    GRTST 24HR  0.13 ON  8- 8      TO 1/4 MILE OR LESS
LOWEST:     53 ON 13                               3 = THUNDER
                        SNOW, ICE PELLETS, HAIL    4 = ICE PELLETS
                        TOTAL MONTH:   0.0 INCH    5 = HAIL
                        GRTST 24HR     0.0         6 = FREEZING RAIN OR DRIZZLE
                        GRTST DEPTH:   0           7 = DUSTSTORM OR SANDSTORM:
                                                       VSBY 1/2 MILE OR LESS
                                                   8 = SMOKE OR HAZE
[NO. OF DAYS WITH]      [WEATHER - DAYS WITH]      9 = BLOWING SNOW
                                                   X = TORNADO
MAX 32 OR BELOW:   0    0.01 INCH OR MORE:   5
MAX 90 OR ABOVE:   7    0.10 INCH OR MORE:   3
MIN 32 OR BELOW:   0    0.50 INCH OR MORE:   0
MIN  0 OR BELOW:   0    1.00 INCH OR MORE:   0

[HDD (BASE 65) ]
TOTAL THIS MO.     0    CLEAR  (SCALE 0-3)  11
DPTR FM NORMAL    -3    PTCLDY (SCALE 4-7)   4
TOTAL FM JUL 1     0    CLOUDY (SCALE 8-10)  0
DPTR FM NORMAL    -3

[CDD (BASE 65) ]
TOTAL THIS MO.   201
DPTR FM NORMAL    72    [PRESSURE DATA]
TOTAL FM JAN 1  3113    HIGHEST SLP M ON M
DPTR FM NORMAL   644    LOWEST  SLP 29.66 ON 11

[REMARKS]
