000
CXUS54 KOUN 210700
CF6GOK
PRELIMINARY LOCAL CLIMATOLOGICAL DATA (WS FORM: F-6)

                                          STATION:   GUTHRIE MUNICIPAL
                                          MONTH:     OCTOBER
                                          YEAR:      2018
                                          LATITUDE:   35 50 N
                                          LONGITUDE:  97 25 W

  TEMPERATURE IN F:       :PCPN:    SNOW:  WIND      :SUNSHINE: SKY     :PK WND
================================================================================
1   2   3   4   5  6A  6B    7    8   9   10  11  12  13   14  15   16   17  18
                                     12Z  AVG MX 2MIN
DY MAX MIN AVG DEP HDD CDD  WTR  SNW DPTH SPD SPD DIR MIN PSBL S-S WX    SPD DR
================================================================================

 1  86  69  78  11   0  13 0.00  0.0    0 10.4 18 180   M    M   5        24 200
 2  88  69  79  12   0  14 0.00  0.0    0 11.0 21 180   M    M   1        25 200
 3  90  73  82  16   0  17 0.00  0.0    0 16.4 28 180   M    M   1        37 180
 4  83  60  72   6   0   7    T  0.0    0  7.6 20  80   M    M   7 13     25 110
 5  90  59  75   9   0  10 0.00  0.0    0 11.3 24 170   M    M   4 12     33 180
 6  78  56  67   2   0   2 0.06  0.0    0  8.5 24 190   M    M   8 13     34 180
 7  77  56  67   2   0   2 0.96  0.0    0  5.8 25 290   M    M   9 13     34 260
 8  81  65  73   8   0   8 1.18  0.0    0 11.5 22 170   M    M   6 13     30 190
 9  70  56  63  -1   2   0 0.75  0.0    0  8.1 24 220   M    M   9 13     35 200
10  61  47  54 -10  11   0    T  0.0    0  6.6 17 290   M    M   5 1      22 300
11  63  44  54  -9  11   0 0.00  0.0    0  4.5  9  50   M    M   3        14  50
12  65  49  57  -6   8   0 0.22  0.0    0  6.3 14 200   M    M   7 1      17 210
13  54  49  52 -11  13   0 0.21  0.0    0  5.2 16 150   M    M   8 18     21 150
14  58  35  47 -15  18   0 0.02  0.0    0  6.6 17 340   M    M  10 1      29 360
15  51  34  43 -19  22   0 0.00  0.0    0  7.4 17  10   M    M   4 1      25  10
16  58  37  48 -14  17   0 0.01    M    0  2.5  8  20   M    M   5        12 360
17  71  38  55  -6  10   0 0.00  0.0    0  3.8 14  80   M    M   0 1      16 110
18  64  52  58  -3   7   0 0.31  0.0    0  4.7 13 190   M    M   8 1      16 160
19  61  51  56  -4   9   0 0.50  0.0    0  6.0 14 190   M    M   7 1      17 190
20  72  46  59  -1   6   0 0.00  0.0    0  3.3 12  50   M    M   2 12     17  50
================================================================================
SM 1421 1045       134  73  4.22     0.0 147.5          M      109
================================================================================
AV 71.1 52.3                               7.4 FASTST   M    M   5    MAX(MPH)
                                 MISC ---->  # 28 180               # 37  180
================================================================================
NOTES:
# LAST OF SEVERAL OCCURRENCES

COLUMN 17 PEAK WIND IN M.P.H.

PRELIMINARY LOCAL CLIMATOLOGICAL DATA (WS FORM: F-6) , PAGE 2

                                          STATION:  GUTHRIE MUNICIPAL
                                          MONTH:    OCTOBER
                                          YEAR:     2018
                                          LATITUDE:   35 50 N
                                          LONGITUDE:  97 25 W

[TEMPERATURE DATA]      [PRECIPITATION DATA]       SYMBOLS USED IN COLUMN 16

AVERAGE MONTHLY: 61.7   TOTAL FOR MONTH:   4.22    1 = FOG OR MIST
DPTR FM NORMAL:  -1.9   DPTR FM NORMAL:    1.74    2 = FOG REDUCING VISIBILITY
HIGHEST:    90 ON  5, 3 GRTST 24HR  1.18 ON  8- 8      TO 1/4 MILE OR LESS
LOWEST:     34 ON 15                               3 = THUNDER
                        SNOW, ICE PELLETS, HAIL    4 = ICE PELLETS
                        TOTAL MONTH:   0.0 INCH    5 = HAIL
                        GRTST 24HR     0.0         6 = FREEZING RAIN OR DRIZZLE
                        GRTST DEPTH:   0           7 = DUSTSTORM OR SANDSTORM:
                                                       VSBY 1/2 MILE OR LESS
                                                   8 = SMOKE OR HAZE
[NO. OF DAYS WITH]      [WEATHER - DAYS WITH]      9 = BLOWING SNOW
                                                   X = TORNADO
MAX 32 OR BELOW:   0    0.01 INCH OR MORE:  10
MAX 90 OR ABOVE:   2    0.10 INCH OR MORE:   7
MIN 32 OR BELOW:   0    0.50 INCH OR MORE:   4
MIN  0 OR BELOW:   0    1.00 INCH OR MORE:   1

[HDD (BASE 65) ]
TOTAL THIS MO.   134    CLEAR  (SCALE 0-3)   4
DPTR FM NORMAL    51    PTCLDY (SCALE 4-7)  12
TOTAL FM JUL 1   147    CLOUDY (SCALE 8-10)  4
DPTR FM NORMAL    45

[CDD (BASE 65) ]
TOTAL THIS MO.    73
DPTR FM NORMAL    15    [PRESSURE DATA]
TOTAL FM JAN 1  2303    HIGHEST SLP M ON M
DPTR FM NORMAL   246    LOWEST  SLP 29.61 ON  9

[REMARKS]
