000
CXUS55 KMSO 200900
CF6GPI
PRELIMINARY LOCAL CLIMATOLOGICAL DATA (WS FORM: F-6)

                                          STATION:   KALISPELL MT
                                          MONTH:     NOVEMBER
                                          YEAR:      2018
                                          LATITUDE:   48 17 N
                                          LONGITUDE: 114 16 W

  TEMPERATURE IN F:       :PCPN:    SNOW:  WIND      :SUNSHINE: SKY     :PK WND
================================================================================
1   2   3   4   5  6A  6B    7    8   9   10  11  12  13   14  15   16   17  18
                                     12Z  AVG MX 2MIN
DY MAX MIN AVG DEP HDD CDD  WTR  SNW DPTH SPD SPD DIR MIN PSBL S-S WX    SPD DR
================================================================================

 1  48  30  39   2  26   0 0.39  0.0    0  3.1 10 170   M    M   9 1      14 170
 2  53  40  47  11  18   0 0.01  0.0    0  7.6 17 150   M    M   9        22 170
 3  49  39  44   8  21   0    T  0.0    0  7.2 15 220   M    M  10        21 230
 4  48  32  40   4  25   0 0.31    M    0  8.3 17 150   M    M   9 1      24 150
 5  46  30  38   2  27   0    T  0.0    0  5.2 14 160   M    M   9        17 150
 6  39  32  36   1  29   0 0.12    M    M  6.9 16  30   M    M  10 18     19  40
 7  34  19  27  -8  38   0 0.05    M    1 12.1 30  20   M    M   7 19     37  20
 8  35  18  27  -7  38   0 0.00  0.0    1  0.9  6 290   M    M   9 1       7  20
 9  32  20  26  -8  39   0 0.09  2.5    T  1.5  7 260   M    M   8 12      9  80
10  40  21  31  -3  34   0 0.00  0.0    3  2.3  9 360   M    M   7 12     12 350
11  41  20  31  -3  34   0    T    T    2  1.2  9 350   M    M   6 1      13 360
12  36  18  27  -6  38   0 0.00  0.0    T  1.1  7 230   M    M   5 1       8 230
13  36  15  26  -7  39   0 0.00  0.0    0  0.5  7 160   M    M   1 1       8 180
14  35  23  29  -3  36   0    T  0.0    0  0.8  5 130   M    M   9 12      M  M
15  43  21  32   0  33   0 0.00  0.0    0  2.3 10 170   M    M   7 18     12 180
16  43  27  35   3  30   0 0.01    T    0 15.4 30  30   M    M   9 9      37  20
17  33  13  23  -8  42   0 0.00  0.0    0  4.7 15  20   M    M   3        20  10
18  35  13  24  -7  41   0 0.00  0.0    0  0.8  5 290   M    M   3 1       6 160
19  39  13  26  -5  39   0 0.00  0.0    0  1.2  6  60   M    M   0 1       8  60
================================================================================
SM  765  444       627   0  0.98     2.5  83.1          M      130
================================================================================
AV 40.3 23.4                               4.4 FASTST   M    M   7    MAX(MPH)
                                 MISC ---->  # 30  20               # 37   20
================================================================================
NOTES:
# LAST OF SEVERAL OCCURRENCES

COLUMN 17 PEAK WIND IN M.P.H.

PRELIMINARY LOCAL CLIMATOLOGICAL DATA (WS FORM: F-6) , PAGE 2

                                          STATION:  KALISPELL MT
                                          MONTH:    NOVEMBER
                                          YEAR:     2018
                                          LATITUDE:   48 17 N
                                          LONGITUDE: 114 16 W

[TEMPERATURE DATA]      [PRECIPITATION DATA]       SYMBOLS USED IN COLUMN 16

AVERAGE MONTHLY: 31.8   TOTAL FOR MONTH:   0.98    1 = FOG OR MIST
DPTR FM NORMAL:  -2.0   DPTR FM NORMAL:    0.08    2 = FOG REDUCING VISIBILITY
HIGHEST:    53 ON  2    GRTST 24HR  0.39 ON  1- 1      TO 1/4 MILE OR LESS
LOWEST:     13 ON 19,18                            3 = THUNDER
                        SNOW, ICE PELLETS, HAIL    4 = ICE PELLETS
                        TOTAL MONTH:   2.5 INCHES  5 = HAIL
                        GRTST 24HR   2.5 ON  9- 9  6 = FREEZING RAIN OR DRIZZLE
                        GRTST DEPTH:   3 ON 10     7 = DUSTSTORM OR SANDSTORM:
                                                       VSBY 1/2 MILE OR LESS
                                                   8 = SMOKE OR HAZE
[NO. OF DAYS WITH]      [WEATHER - DAYS WITH]      9 = BLOWING SNOW
                                                   X = TORNADO
MAX 32 OR BELOW:   1    0.01 INCH OR MORE:   7
MAX 90 OR ABOVE:   0    0.10 INCH OR MORE:   3
MIN 32 OR BELOW:  17    0.50 INCH OR MORE:   0
MIN  0 OR BELOW:   0    1.00 INCH OR MORE:   0

[HDD (BASE 65) ]
TOTAL THIS MO.   627    CLEAR  (SCALE 0-3)   3
DPTR FM NORMAL    32    PTCLDY (SCALE 4-7)   6
TOTAL FM JUL 1  1851    CLOUDY (SCALE 8-10) 10
DPTR FM NORMAL    48

[CDD (BASE 65) ]
TOTAL THIS MO.     0
DPTR FM NORMAL     0    [PRESSURE DATA]
TOTAL FM JAN 1   148    HIGHEST SLP M ON M
DPTR FM NORMAL     1    LOWEST  SLP 29.69 ON  4

[REMARKS]
