630
CXUS55 KLIX 181000
CF6GPT
PRELIMINARY LOCAL CLIMATOLOGICAL DATA (WS FORM: F-6)

                                          STATION:   GULFPORT
                                          MONTH:     JULY
                                          YEAR:      2018
                                          LATITUDE:   30 23 N
                                          LONGITUDE:  89  4 W

  TEMPERATURE IN F:       :PCPN:    SNOW:  WIND      :SUNSHINE: SKY     :PK WND
================================================================================
1   2   3   4   5  6A  6B    7    8   9   10  11  12  13   14  15   16   17  18
                                     12Z  AVG MX 2MIN
DY MAX MIN AVG DEP HDD CDD  WTR  SNW DPTH SPD SPD DIR MIN PSBL S-S WX    SPD DR
================================================================================

 1  92  74  83   1   0  18 1.14  0.0    0  4.3 24  80   M    M   2 13     31  70
 2  88  74  81  -1   0  16 1.30  0.0    0  4.8 16 310   M    M   6 13     21 310
 3  88  75  82   0   0  17 0.04  0.0    0  9.8 25 140   M    M   6 13     31 110
 4  90  75  83   1   0  18 0.00  0.0    0  3.5 16 300   M    M   3 138    19 300
 5  90  76  83   1   0  18 0.01  0.0    0  7.8 25 120   M    M   3 3      30 130
 6  89  75  82   0   0  17 0.00  0.0    0  6.1 15 160   M    M   2        19 160
 7  90  75  83   1   0  18 0.00  0.0    0  4.7 17 160   M    M   3 3      23 150
 8  87  75  81  -1   0  16 0.02  0.0    0  5.5 15 150   M    M   4 13     20 140
 9  90  74  82   0   0  17 0.74  0.0    0  3.9 17 110   M    M   2 18     21 110
10  95  76  86   4   0  21 0.00  0.0    0  4.6 13 310   M    M   1        19 350
11  92  77  85   3   0  20    T  0.0    0  3.6 15  10   M    M   3 3      19  20
12  92  75  84   2   0  19 0.00  0.0    0  4.4 14 160   M    M   0 1      18 150
13  93  77  85   3   0  20 0.00  0.0    0  3.9 13 170   M    M   1        17 150
14  94  79  87   5   0  22 0.00  0.0    0  4.6 12 200   M    M   1        17 210
15  95  76  86   4   0  21 1.89  0.0    0  5.8 21 160   M    M   3 13     26 140
16  94  73  84   2   0  19 1.78  0.0    0  4.8 30  40   M    M   3 13     34  70
17  90  74  82   0   0  17 3.17  0.0    0  3.7 21 310   M    M   4 138    28 300
================================================================================
SM 1549 1280         0 314 10.09     0.0  85.8          M       47
================================================================================
AV 91.1 75.3                               5.0 FASTST   M    M   3    MAX(MPH)
                                 MISC ---->  # 30  40               # 34   70
================================================================================
NOTES:
# LAST OF SEVERAL OCCURRENCES

COLUMN 17 PEAK WIND IN M.P.H.

PRELIMINARY LOCAL CLIMATOLOGICAL DATA (WS FORM: F-6) , PAGE 2

                                          STATION:  GULFPORT
                                          MONTH:    JULY
                                          YEAR:     2018
                                          LATITUDE:   30 23 N
                                          LONGITUDE:  89  4 W

[TEMPERATURE DATA]      [PRECIPITATION DATA]       SYMBOLS USED IN COLUMN 16

AVERAGE MONTHLY: 83.2   TOTAL FOR MONTH:  10.09    1 = FOG OR MIST
DPTR FM NORMAL:   1.2   DPTR FM NORMAL:    5.57    2 = FOG REDUCING VISIBILITY
HIGHEST:    95 ON 15,10 GRTST 24HR  3.17 ON 17-17      TO 1/4 MILE OR LESS
LOWEST:     73 ON 16                               3 = THUNDER
                        SNOW, ICE PELLETS, HAIL    4 = ICE PELLETS
                        TOTAL MONTH:   0.0 INCH    5 = HAIL
                        GRTST 24HR     0.0         6 = FREEZING RAIN OR DRIZZLE
                        GRTST DEPTH:   0           7 = DUSTSTORM OR SANDSTORM:
                                                       VSBY 1/2 MILE OR LESS
                                                   8 = SMOKE OR HAZE
[NO. OF DAYS WITH]      [WEATHER - DAYS WITH]      9 = BLOWING SNOW
                                                   X = TORNADO
MAX 32 OR BELOW:   0    0.01 INCH OR MORE:   9
MAX 90 OR ABOVE:  13    0.10 INCH OR MORE:   6
MIN 32 OR BELOW:   0    0.50 INCH OR MORE:   6
MIN  0 OR BELOW:   0    1.00 INCH OR MORE:   5

[HDD (BASE 65) ]
TOTAL THIS MO.     0    CLEAR  (SCALE 0-3)  13
DPTR FM NORMAL     0    PTCLDY (SCALE 4-7)   4
TOTAL FM JUL 1     0    CLOUDY (SCALE 8-10)  0
DPTR FM NORMAL     0

[CDD (BASE 65) ]
TOTAL THIS MO.   314
DPTR FM NORMAL    25    [PRESSURE DATA]
TOTAL FM JAN 1  1542    HIGHEST SLP M ON M
DPTR FM NORMAL   357    LOWEST  SLP 29.90 ON  2

[REMARKS]
