000
CXUS53 KGRR 191017
CF6GRR
PRELIMINARY LOCAL CLIMATOLOGICAL DATA (WS FORM: F-6)

                                          STATION:   GRAND RAPIDS
                                          MONTH:     JULY
                                          YEAR:      2018
                                          LATITUDE:   42 52 N
                                          LONGITUDE:  85 31 W

  TEMPERATURE IN F:       :PCPN:    SNOW:  WIND      :SUNSHINE: SKY     :PK WND
================================================================================
1   2   3   4   5  6A  6B    7    8   9   10  11  12  13   14  15   16   17  18
                                     12Z  AVG MX 2MIN
DY MAX MIN AVG DEP HDD CDD  WTR  SNW DPTH SPD SPD DIR MIN PSBL S-S WX    SPD DR
================================================================================

 1  94  73  84  12   0  19 0.12  0.0    0 11.7 37 240 729   79   5 13     49 200
 2  87  69  78   6   0  13 0.00  0.0    0  6.9 15 240 901   98   4        18 240
 3  92  63  78   6   0  13 0.00  0.0    0  6.1 15 150 915   98   2        19 140
 4  94  73  84  12   0  19 0.00  0.0    0  5.9 13 200 726   79   4 1      17 190
 5  93  74  84  12   0  19 0.00  0.0    0 10.6 21 280 619   68   5        25 280
 6  81  61  71  -1   0   6 0.00  0.0    0  9.7 21  30 913  100   1        25  70
 7  83  54  69  -3   0   4 0.00  0.0    0  4.8 13  70 912  100   1        16 140
 8  88  55  72  -1   0   7 0.00  0.0    0  4.4 12 190 911  100   1        15 190
 9  89  60  75   2   0  10 0.00  0.0    0  9.7 20 260 832   92   2        24 270
10  90  71  81   8   0  16 0.00  0.0    0  8.4 16  30 628   69   5        21  20
11  86  61  74   1   0   9 0.00  0.0    0  5.9 14  80 869   96   3        16  50
12  88  60  74   1   0   9 0.00  0.0    0  6.6 17 170 583   64   6        20 170
13  92  67  80   7   0  15 0.02  0.0    0  8.5 17 250 878   97   5 8      23 250
14  83  71  77   4   0  12    T  0.0    0  6.5 16 240 174   19   6        21 230
15  92  67  80   7   0  15 0.11  0.0    0  2.9 20 290 568   63   4 13     26 300
16  92  70  81   8   0  16 0.00  0.0    0  8.2 20 270 708   88   5 1      25 290
17  83  62  73   0   0   8 0.00  0.0    0  8.2 18 320 803   89   2        24 360
18  82  56  69  -4   0   4 0.00  0.0    0  4.5 12  20 897  100   1        15  30
================================================================================
SM 1589 1167         0 214  0.25     0.0 129.5        13566     62
================================================================================
AV 88.3 64.8                               7.2 FASTST  754  83   3    MAX(MPH)
                                 MISC ---->  # 37 240               # 49  200
================================================================================
NOTES:
# LAST OF SEVERAL OCCURRENCES

COLUMN 17 PEAK WIND IN M.P.H.

PRELIMINARY LOCAL CLIMATOLOGICAL DATA (WS FORM: F-6) , PAGE 2

                                          STATION:  GRAND RAPIDS
                                          MONTH:    JULY
                                          YEAR:     2018
                                          LATITUDE:   42 52 N
                                          LONGITUDE:  85 31 W

[TEMPERATURE DATA]      [PRECIPITATION DATA]       SYMBOLS USED IN COLUMN 16

AVERAGE MONTHLY: 76.6   TOTAL FOR MONTH:   0.25    1 = FOG OR MIST
DPTR FM NORMAL:   3.9   DPTR FM NORMAL:   -1.93    2 = FOG REDUCING VISIBILITY
HIGHEST:    94 ON  4, 1 GRTST 24HR  0.12 ON  1- 1      TO 1/4 MILE OR LESS
LOWEST:     54 ON  7                               3 = THUNDER
                        SNOW, ICE PELLETS, HAIL    4 = ICE PELLETS
                        TOTAL MONTH:   0.0 INCH    5 = HAIL
                        GRTST 24HR     0.0         6 = FREEZING RAIN OR DRIZZLE
                        GRTST DEPTH:   0           7 = DUSTSTORM OR SANDSTORM:
                                                       VSBY 1/2 MILE OR LESS
                                                   8 = SMOKE OR HAZE
[NO. OF DAYS WITH]      [WEATHER - DAYS WITH]      9 = BLOWING SNOW
                                                   X = TORNADO
MAX 32 OR BELOW:   0    0.01 INCH OR MORE:   3
MAX 90 OR ABOVE:   8    0.10 INCH OR MORE:   2
MIN 32 OR BELOW:   0    0.50 INCH OR MORE:   0
MIN  0 OR BELOW:   0    1.00 INCH OR MORE:   0

[HDD (BASE 65) ]
TOTAL THIS MO.     0    CLEAR  (SCALE 0-3)   8
DPTR FM NORMAL     0    PTCLDY (SCALE 4-7)  10
TOTAL FM JUL 1     0    CLOUDY (SCALE 8-10)  0
DPTR FM NORMAL     0

[CDD (BASE 65) ]
TOTAL THIS MO.   214
DPTR FM NORMAL    73    [PRESSURE DATA]
TOTAL FM JAN 1   490    HIGHEST SLP M ON M
DPTR FM NORMAL   157    LOWEST  SLP 29.79 ON  1

[REMARKS]
