000
CXUS53 KIWX 190800
CF6GSH
PRELIMINARY LOCAL CLIMATOLOGICAL DATA (WS FORM: F-6)

                                          STATION:   GOSHEN
                                          MONTH:     OCTOBER
                                          YEAR:      2018
                                          LATITUDE:   41 31 N
                                          LONGITUDE:  85 47 W

  TEMPERATURE IN F:       :PCPN:    SNOW:  WIND      :SUNSHINE: SKY     :PK WND
================================================================================
1   2   3   4   5  6A  6B    7    8   9   10  11  12  13   14  15   16   17  18
                                     12Z  AVG MX 2MIN
DY MAX MIN AVG DEP HDD CDD  WTR  SNW DPTH SPD SPD DIR MIN PSBL S-S WX    SPD DR
================================================================================

 1  81  54  68  11   0   3 0.00  0.0    0  6.7 14 210   M    M   6 18     20 210
 2  73  53  63   7   2   0    T  0.0    0  9.1 18 220   M    M   7 1      27 240
 3  87  54  71  15   0   6 0.00  0.0    0 13.7 26 210   M    M   3        40 210
 4  78  51  65  10   0   0 0.01  0.0    0 13.3 24 330   M    M   4 1      34 220
 5  63  50  57   2   8   0 0.36  0.0    0  9.2 18 120   M    M   9 13     27 110
 6  80  59  70  15   0   5 2.28  0.0    M  8.7 28 190   M    M   8 13     43 210
 7  68  59  64  10   1   0 0.30  0.0    0  7.1 15 110   M    M  10 13     21 100
 8  86  61  74  20   0   9 0.00  0.0    0  9.0 21 200   M    M   5 1      27 200
 9  85  67  76  22   0  11 0.00  0.0    0  9.9 18 170   M    M   1        25 170
10  72  58  65  12   0   0 1.18  0.0    0 11.9 26 270   M    M   7 1      35 250
11  58  46  52  -1  13   0 0.00  0.0    0 14.3 25 270   M    M  10        31 280
12  49  37  43  -9  22   0 0.17  0.0    0  9.4 16 320   M    M   9 1      24 320
13  53  35  44  -8  21   0 0.00  0.0    0  7.2 16 250   M    M   3 1      21 230
14  62  36  49  -3  16   0    T  0.0    0  4.2 13 160   M    M   2 1      18 140
15  52  33  43  -8  22   0 0.04  0.0    0 11.1 23 290   M    M   6 1      32 290
16  54  31  43  -8  22   0 0.00  0.0    0 12.4 22 230   M    M   0        33 230
17  50  32  41 -10  24   0 0.00  0.0    0 12.4 24 290   M    M   5        34 300
18  55  29  42  -8  23   0 0.00  0.0    0  4.8 13 230   M    M   1 1      20 260
================================================================================
SM 1206  845       174  34  4.34     0.0 174.4          M       96
================================================================================
AV 67.0 46.9                               9.7 FASTST   M    M   5    MAX(MPH)
                                 MISC ---->  # 28 190               # 43  210
================================================================================
NOTES:
# LAST OF SEVERAL OCCURRENCES

COLUMN 17 PEAK WIND IN M.P.H.

PRELIMINARY LOCAL CLIMATOLOGICAL DATA (WS FORM: F-6) , PAGE 2

                                          STATION:  GOSHEN
                                          MONTH:    OCTOBER
                                          YEAR:     2018
                                          LATITUDE:   41 31 N
                                          LONGITUDE:  85 47 W

[TEMPERATURE DATA]      [PRECIPITATION DATA]       SYMBOLS USED IN COLUMN 16

AVERAGE MONTHLY: 57.0   TOTAL FOR MONTH:   4.34    1 = FOG OR MIST
DPTR FM NORMAL:   3.6   DPTR FM NORMAL:    2.32    2 = FOG REDUCING VISIBILITY
HIGHEST:    87 ON  3    GRTST 24HR  2.28 ON  6- 6      TO 1/4 MILE OR LESS
LOWEST:     29 ON 18                               3 = THUNDER
                        SNOW, ICE PELLETS, HAIL    4 = ICE PELLETS
                        TOTAL MONTH:   0.0 INCH    5 = HAIL
                        GRTST 24HR     0.0         6 = FREEZING RAIN OR DRIZZLE
                        GRTST DEPTH:   0           7 = DUSTSTORM OR SANDSTORM:
                                                       VSBY 1/2 MILE OR LESS
                                                   8 = SMOKE OR HAZE
[NO. OF DAYS WITH]      [WEATHER - DAYS WITH]      9 = BLOWING SNOW
                                                   X = TORNADO
MAX 32 OR BELOW:   0    0.01 INCH OR MORE:   7
MAX 90 OR ABOVE:   0    0.10 INCH OR MORE:   5
MIN 32 OR BELOW:   3    0.50 INCH OR MORE:   2
MIN  0 OR BELOW:   0    1.00 INCH OR MORE:   2

[HDD (BASE 65) ]
TOTAL THIS MO.   174    CLEAR  (SCALE 0-3)   5
DPTR FM NORMAL   -43    PTCLDY (SCALE 4-7)   9
TOTAL FM JUL 1   243    CLOUDY (SCALE 8-10)  4
DPTR FM NORMAL  -117

[CDD (BASE 65) ]
TOTAL THIS MO.    34
DPTR FM NORMAL    25    [PRESSURE DATA]
TOTAL FM JAN 1  1029    HIGHEST SLP M ON M
DPTR FM NORMAL   368    LOWEST  SLP 29.59 ON 10

[REMARKS]
