000
CXGM50 PGUM 151850
CF6GSN
PRELIMINARY LOCAL CLIMATOLOGICAL DATA (WS FORM: F-6)

                                          STATION:   SAIPAN/ISLEY_(CGS) MP
                                          MONTH:     OCTOBER
                                          YEAR:      2018
                                          LATITUDE:   15  7 N
                                          LONGITUDE: 145-44 E

  TEMPERATURE IN F:       :PCPN:    SNOW:  WIND      :SUNSHINE: SKY     :PK WND
================================================================================
1   2   3   4   5  6A  6B    7    8   9   10  11  12  13   14  15   16   17  18
                                     12Z  AVG MX 2MIN
DY MAX MIN AVG DEP HDD CDD  WTR  SNW DPTH SPD SPD DIR MIN PSBL S-S WX    SPD DR
================================================================================

 1  86  78  82   M   0  17 0.09  0.0    0 10.5 20 140   M    M   3 1      26 160
 2  87  78  83   M   0  18 0.00  0.0    0  9.0 15  60   M    M   2        17  60
 3  88  78  83   M   0  18 0.02  0.0    0 11.3 20  70   M    M   4        23  80
 4  84  75  80   M   0  15 3.25  0.0    0 12.8 25  80   M    M   6 12     30  80
 5  87  76  82   M   0  17 0.19  0.0    0  9.3 18  70   M    M   3 1      25  90
 6  87  78  83   M   0  18 0.15  0.0    0  6.7 14  90   M    M   3 1      18  90
 7  87  77  82   M   0  17 0.01  0.0    0  3.6 10  70   M    M   2 1      14  80
 8  87  77  82   M   0  17 0.50  0.0    0  6.7 13 140   M    M   4 1      17 150
 9  87  79  83   M   0  18 0.27  0.0    0 11.8 26  80   M    M   4 13     32  80
10  87  77  82   M   0  17 0.10  0.0    0 13.4 21  90   M    M   4 18     26  80
11  87  78  83   M   0  18 0.54  0.0    0 15.1 24 100   M    M   4 1      30 100
12  87  79  83   M   0  18 0.45  0.0    0 13.8 22  90   M    M   4 1      29  90
13  87  78  83   M   0  18 0.24  0.0    0 14.6 22  80   M    M   5 1      29  80
14  86  75  81   M   0  16 1.33  0.0    0 11.7 28 130   M    M   4 13     36 130
15  86  78  82   M   0  17    T  0.0    0 10.7 16  90   M    M   4 1      21  90
================================================================================
SM 1300 1161         0 259  7.14     0.0 161.0          M       56
================================================================================
AV 86.7 77.4                              10.7 FASTST   M    M   4    MAX(MPH)
                                 MISC ---->  # 28 130               # 36  130
================================================================================
NOTES:
# LAST OF SEVERAL OCCURRENCES

COLUMN 17 PEAK WIND IN M.P.H.

PRELIMINARY LOCAL CLIMATOLOGICAL DATA (WS FORM: F-6) , PAGE 2

                                          STATION:  SAIPAN/ISLEY_(CGS) MP
                                          MONTH:    OCTOBER
                                          YEAR:     2018
                                          LATITUDE:   15  7 N
                                          LONGITUDE: 145-44 E

[TEMPERATURE DATA]      [PRECIPITATION DATA]       SYMBOLS USED IN COLUMN 16

AVERAGE MONTHLY: 82.0   TOTAL FOR MONTH:   7.14    1 = FOG OR MIST
DPTR FM NORMAL:     M   DPTR FM NORMAL:    1.19    2 = FOG REDUCING VISIBILITY
HIGHEST:    88 ON  3    GRTST 24HR  3.25 ON  4- 4      TO 1/4 MILE OR LESS
LOWEST:     75 ON 14, 4                            3 = THUNDER
                        SNOW, ICE PELLETS, HAIL    4 = ICE PELLETS
                        TOTAL MONTH:   0.0 INCH    5 = HAIL
                        GRTST 24HR     0.0         6 = FREEZING RAIN OR DRIZZLE
                        GRTST DEPTH:   0           7 = DUSTSTORM OR SANDSTORM:
                                                       VSBY 1/2 MILE OR LESS
                                                   8 = SMOKE OR HAZE
[NO. OF DAYS WITH]      [WEATHER - DAYS WITH]      9 = BLOWING SNOW
                                                   X = TORNADO
MAX 32 OR BELOW:   0    0.01 INCH OR MORE:  13
MAX 90 OR ABOVE:   0    0.10 INCH OR MORE:  10
MIN 32 OR BELOW:   0    0.50 INCH OR MORE:   4
MIN  0 OR BELOW:   0    1.00 INCH OR MORE:   2

[HDD (BASE 65) ]
TOTAL THIS MO.     0    CLEAR  (SCALE 0-3)   4
DPTR FM NORMAL     M    PTCLDY (SCALE 4-7)  11
TOTAL FM JUL 1     0    CLOUDY (SCALE 8-10)  0
DPTR FM NORMAL     M

[CDD (BASE 65) ]
TOTAL THIS MO.   259
DPTR FM NORMAL     M    [PRESSURE DATA]
TOTAL FM JAN 1  4996    HIGHEST SLP M ON M
DPTR FM NORMAL     M    LOWEST  SLP 29.85 ON M

[REMARKS]
