000
CXGM50 PGUM 181850
CF6GSN
PRELIMINARY LOCAL CLIMATOLOGICAL DATA (WS FORM: F-6)

                                          STATION:   SAIPAN/ISLEY_(CGS) MP
                                          MONTH:     JULY
                                          YEAR:      2018
                                          LATITUDE:   15  7 N
                                          LONGITUDE: 145-44 E

  TEMPERATURE IN F:       :PCPN:    SNOW:  WIND      :SUNSHINE: SKY     :PK WND
================================================================================
1   2   3   4   5  6A  6B    7    8   9   10  11  12  13   14  15   16   17  18
                                     12Z  AVG MX 2MIN
DY MAX MIN AVG DEP HDD CDD  WTR  SNW DPTH SPD SPD DIR MIN PSBL S-S WX    SPD DR
================================================================================

 1  89  78  84   M   0  19 0.16  0.0    0 14.7 23  50   M    M   4 1      31  90
 2  89  79  84   M   0  19 0.18  0.0    0 14.6 21  70   M    M   4 1      25  90
 3  90  77  84   M   0  19 0.29  0.0    0 15.1 26  70   M    M   5 1      32  80
 4  82  75  79   M   0  14 1.08  0.0    0 19.2 30  90   M    M   7 1      37  90
 5  81  77  79   M   0  14 0.89  0.0    0 22.2 32 120   M    M   9 1      44 100
 6  83  78  81   M   0  16 0.46  0.0    0 15.2 23 140   M    M   6 1      35 150
 7  87  77  82   M   0  17 0.17  0.0    0 13.2 23 210   M    M   5 1      29 220
 8  87  80  84   M   0  19 0.14  0.0    0 11.8 21 150   M    M   4 18     26 150
 9  88  79  84   M   0  19 0.31  0.0    0  9.2 24  90   M    M   3 18     31  80
10  89  78  84   M   0  19 0.19  0.0    0 13.6 25  90   M    M   4 18     30 100
11  88  78  83   M   0  18 0.28  0.0    0 11.3 20  90   M    M   5 1      24 100
12  86  77  82   M   0  17 0.44  0.0    0 14.2 17 120   M    M   5 1      27 110
13  87  77  82   M   0  17 0.19  0.0    0  8.3 13 180   M    M   4 1      24 160
14  87  79  83   M   0  18 0.02  0.0    0  7.6 12 100   M    M   3         M  M
15  84  79  82   M   0  17    T  0.0    0  6.2 12  60   M    M   4         M  M
16  88  78  83   M   0  18 0.00  0.0    0  8.4 12 140   M    M   4         M  M
17  87  79  83   M   0  18 0.06  0.0    0  5.2  7  70   M    M   2 1       M  M
18  88  78  83   M   0  18 0.00  0.0    0  6.2 14  70   M    M   2         M  M
================================================================================
SM 1560 1403         0 316  4.86     0.0 216.2          M       80
================================================================================
AV 86.7 77.9                              12.0 FASTST   M    M   4    MAX(MPH)
                                 MISC ---->  # 32 120               # 44  100
================================================================================
NOTES:
# LAST OF SEVERAL OCCURRENCES

COLUMN 17 PEAK WIND IN M.P.H.

PRELIMINARY LOCAL CLIMATOLOGICAL DATA (WS FORM: F-6) , PAGE 2

                                          STATION:  SAIPAN/ISLEY_(CGS) MP
                                          MONTH:    JULY
                                          YEAR:     2018
                                          LATITUDE:   15  7 N
                                          LONGITUDE: 145-44 E

[TEMPERATURE DATA]      [PRECIPITATION DATA]       SYMBOLS USED IN COLUMN 16

AVERAGE MONTHLY: 82.3   TOTAL FOR MONTH:   4.86    1 = FOG OR MIST
DPTR FM NORMAL:     M   DPTR FM NORMAL:    0.66    2 = FOG REDUCING VISIBILITY
HIGHEST:    90 ON  3    GRTST 24HR  1.08 ON  4- 4      TO 1/4 MILE OR LESS
LOWEST:     75 ON  4                               3 = THUNDER
                        SNOW, ICE PELLETS, HAIL    4 = ICE PELLETS
                        TOTAL MONTH:   0.0 INCH    5 = HAIL
                        GRTST 24HR     0.0         6 = FREEZING RAIN OR DRIZZLE
                        GRTST DEPTH:   0           7 = DUSTSTORM OR SANDSTORM:
                                                       VSBY 1/2 MILE OR LESS
                                                   8 = SMOKE OR HAZE
[NO. OF DAYS WITH]      [WEATHER - DAYS WITH]      9 = BLOWING SNOW
                                                   X = TORNADO
MAX 32 OR BELOW:   0    0.01 INCH OR MORE:  15
MAX 90 OR ABOVE:   1    0.10 INCH OR MORE:  13
MIN 32 OR BELOW:   0    0.50 INCH OR MORE:   2
MIN  0 OR BELOW:   0    1.00 INCH OR MORE:   1

[HDD (BASE 65) ]
TOTAL THIS MO.     0    CLEAR  (SCALE 0-3)   4
DPTR FM NORMAL     M    PTCLDY (SCALE 4-7)  13
TOTAL FM JUL 1     0    CLOUDY (SCALE 8-10)  1
DPTR FM NORMAL     M

[CDD (BASE 65) ]
TOTAL THIS MO.   316
DPTR FM NORMAL     M    [PRESSURE DATA]
TOTAL FM JAN 1  3458    HIGHEST SLP M ON M
DPTR FM NORMAL     M    LOWEST  SLP 29.72 ON  5

[REMARKS]
