000
CXUS52 KRAH 201345
CF6GSO
PRELIMINARY LOCAL CLIMATOLOGICAL DATA (WS FORM: F-6)

                                          STATION:   PIEDMONT TRIAD INTL AIRPORT NC
                                          MONTH:     NOVEMBER
                                          YEAR:      2018
                                          LATITUDE:   36  4 N
                                          LONGITUDE:  79 57 W

  TEMPERATURE IN F:       :PCPN:    SNOW:  WIND      :SUNSHINE: SKY     :PK WND
================================================================================
1   2   3   4   5  6A  6B    7    8   9   10  11  12  13   14  15   16   17  18
                                     12Z  AVG MX 2MIN
DY MAX MIN AVG DEP HDD CDD  WTR  SNW DPTH SPD SPD DIR MIN PSBL S-S WX    SPD DR
================================================================================

 1  72  55  64   9   1   0 0.05  0.0    0 12.8 24 160   M    M   9 1      30 170
 2  68  55  62   8   3   0 0.20  0.0    0 12.0 23 190   M    M  10 1      28 210
 3  60  40  50  -4  15   0 0.00  0.0    0  8.5 21 300   M    M   3        28 280
 4  62  38  50  -4  15   0 0.07  0.0    0  6.9 15  90   M    M   4 1      18  80
 5  57  51  54   0  11   0 0.57  0.0    0  5.0 12  40   M    M  10 1      15 300
 6  68  52  60   7   5   0 0.28  0.0    0  8.3 26 310   M    M   9 12     32 300
 7  72  46  59   6   6   0 0.00  0.0    0  3.7  9  30   M    M   4        12 160
 8  65  50  58   5   7   0 0.01  0.0    0  9.4 16  70   M    M   9        23  70
 9  51  46  49  -3  16   0 0.62  0.0    0  6.6 13  70   M    M  10 1      28  60
10  49  32  41 -11  24   0 0.00  0.0    0  8.7 21 310   M    M   2        29 310
11  49  27  38 -14  27   0 0.00  0.0    0  3.6 12  70   M    M   2        15  70
12  43  35  39 -12  26   0 2.46  0.0    0  5.7 17  50   M    M   9 1      22  50
13  52  39  46  -5  19   0 0.20  0.0    0  4.1 10  30   M    M  10 1      14  40
14  44  37  41 -10  24   0 0.04  0.0    0  9.9 17  60   M    M  10        22  60
15  38  33  36 -14  29   0 1.35  0.0    0 12.6 26  60   M    M  10 1      35  50
16  54  31  43  -7  22   0 0.00  0.0    0  7.2 17 270   M    M   4        23 260
17  59  31  45  -5  20   0 0.00  0.0    0  2.0  8  60   M    M   2        11 170
18  58  33  46  -3  19   0 0.00  0.0    0  1.7  9 190   M    M   6 1      12 200
19  63  37  50   1  15   0 0.00  0.0    0  4.7 13 230   M    M   5 18     18 290
================================================================================
SM 1084  768       304   0  5.85     0.0 133.4          M      128
================================================================================
AV 57.1 40.4                               7.0 FASTST   M    M   7    MAX(MPH)
                                 MISC ---->  # 26 310               # 35   50
================================================================================
NOTES:
# LAST OF SEVERAL OCCURRENCES

COLUMN 17 PEAK WIND IN M.P.H.

PRELIMINARY LOCAL CLIMATOLOGICAL DATA (WS FORM: F-6) , PAGE 2

                                          STATION:  PIEDMONT TRIAD INTL AIRPORT NC
                                          MONTH:    NOVEMBER
                                          YEAR:     2018
                                          LATITUDE:   36  4 N
                                          LONGITUDE:  79 57 W

[TEMPERATURE DATA]      [PRECIPITATION DATA]       SYMBOLS USED IN COLUMN 16

AVERAGE MONTHLY: 48.7   TOTAL FOR MONTH:   5.85    1 = FOG OR MIST
DPTR FM NORMAL:  -3.2   DPTR FM NORMAL:    3.87    2 = FOG REDUCING VISIBILITY
HIGHEST:    72 ON  7, 1 GRTST 24HR  2.46 ON 12-12      TO 1/4 MILE OR LESS
LOWEST:     27 ON 11                               3 = THUNDER
                        SNOW, ICE PELLETS, HAIL    4 = ICE PELLETS
                        TOTAL MONTH:   0.0 INCH    5 = HAIL
                        GRTST 24HR     0.0         6 = FREEZING RAIN OR DRIZZLE
                        GRTST DEPTH:   0           7 = DUSTSTORM OR SANDSTORM:
                                                       VSBY 1/2 MILE OR LESS
                                                   8 = SMOKE OR HAZE
[NO. OF DAYS WITH]      [WEATHER - DAYS WITH]      9 = BLOWING SNOW
                                                   X = TORNADO
MAX 32 OR BELOW:   0    0.01 INCH OR MORE:  11
MAX 90 OR ABOVE:   0    0.10 INCH OR MORE:   7
MIN 32 OR BELOW:   4    0.50 INCH OR MORE:   4
MIN  0 OR BELOW:   0    1.00 INCH OR MORE:   2

[HDD (BASE 65) ]
TOTAL THIS MO.   304    CLEAR  (SCALE 0-3)   4
DPTR FM NORMAL    55    PTCLDY (SCALE 4-7)   5
TOTAL FM JUL 1   504    CLOUDY (SCALE 8-10) 10
DPTR FM NORMAL    22

[CDD (BASE 65) ]
TOTAL THIS MO.     0
DPTR FM NORMAL     0    [PRESSURE DATA]
TOTAL FM JAN 1  1953    HIGHEST SLP M ON M
DPTR FM NORMAL   473    LOWEST  SLP 29.61 ON  2

[REMARKS]
