000
CXUS56 KTFX 171013
CF6GTF
PRELIMINARY LOCAL CLIMATOLOGICAL DATA (WS FORM: F-6)

                                          STATION:   GREAT FALLS MT
                                          MONTH:     JULY
                                          YEAR:      2018
                                          LATITUDE:   47 28 N
                                          LONGITUDE: 111 22 W

  TEMPERATURE IN F:       :PCPN:    SNOW:  WIND      :SUNSHINE: SKY     :PK WND
================================================================================
1   2   3   4   5  6A  6B    7    8   9   10  11  12  13   14  15   16   17  18
                                     12Z  AVG MX 2MIN
DY MAX MIN AVG DEP HDD CDD  WTR  SNW DPTH SPD SPD DIR MIN PSBL S-S WX    SPD DR
================================================================================

 1  76  53  65   1   0   0 0.00  0.0    0 16.1 26 230   M    M   3        39 240
 2  73  47  60  -4   5   0 0.00  0.0    0 16.2 31 240   M    M   0        46 230
 3  63  41  52 -13  13   0 0.05  0.0    0  7.9 20 290   M    M   4        27 170
 4  74  40  57  -8   8   0 0.00  0.0    0  7.2 15  90   M    M   0 8      21  60
 5  86  46  66   1   0   1 0.00  0.0    0  6.9 21 200   M    M   0        25 200
 6  99  58  79  14   0  14 0.00  0.0    0 10.6 22 280   M    M   0        28 280
 7  89  62  76  10   0  11 0.00  0.0    0 12.7 30 250   M    M   0        40 230
 8  86  50  68   2   0   3 0.00  0.0    0  8.6 16  50   M    M   0        22  60
 9  95  55  75   9   0  10 0.00  0.0    0  7.9 15 110   M    M   0        21 110
10  97  56  77  11   0  12 0.00  0.0    0 11.4 38 270   M    M   0        51 260
11  83  49  66  -1   0   1 0.00  0.0    0  5.6 13  30   M    M   0        19 240
12  87  52  70   3   0   5 0.00  0.0    0  5.8 14 220   M    M   1        19 170
13  96  54  75   8   0  10 0.00  0.0    0  9.4 20 210   M    M   0        27 220
14  70  52  61  -6   4   0 0.00  0.0    0  7.7 17 350   M    M   6        26 350
15  88  46  67  -1   0   2 0.00  0.0    0  5.2 12  80   M    M   0        16  70
16  94  53  74   6   0   9 0.00  0.0    0  4.9 12 200   M    M   0        17 280
================================================================================
SM 1356  814        30  78  0.05     0.0 144.1          M       14
================================================================================
AV 84.8 50.9                               9.0 FASTST   M    M   1    MAX(MPH)
                                 MISC ---->  # 38 270               # 51  260
================================================================================
NOTES:
# LAST OF SEVERAL OCCURRENCES

COLUMN 17 PEAK WIND IN M.P.H.

PRELIMINARY LOCAL CLIMATOLOGICAL DATA (WS FORM: F-6) , PAGE 2

                                          STATION:  GREAT FALLS MT
                                          MONTH:    JULY
                                          YEAR:     2018
                                          LATITUDE:   47 28 N
                                          LONGITUDE: 111 22 W

[TEMPERATURE DATA]      [PRECIPITATION DATA]       SYMBOLS USED IN COLUMN 16

AVERAGE MONTHLY: 67.8   TOTAL FOR MONTH:   0.05    1 = FOG OR MIST
DPTR FM NORMAL:   1.8   DPTR FM NORMAL:   -0.85    2 = FOG REDUCING VISIBILITY
HIGHEST:    99 ON  6    GRTST 24HR  0.05 ON  3- 3      TO 1/4 MILE OR LESS
LOWEST:     40 ON  4                               3 = THUNDER
                        SNOW, ICE PELLETS, HAIL    4 = ICE PELLETS
                        TOTAL MONTH:   0.0 INCH    5 = HAIL
                        GRTST 24HR     0.0         6 = FREEZING RAIN OR DRIZZLE
                        GRTST DEPTH:   0           7 = DUSTSTORM OR SANDSTORM:
                                                       VSBY 1/2 MILE OR LESS
                                                   8 = SMOKE OR HAZE
[NO. OF DAYS WITH]      [WEATHER - DAYS WITH]      9 = BLOWING SNOW
                                                   X = TORNADO
MAX 32 OR BELOW:   0    0.01 INCH OR MORE:   1
MAX 90 OR ABOVE:   5    0.10 INCH OR MORE:   0
MIN 32 OR BELOW:   0    0.50 INCH OR MORE:   0
MIN  0 OR BELOW:   0    1.00 INCH OR MORE:   0

[HDD (BASE 65) ]
TOTAL THIS MO.    30    CLEAR  (SCALE 0-3)  13
DPTR FM NORMAL    -5    PTCLDY (SCALE 4-7)   3
TOTAL FM JUL 1    30    CLOUDY (SCALE 8-10)  0
DPTR FM NORMAL    -5

[CDD (BASE 65) ]
TOTAL THIS MO.    78
DPTR FM NORMAL    26    [PRESSURE DATA]
TOTAL FM JAN 1   137    HIGHEST SLP M ON M
DPTR FM NORMAL    46    LOWEST  SLP 29.71 ON  2

[REMARKS]
