000
CXUS56 KTFX 161205
CF6GTF
PRELIMINARY LOCAL CLIMATOLOGICAL DATA (WS FORM: F-6)

                                          STATION:   GREAT FALLS MT
                                          MONTH:     OCTOBER
                                          YEAR:      2018
                                          LATITUDE:   47 28 N
                                          LONGITUDE: 111 22 W

  TEMPERATURE IN F:       :PCPN:    SNOW:  WIND      :SUNSHINE: SKY     :PK WND
================================================================================
1   2   3   4   5  6A  6B    7    8   9   10  11  12  13   14  15   16   17  18
                                     12Z  AVG MX 2MIN
DY MAX MIN AVG DEP HDD CDD  WTR  SNW DPTH SPD SPD DIR MIN PSBL S-S WX    SPD DR
================================================================================

 1  67  28  48  -2  17   0 0.00  0.0    0 12.7 28 230   M    M   1 1      37 230
 2  43  35  39 -11  26   0 0.20  0.0    0  6.2 13  10   M    M   9 1      17  10
 3  42  26  34 -16  31   0 0.05  0.3    T  8.1 25 320   M    M   5 1      33 310
 4  40  23  32 -18  33   0 0.06    T    0  2.5 10 300   M    M   6 1      12 300
 5  55  33  44  -5  21   0    T  0.0    0  7.4 16 270   M    M   4        21 220
 6  55  35  45  -4  20   0 0.00  0.0    0  6.0 13  30   M    M   9        16  20
 7  56  31  44  -4  21   0 0.00  0.0    0  4.6 12  90   M    M   4        16 100
 8  52  30  41  -7  24   0 0.07  0.3    0  6.8 22 360   M    M   9 1      28 360
 9  45  31  38 -10  27   0 0.03    T    0 12.2 25  60   M    M  10 12     33  60
10  41  32  37 -10  28   0 0.01    T    0  8.4 20  60   M    M  10 1      25  70
11  47  31  39  -8  26   0    T  0.0    0  5.4 14 210   M    M   6 1      18 210
12  62  32  47   0  18   0 0.06    T    0 19.7 35 220   M    M   1 1      47 230
13  32  27  30 -16  35   0 0.22  1.6    2  9.2 22 360   M    M   9 1      29 360
14  46  24  35 -11  30   0    T    T    T 11.5 22 240   M    M   4        29 220
15  57  37  47   1  18   0 0.00  0.0    0 16.7 26 230   M    M   4        33 230
================================================================================
SM  740  455       375   0  0.70     2.2 137.4          M       91
================================================================================
AV 49.3 30.3                               9.2 FASTST   M    M   6    MAX(MPH)
                                 MISC ---->  # 35 220               # 47  230
================================================================================
NOTES:
# LAST OF SEVERAL OCCURRENCES

COLUMN 17 PEAK WIND IN M.P.H.

PRELIMINARY LOCAL CLIMATOLOGICAL DATA (WS FORM: F-6) , PAGE 2

                                          STATION:  GREAT FALLS MT
                                          MONTH:    OCTOBER
                                          YEAR:     2018
                                          LATITUDE:   47 28 N
                                          LONGITUDE: 111 22 W

[TEMPERATURE DATA]      [PRECIPITATION DATA]       SYMBOLS USED IN COLUMN 16

AVERAGE MONTHLY: 39.8   TOTAL FOR MONTH:   0.70    1 = FOG OR MIST
DPTR FM NORMAL:  -8.2   DPTR FM NORMAL:    0.22    2 = FOG REDUCING VISIBILITY
HIGHEST:    67 ON  1    GRTST 24HR  0.22 ON 13-13      TO 1/4 MILE OR LESS
LOWEST:     23 ON  4                               3 = THUNDER
                        SNOW, ICE PELLETS, HAIL    4 = ICE PELLETS
                        TOTAL MONTH:   2.2 INCHES  5 = HAIL
                        GRTST 24HR   1.6 ON 13-13  6 = FREEZING RAIN OR DRIZZLE
                        GRTST DEPTH:   2 ON 13     7 = DUSTSTORM OR SANDSTORM:
                                                       VSBY 1/2 MILE OR LESS
                                                   8 = SMOKE OR HAZE
[NO. OF DAYS WITH]      [WEATHER - DAYS WITH]      9 = BLOWING SNOW
                                                   X = TORNADO
MAX 32 OR BELOW:   1    0.01 INCH OR MORE:   8
MAX 90 OR ABOVE:   0    0.10 INCH OR MORE:   2
MIN 32 OR BELOW:  11    0.50 INCH OR MORE:   0
MIN  0 OR BELOW:   0    1.00 INCH OR MORE:   0

[HDD (BASE 65) ]
TOTAL THIS MO.   375    CLEAR  (SCALE 0-3)   2
DPTR FM NORMAL   120    PTCLDY (SCALE 4-7)   7
TOTAL FM JUL 1   832    CLOUDY (SCALE 8-10)  6
DPTR FM NORMAL   170

[CDD (BASE 65) ]
TOTAL THIS MO.     0
DPTR FM NORMAL     0    [PRESSURE DATA]
TOTAL FM JAN 1   324    HIGHEST SLP M ON M
DPTR FM NORMAL    27    LOWEST  SLP 29.51 ON  3

[REMARKS]
