000
CXGM50 PGUM 181850
CF6GUM
PRELIMINARY LOCAL CLIMATOLOGICAL DATA (WS FORM: F-6)

                                          STATION:   GUAM INTERNATIONAL AIRPORT
                                          MONTH:     NOVEMBER
                                          YEAR:      2018
                                          LATITUDE:   13 29 N
                                          LONGITUDE: 144-48 E

  TEMPERATURE IN F:       :PCPN:    SNOW:  WIND      :SUNSHINE: SKY     :PK WND
================================================================================
1   2   3   4   5  6A  6B    7    8   9   10  11  12  13   14  15   16   17  18
                                     12Z  AVG MX 2MIN
DY MAX MIN AVG DEP HDD CDD  WTR  SNW DPTH SPD SPD DIR MIN PSBL S-S WX    SPD DR
================================================================================

 1  90  80  85   3   0  20 0.01  0.0    0 10.4 20  60   M    M   5 1      23  60
 2  90  80  85   3   0  20 0.21  0.0    0 10.1 20  50   M    M   6 18     23  50
 3  90  80  85   3   0  20 0.21  0.0    0 10.1 22  60   M    M   4 1      26  50
 4  90  79  85   3   0  20 0.00  0.0    0 10.4 22  70   M    M   1        26  50
 5  90  79  85   3   0  20 0.01  0.0    0 11.0 20  80   M    M   2 1      27  80
 6  90  81  86   4   0  21 0.00  0.0    0 13.1 26  70   M    M   2        37  80
 7  91  79  85   3   0  20    T  0.0    0 11.9 24  60   M    M   1        27  60
 8  86  77  82   0   0  17 0.26  0.0    0 12.8 31  80   M    M   3 1      44  70
 9  87  78  83   1   0  18 0.22  0.0    0  9.1 23  90   M    M   1 1      29  90
10  90  76  83   1   0  18 0.00  0.0    0  9.8 18  50   M    M   0        22  50
11  90  78  84   2   0  19 0.00  0.0    0 10.5 18  80   M    M   1        23  60
12  91  79  85   3   0  20 0.00  0.0    M  9.6 17  60   M    M   2        24  70
13  90  79  85   3   0  20 0.00  0.0    0  9.3 16  90   M    M   1        21  90
14  90  77  84   2   0  19 0.00  0.0    0  9.8 20  50   M    M   2        24  20
15  91  81  86   4   0  21 0.14  0.0    0  9.7 22  40   M    M   4        26  40
16  89  81  85   3   0  20 0.32  0.0    0 12.6 23  80   M    M   3 1      32  70
17  90  79  85   3   0  20 0.20  0.0    0 10.2 18  80   M    M   3 18     24  90
18  90  79  85   3   0  20 0.05  0.0    0 11.6 17  60   M    M   2 1      22 100
================================================================================
SM 1615 1422         0 353  1.63     0.0 192.0          M       43
================================================================================
AV 89.7 79.0                              10.7 FASTST   M    M   2    MAX(MPH)
                                 MISC ---->  # 31  80               # 44   70
================================================================================
NOTES:
# LAST OF SEVERAL OCCURRENCES

COLUMN 17 PEAK WIND IN M.P.H.

PRELIMINARY LOCAL CLIMATOLOGICAL DATA (WS FORM: F-6) , PAGE 2

                                          STATION:  GUAM INTERNATIONAL AIRPORT
                                          MONTH:    NOVEMBER
                                          YEAR:     2018
                                          LATITUDE:   13 29 N
                                          LONGITUDE: 144-48 E

[TEMPERATURE DATA]      [PRECIPITATION DATA]       SYMBOLS USED IN COLUMN 16

AVERAGE MONTHLY: 84.4   TOTAL FOR MONTH:   1.63    1 = FOG OR MIST
DPTR FM NORMAL:   2.4   DPTR FM NORMAL:   -4.06    2 = FOG REDUCING VISIBILITY
HIGHEST:    91 ON 15,12 GRTST 24HR  0.32 ON 16-16      TO 1/4 MILE OR LESS
LOWEST:     76 ON 10                               3 = THUNDER
                        SNOW, ICE PELLETS, HAIL    4 = ICE PELLETS
                        TOTAL MONTH:   0.0 INCH    5 = HAIL
                        GRTST 24HR     0.0         6 = FREEZING RAIN OR DRIZZLE
                        GRTST DEPTH:   0           7 = DUSTSTORM OR SANDSTORM:
                                                       VSBY 1/2 MILE OR LESS
                                                   8 = SMOKE OR HAZE
[NO. OF DAYS WITH]      [WEATHER - DAYS WITH]      9 = BLOWING SNOW
                                                   X = TORNADO
MAX 32 OR BELOW:   0    0.01 INCH OR MORE:  10
MAX 90 OR ABOVE:  15    0.10 INCH OR MORE:   7
MIN 32 OR BELOW:   0    0.50 INCH OR MORE:   0
MIN  0 OR BELOW:   0    1.00 INCH OR MORE:   0

[HDD (BASE 65) ]
TOTAL THIS MO.     0    CLEAR  (SCALE 0-3)  14
DPTR FM NORMAL     0    PTCLDY (SCALE 4-7)   4
TOTAL FM JUL 1     0    CLOUDY (SCALE 8-10)  0
DPTR FM NORMAL     0

[CDD (BASE 65) ]
TOTAL THIS MO.   353
DPTR FM NORMAL    47    [PRESSURE DATA]
TOTAL FM JAN 1  5961    HIGHEST SLP M ON M
DPTR FM NORMAL   659    LOWEST  SLP 29.73 ON 16

[REMARKS]
