000
CXUS52 KFFC 241110
CF6GVL
PRELIMINARY LOCAL CLIMATOLOGICAL DATA (WS FORM: F-6)

                                          STATION:   GAINESVILLE
                                          MONTH:     JUNE
                                          YEAR:      2018
                                          LATITUDE:   34 16 N
                                          LONGITUDE:  83 50 W

  TEMPERATURE IN F:       :PCPN:    SNOW:  WIND      :SUNSHINE: SKY     :PK WND
================================================================================
1   2   3   4   5  6A  6B    7    8   9   10  11  12  13   14  15   16   17  18
                                     12Z  AVG MX 2MIN
DY MAX MIN AVG DEP HDD CDD  WTR  SNW DPTH SPD SPD DIR MIN PSBL S-S WX    SPD DR
================================================================================

 1  86  65  76   4   0  11 0.94  0.0    0  8.4 37 260   M    M   4 138    53 280
 2   M   M   M   M   M   M    M    M    M   M   M   M   M    M   M 138     M  M
 3  87  68  78   5   0  13 0.72  0.0    0  7.0 28 350   M    M   0 138    36 340
 4  84  63  74   1   0   9 0.00  0.0    0  7.4 15 340   M    M   0        20 290
 5  79  63  71  -2   0   6 0.00  0.0    0  5.5 13 250   M    M   0        15 240
 6  88  60  74   0   0   9 0.00  0.0    0  4.7 14 290   M    M   0        17 260
 7  87  66  77   3   0  12 0.00  0.0    0  4.6 15  90   M    M   0        25 190
 8  88  69  79   5   0  14 0.00  0.0    0  5.2 13 100   M    M   1        17 100
 9  89  68  79   5   0  14    T  0.0    0  4.6 17 350   M    M   1 3      25 330
10  89  66  78   3   0  13 0.08  0.0    0  4.5 22 240   M    M   0 13     32 240
11  86  68  77   2   0  12 0.45  0.0    0  6.0 33 280   M    M   2 13     41 280
12  78  67  73  -2   0   8 0.01  0.0    0  6.9 14  60   M    M   6 1      33  90
13  84  67  76   1   0  11    T  0.0    0  4.1 12 170   M    M   7 13     15 160
14  84  70  77   1   0  12 0.00  0.0    0  5.3 12 280   M    M   0 3      15 300
15  91  71  81   5   0  16 0.00  0.0    0  4.4 10 140   M    M   1 1      15 150
16  91  70  81   5   0  16    T  0.0    0  4.0 18 130   M    M   1 13     26 150
17  88  69  79   3   0  14 0.00  0.0    0  3.6 10 170   M    M   1        13 150
18  93  70  82   6   0  17 0.00  0.0    0  4.2 10 290   M    M   2        13 320
19  92  74  83   6   0  18 0.00  0.0    0  6.4 14 280   M    M   1        17 270
20  92  74  83   6   0  18 0.00  0.0    0  7.5 17 290   M    M   0        21 290
21  88  73  81   4   0  16    T  0.0    0  6.8 16 260   M    M   2 3      20 260
22  89  70  80   3   0  15 0.08  0.0    0  8.3 22 280   M    M   2 13     32 290
23  86  70  78   1   0  13    T  0.0    0  7.8 18 260   M    M   5        28 260
================================================================================
SM 1919 1501         0 287  2.28     0.0 127.2          M       36
================================================================================
AV 87.2 68.2                               5.8 FASTST   M    M   2    MAX(MPH)
                                 MISC ---->  # 37 260               # 53  280
================================================================================
NOTES:
# LAST OF SEVERAL OCCURRENCES

COLUMN 17 PEAK WIND IN M.P.H.

PRELIMINARY LOCAL CLIMATOLOGICAL DATA (WS FORM: F-6) , PAGE 2

                                          STATION:  GAINESVILLE
                                          MONTH:    JUNE
                                          YEAR:     2018
                                          LATITUDE:   34 16 N
                                          LONGITUDE:  83 50 W

[TEMPERATURE DATA]      [PRECIPITATION DATA]       SYMBOLS USED IN COLUMN 16

AVERAGE MONTHLY: 77.7   TOTAL FOR MONTH:   2.28    1 = FOG OR MIST
DPTR FM NORMAL:   2.7   DPTR FM NORMAL:   -1.04    2 = FOG REDUCING VISIBILITY
HIGHEST:    93 ON 18    GRTST 24HR  0.94 ON  1- 1      TO 1/4 MILE OR LESS
LOWEST:     60 ON  6                               3 = THUNDER
                        SNOW, ICE PELLETS, HAIL    4 = ICE PELLETS
                        TOTAL MONTH:   0.0 INCH    5 = HAIL
                        GRTST 24HR     0.0         6 = FREEZING RAIN OR DRIZZLE
                        GRTST DEPTH:   0           7 = DUSTSTORM OR SANDSTORM:
                                                       VSBY 1/2 MILE OR LESS
                                                   8 = SMOKE OR HAZE
[NO. OF DAYS WITH]      [WEATHER - DAYS WITH]      9 = BLOWING SNOW
                                                   X = TORNADO
MAX 32 OR BELOW:   0    0.01 INCH OR MORE:   6
MAX 90 OR ABOVE:   5    0.10 INCH OR MORE:   3
MIN 32 OR BELOW:   0    0.50 INCH OR MORE:   2
MIN  0 OR BELOW:   0    1.00 INCH OR MORE:   0

[HDD (BASE 65) ]
TOTAL THIS MO.     0    CLEAR  (SCALE 0-3)  18
DPTR FM NORMAL     0    PTCLDY (SCALE 4-7)   4
TOTAL FM JUL 1  2869    CLOUDY (SCALE 8-10)  0
DPTR FM NORMAL  -194

[CDD (BASE 65) ]
TOTAL THIS MO.   287
DPTR FM NORMAL    55    [PRESSURE DATA]
TOTAL FM JAN 1   567    HIGHEST SLP M ON M
DPTR FM NORMAL   160    LOWEST  SLP 29.77 ON 22

[REMARKS]
