000
CXUS54 KFWD 200730
CF6GVT
PRELIMINARY LOCAL CLIMATOLOGICAL DATA (WS FORM: F-6)

                                          STATION:   GREENVILLE
                                          MONTH:     MAY
                                          YEAR:      2018
                                          LATITUDE:   33  4 N
                                          LONGITUDE:  96  4 W

  TEMPERATURE IN F:       :PCPN:    SNOW:  WIND      :SUNSHINE: SKY     :PK WND
================================================================================
1   2   3   4   5  6A  6B    7    8   9   10  11  12  13   14  15   16   17  18
                                     12Z  AVG MX 2MIN
DY MAX MIN AVG DEP HDD CDD  WTR  SNW DPTH SPD SPD DIR MIN PSBL S-S WX    SPD DR
================================================================================

 1  81  68  75   6   0  10 0.00  0.0    0 12.0 16 150   M    M   9        25 150
 2  86  73  80  11   0  15 0.00  0.0    0 11.9 17 150   M    M   9        22 160
 3  77  70  74   4   0   9 0.42  0.0    0  8.1 16 160   M    M   9 13     23 160
 4  73  63  68  -2   0   3 0.36  0.0    0  4.5 14 140   M    M   6 3      17 330
 5  82  57  70   0   0   5 0.00  0.0    0  3.3 12 350   M    M   3 12     17 320
 6  86  55  71   1   0   6 0.00  0.0    0  1.7  8 290   M    M   0         M  M
 7  90  59  75   4   0  10 0.00  0.0    0  3.5  8 170   M    M   0         M  M
 8  90  64  77   6   0  12 0.00  0.0    0  8.6 18 180   M    M   0        22 180
 9  88  68  78   7   0  13 0.00  0.0    0 10.0 17 190   M    M   0        24 190
10  86  68  77   5   0  12 0.00  0.0    0 10.1 17 180   M    M   0        24 170
11  90  70  80   8   0  15 0.00  0.0    0 13.7 20 170   M    M   4        29 170
12  90  73  82  10   0  17 0.00  0.0    0 10.5 15 170   M    M   5        22 180
13  90  72  81   9   0  16 0.00  0.0    0  7.9 15 140   M    M   4 1      17 180
14  90  72  81   8   0  16 0.00  0.0    0  8.5 15 190   M    M   3        18 190
15  90  68  79   6   0  14 0.13  0.0    0  4.4 14 360   M    M   4 3      36 360
16  91  64  78   5   0  13 0.00  0.0    0  2.7  8 360   M    M   1         M  M
17  91  66  79   5   0  14 0.00  0.0    0  2.4  8 120   M    M   0         M  M
18  95  70  83   9   0  18 0.04  0.0    0  6.0 16 290   M    M   1 3      24 290
19  91  72  82   8   0  17 0.00  0.0    0  8.7 15 190   M    M   3        23 170
================================================================================
SM 1657 1272         0 235  0.95     0.0 138.5          M       61
================================================================================
AV 87.2 67.0                               7.3 FASTST   M    M   3    MAX(MPH)
                                 MISC ---->  # 20 170               # 36  360
================================================================================
NOTES:
# LAST OF SEVERAL OCCURRENCES

COLUMN 17 PEAK WIND IN M.P.H.

PRELIMINARY LOCAL CLIMATOLOGICAL DATA (WS FORM: F-6) , PAGE 2

                                          STATION:  GREENVILLE
                                          MONTH:    MAY
                                          YEAR:     2018
                                          LATITUDE:   33  4 N
                                          LONGITUDE:  96  4 W

[TEMPERATURE DATA]      [PRECIPITATION DATA]       SYMBOLS USED IN COLUMN 16

AVERAGE MONTHLY: 77.1   TOTAL FOR MONTH:   0.95    1 = FOG OR MIST
DPTR FM NORMAL:   5.5   DPTR FM NORMAL:   -2.27    2 = FOG REDUCING VISIBILITY
HIGHEST:    95 ON 18    GRTST 24HR  0.42 ON  3- 3      TO 1/4 MILE OR LESS
LOWEST:     55 ON  6                               3 = THUNDER
                        SNOW, ICE PELLETS, HAIL    4 = ICE PELLETS
                        TOTAL MONTH:   0.0 INCH    5 = HAIL
                        GRTST 24HR     0.0         6 = FREEZING RAIN OR DRIZZLE
                        GRTST DEPTH:   0           7 = DUSTSTORM OR SANDSTORM:
                                                       VSBY 1/2 MILE OR LESS
                                                   8 = SMOKE OR HAZE
[NO. OF DAYS WITH]      [WEATHER - DAYS WITH]      9 = BLOWING SNOW
                                                   X = TORNADO
MAX 32 OR BELOW:   0    0.01 INCH OR MORE:   4
MAX 90 OR ABOVE:  11    0.10 INCH OR MORE:   3
MIN 32 OR BELOW:   0    0.50 INCH OR MORE:   0
MIN  0 OR BELOW:   0    1.00 INCH OR MORE:   0

[HDD (BASE 65) ]
TOTAL THIS MO.     0    CLEAR  (SCALE 0-3)  11
DPTR FM NORMAL    -9    PTCLDY (SCALE 4-7)   5
TOTAL FM JUL 1  2109    CLOUDY (SCALE 8-10)  3
DPTR FM NORMAL  -293

[CDD (BASE 65) ]
TOTAL THIS MO.   235
DPTR FM NORMAL   102    [PRESSURE DATA]
TOTAL FM JAN 1   356    HIGHEST SLP M ON M
DPTR FM NORMAL   101    LOWEST  SLP M ON M

[REMARKS]
