000
CXUS55 KBOU 170900
CF6GXY
PRELIMINARY LOCAL CLIMATOLOGICAL DATA (WS FORM: F-6)

                                          STATION:   GREELEY  CO
                                          MONTH:     NOVEMBER
                                          YEAR:      2018
                                          LATITUDE:   40 25 N
                                          LONGITUDE: 104 38 W

  TEMPERATURE IN F:       :PCPN:    SNOW:  WIND      :SUNSHINE: SKY     :PK WND
================================================================================
1   2   3   4   5  6A  6B    7    8   9   10  11  12  13   14  15   16   17  18
                                     12Z  AVG MX 2MIN
DY MAX MIN AVG DEP HDD CDD  WTR  SNW DPTH SPD SPD DIR MIN PSBL S-S WX    SPD DR
================================================================================

 1  59  31  45   M  20   0    M    M    M  8.4 27 320   M    M   7        35 340
 2  66  32  49   M  16   0    M    M    M  6.6 18 290   M    M   2        35 310
 3  57  36  47   M  18   0    M    M    M 16.6 29 340   M    M   7        37 320
 4  56  24  40   M  25   0    M    M    M  4.1  9 180   M    M   2         M  M
 5  57  32  45   M  20   0    M    M    M 11.9 28 300   M    M   5        33 300
 6  52  25  39   M  26   0    M    M    M  5.4  9  30   M    M   2 8       M  M
 7  42  25  34   M  31   0    M    M    M  6.4 12 110   M    M   6        18 150
 8  43  17  30   M  35   0    M    M    M  4.7 10  30   M    M   5         M  M
 9  42  14  28   M  37   0    M    M    M  5.6 15  70   M    M   0        16 170
10  62  16  39   M  26   0    M    M    M  6.5 21  40   M    M   1        28  50
11   M   M   M   M   M   M    M    M    M  6.8 16  40   M    M   7 1       M  M
12  32  14  23   M  42   0    M    M    M  4.9 10 340   M    M   1         M  M
13  52  17  35   M  30   0    M    M    M  2.6  9 230   M    M   4         M  M
14  62  16  39   M  26   0    M    M    M  2.9  7 220   M    M   0         M  M
15  64  18  41   M  24   0    M    M    M  4.8 10 250   M    M   0         M  M
16  54  17  36   M  29   0 0.00  0.0    0  6.1 20  30   M    M   1        31  40
================================================================================
SM  800  334       405   0  0.00     0.0 104.3          M       50
================================================================================
AV 53.3 22.3                               6.5 FASTST   M    M   3    MAX(MPH)
                                 MISC ---->  # 29 340               # 37  320
================================================================================
NOTES:
# LAST OF SEVERAL OCCURRENCES

COLUMN 17 PEAK WIND IN M.P.H.

PRELIMINARY LOCAL CLIMATOLOGICAL DATA (WS FORM: F-6) , PAGE 2

                                          STATION:  GREELEY  CO
                                          MONTH:    NOVEMBER
                                          YEAR:     2018
                                          LATITUDE:   40 25 N
                                          LONGITUDE: 104 38 W

[TEMPERATURE DATA]      [PRECIPITATION DATA]       SYMBOLS USED IN COLUMN 16

AVERAGE MONTHLY: 37.8   TOTAL FOR MONTH:   0.00    1 = FOG OR MIST
DPTR FM NORMAL:     M   DPTR FM NORMAL:       M    2 = FOG REDUCING VISIBILITY
HIGHEST:    66 ON  2    GRTST 24HR  0.00 ON 16-16      TO 1/4 MILE OR LESS
LOWEST:     14 ON 12, 9                            3 = THUNDER
                        SNOW, ICE PELLETS, HAIL    4 = ICE PELLETS
                        TOTAL MONTH:   0.0 INCH    5 = HAIL
                        GRTST 24HR     0.0         6 = FREEZING RAIN OR DRIZZLE
                        GRTST DEPTH:   0           7 = DUSTSTORM OR SANDSTORM:
                                                       VSBY 1/2 MILE OR LESS
                                                   8 = SMOKE OR HAZE
[NO. OF DAYS WITH]      [WEATHER - DAYS WITH]      9 = BLOWING SNOW
                                                   X = TORNADO
MAX 32 OR BELOW:   1    0.01 INCH OR MORE:   0
MAX 90 OR ABOVE:   0    0.10 INCH OR MORE:   0
MIN 32 OR BELOW:  14    0.50 INCH OR MORE:   0
MIN  0 OR BELOW:   0    1.00 INCH OR MORE:   0

[HDD (BASE 65) ]
TOTAL THIS MO.   405    CLEAR  (SCALE 0-3)   9
DPTR FM NORMAL     M    PTCLDY (SCALE 4-7)   7
TOTAL FM JUL 1   968    CLOUDY (SCALE 8-10)  0
DPTR FM NORMAL     M

[CDD (BASE 65) ]
TOTAL THIS MO.     0
DPTR FM NORMAL     M    [PRESSURE DATA]
TOTAL FM JAN 1   858    HIGHEST SLP M ON M
DPTR FM NORMAL     M    LOWEST  SLP 29.57 ON  5

[REMARKS]
