000
CXUS53 KGID 160730
CF6HDE
PRELIMINARY LOCAL CLIMATOLOGICAL DATA (WS FORM: F-6)

                                          STATION:   HOLDREGE
                                          MONTH:     OCTOBER
                                          YEAR:      2018
                                          LATITUDE:   40 27 N
                                          LONGITUDE:  99 20 W

  TEMPERATURE IN F:       :PCPN:    SNOW:  WIND      :SUNSHINE: SKY     :PK WND
================================================================================
1   2   3   4   5  6A  6B    7    8   9   10  11  12  13   14  15   16   17  18
                                     12Z  AVG MX 2MIN
DY MAX MIN AVG DEP HDD CDD  WTR  SNW DPTH SPD SPD DIR MIN PSBL S-S WX    SPD DR
================================================================================

 1  58  46  52  -6  13   0    T    M    M  6.1  9 110   M    M   8 1       M  M
 2  69  49  59   1   6   0 0.00    M    M  5.8  9 140   M    M   7 1       M  M
 3  92  46  69  12   0   4 0.00    M    M 16.3 33 360   M    M   0        39 360
 4  46  36  41 -16  24   0 0.30    M    M 10.9 21  40   M    M   7 1      38  20
 5  52  37  45 -11  20   0 0.00    M    M  7.3 22 360   M    M   9 1      32 360
 6  56  37  47  -9  18   0 0.00    M    M 11.6 18  10   M    M   6        25  10
 7  47  42  45 -10  20   0 0.53    M    M  8.9 13  90   M    M  10 13      M  M
 8  46  43  45 -10  20   0 0.23    M    M 10.3 17  60   M    M  10 1      17  40
 9  44  38  41 -14  24   0 0.79    M    M 16.4 22 350   M    M  10 1      29 360
10  45  31  38 -16  27   0 0.00    M    M 12.2 17 320   M    M   9 1      25 320
11  49  27  38 -16  27   0    T    M    M  4.7  9 220   M    M   5        16 220
12  55  37  46  -8  19   0    T    M    M  5.5 10 330   M    M   6        18 320
13  65  38  52  -1  13   0 0.18    M    M 10.9 17  40   M    M   6 1      24 200
14  40  29  35 -18  30   0    M    M    M 16.8 28  20   M    M  10 1      41 360
15  48  22  35 -17  30   0 0.00    M    M  7.2 12 270   M    M   1         M  M
================================================================================
SM  812  558       291   4  2.03    M    150.9          M      104
================================================================================
AV 54.1 37.2                              10.1 FASTST   M    M   7    MAX(MPH)
                                 MISC ---->  # 33 360               # 41  360
================================================================================
NOTES:
# LAST OF SEVERAL OCCURRENCES

COLUMN 17 PEAK WIND IN M.P.H.

PRELIMINARY LOCAL CLIMATOLOGICAL DATA (WS FORM: F-6) , PAGE 2

                                          STATION:  HOLDREGE
                                          MONTH:    OCTOBER
                                          YEAR:     2018
                                          LATITUDE:   40 27 N
                                          LONGITUDE:  99 20 W

[TEMPERATURE DATA]      [PRECIPITATION DATA]       SYMBOLS USED IN COLUMN 16

AVERAGE MONTHLY: 45.7   TOTAL FOR MONTH:   2.03    1 = FOG OR MIST
DPTR FM NORMAL:  -9.5   DPTR FM NORMAL:    0.97    2 = FOG REDUCING VISIBILITY
HIGHEST:    92 ON  3    GRTST 24HR  0.79 ON  9- 9      TO 1/4 MILE OR LESS
LOWEST:     22 ON 15                               3 = THUNDER
                        SNOW, ICE PELLETS, HAIL    4 = ICE PELLETS
                        TOTAL MONTH:    M          5 = HAIL
                        GRTST 24HR    M  ON   M    6 = FREEZING RAIN OR DRIZZLE
                        GRTST DEPTH:  M  ON   M    7 = DUSTSTORM OR SANDSTORM:
                                                       VSBY 1/2 MILE OR LESS
                                                   8 = SMOKE OR HAZE
[NO. OF DAYS WITH]      [WEATHER - DAYS WITH]      9 = BLOWING SNOW
                                                   X = TORNADO
MAX 32 OR BELOW:   0    0.01 INCH OR MORE:   5
MAX 90 OR ABOVE:   1    0.10 INCH OR MORE:   5
MIN 32 OR BELOW:   4    0.50 INCH OR MORE:   2
MIN  0 OR BELOW:   0    1.00 INCH OR MORE:   0

[HDD (BASE 65) ]
TOTAL THIS MO.   291    CLEAR  (SCALE 0-3)   2
DPTR FM NORMAL   135    PTCLDY (SCALE 4-7)   7
TOTAL FM JUL 1   395    CLOUDY (SCALE 8-10)  6
DPTR FM NORMAL   116

[CDD (BASE 65) ]
TOTAL THIS MO.     4
DPTR FM NORMAL    -3    [PRESSURE DATA]
TOTAL FM JAN 1  1034    HIGHEST SLP M ON M
DPTR FM NORMAL   121    LOWEST  SLP M ON M

[REMARKS]
