000
CXUS53 KGID 190730
CF6HDE
PRELIMINARY LOCAL CLIMATOLOGICAL DATA (WS FORM: F-6)

                                          STATION:   HOLDREGE
                                          MONTH:     JULY
                                          YEAR:      2018
                                          LATITUDE:   40 27 N
                                          LONGITUDE:  99 20 W

  TEMPERATURE IN F:       :PCPN:    SNOW:  WIND      :SUNSHINE: SKY     :PK WND
================================================================================
1   2   3   4   5  6A  6B    7    8   9   10  11  12  13   14  15   16   17  18
                                     12Z  AVG MX 2MIN
DY MAX MIN AVG DEP HDD CDD  WTR  SNW DPTH SPD SPD DIR MIN PSBL S-S WX    SPD DR
================================================================================

 1  77  56  67  -7   0   2 0.00    M    M  6.4 15 350   M    M   0        22 350
 2  88  62  75   1   0  10 0.00    M    M 11.4 16 170   M    M   1        27 180
 3  91  73  82   8   0  17 0.00    M    M 11.2 20 150   M    M   0 1      23 150
 4  92  69  81   6   0  16 0.00    M    M 11.0 21 160   M    M   2 3      25 160
 5  79  64  72  -3   0   7 1.49    M    M 10.1 23 110   M    M   3 3      25  20
 6  83  65  74  -1   0   9 0.00    M    M  6.1 10 110   M    M   5 1       M  M
 7  87  66  77   2   0  12 0.00    M    M  8.9 17 200   M    M   2        21 200
 8  89  65  77   2   0  12 0.00    M    M  8.6 15 170   M    M   0        21 190
 9  89  65  77   2   0  12 0.00    M    M  6.6 12 160   M    M   0         M  M
10  90  64  77   2   0  12 0.00    M    M  6.0 10 180   M    M   0        17 170
11  91  67  79   4   0  14 0.00    M    M  8.4 16 160   M    M   0        22 170
12  94  70  82   7   0  17    T    M    M  8.4 16 130   M    M   1        23 130
13  80  66  73  -2   0   8 0.50    M    M  7.0 12  20   M    M   5 1      16 310
14  82  63  73  -2   0   8 0.00    M    M  3.0  8  60   M    M   7 12      M  M
15  85  64  75   0   0  10 0.00    M    M  5.0 13 360   M    M   2 1      17  20
16  85  63  74  -1   0   9 0.00    M    M  5.9  9 110   M    M   3         M  M
17  80  67  74  -1   0   9 0.27    M    M  7.0 13 310   M    M   5 3      21 310
18  83  67  75   0   0  10 0.07    M    M  6.4 13 160   M    M   7 1      22  90
================================================================================
SM 1545 1176         0 194  2.33    M    137.4          M       43
================================================================================
AV 85.8 65.3                               7.6 FASTST   M    M   2    MAX(MPH)
                                 MISC ---->  # 23 110               # 27  180
================================================================================
NOTES:
# LAST OF SEVERAL OCCURRENCES

COLUMN 17 PEAK WIND IN M.P.H.

PRELIMINARY LOCAL CLIMATOLOGICAL DATA (WS FORM: F-6) , PAGE 2

                                          STATION:  HOLDREGE
                                          MONTH:    JULY
                                          YEAR:     2018
                                          LATITUDE:   40 27 N
                                          LONGITUDE:  99 20 W

[TEMPERATURE DATA]      [PRECIPITATION DATA]       SYMBOLS USED IN COLUMN 16

AVERAGE MONTHLY: 75.6   TOTAL FOR MONTH:   2.33    1 = FOG OR MIST
DPTR FM NORMAL:   0.8   DPTR FM NORMAL:   -0.11    2 = FOG REDUCING VISIBILITY
HIGHEST:    94 ON 12    GRTST 24HR  1.49 ON  5- 5      TO 1/4 MILE OR LESS
LOWEST:     56 ON  1                               3 = THUNDER
                        SNOW, ICE PELLETS, HAIL    4 = ICE PELLETS
                        TOTAL MONTH:    M          5 = HAIL
                        GRTST 24HR    M  ON   M    6 = FREEZING RAIN OR DRIZZLE
                        GRTST DEPTH:  M  ON   M    7 = DUSTSTORM OR SANDSTORM:
                                                       VSBY 1/2 MILE OR LESS
                                                   8 = SMOKE OR HAZE
[NO. OF DAYS WITH]      [WEATHER - DAYS WITH]      9 = BLOWING SNOW
                                                   X = TORNADO
MAX 32 OR BELOW:   0    0.01 INCH OR MORE:   4
MAX 90 OR ABOVE:   5    0.10 INCH OR MORE:   3
MIN 32 OR BELOW:   0    0.50 INCH OR MORE:   2
MIN  0 OR BELOW:   0    1.00 INCH OR MORE:   1

[HDD (BASE 65) ]
TOTAL THIS MO.     0    CLEAR  (SCALE 0-3)  11
DPTR FM NORMAL     0    PTCLDY (SCALE 4-7)   7
TOTAL FM JUL 1     0    CLOUDY (SCALE 8-10)  0
DPTR FM NORMAL     0

[CDD (BASE 65) ]
TOTAL THIS MO.   194
DPTR FM NORMAL    16    [PRESSURE DATA]
TOTAL FM JAN 1   600    HIGHEST SLP M ON M
DPTR FM NORMAL   187    LOWEST  SLP M ON M

[REMARKS]
