000
CXUS53 KBIS 170803
CF6HEI
PRELIMINARY LOCAL CLIMATOLOGICAL DATA (WS FORM: F-6)

                                          STATION:   HETTINGER ND
                                          MONTH:     OCTOBER
                                          YEAR:      2018
                                          LATITUDE:   46  0 N
                                          LONGITUDE: 102 39 W

  TEMPERATURE IN F:       :PCPN:    SNOW:  WIND      :SUNSHINE: SKY     :PK WND
================================================================================
1   2   3   4   5  6A  6B    7    8   9   10  11  12  13   14  15   16   17  18
                                     12Z  AVG MX 2MIN
DY MAX MIN AVG DEP HDD CDD  WTR  SNW DPTH SPD SPD DIR MIN PSBL S-S WX    SPD DR
================================================================================

 1  57  37  47  -2  18   0 0.00    M    M 10.0 18 130   M    M   6 1      22 130
 2  66  36  51   2  14   0 0.01    M    M  5.5 16 150   M    M   4 123    20 150
 3  51  18  35 -13  30   0    T    M    M 14.0 45 320   M    M   5 12     53 320
 4  35  20  28 -20  37   0 0.02    M    M 11.9 22 130   0    0   0        32 120
 5  40  24  32 -15  33   0 0.03    M    M  9.2 24 310   M    M   8 1      29 300
 6  52  16  34 -13  31   0 0.00    M    M  7.2 16 110   M    M   3 12     21 110
 7  35  31  33 -14  32   0 0.18    M    M  7.2 13 120   M    M  10 1      17 110
 8  39  31  35 -11  30   0 0.10    M    M  6.9 13  40   M    M  10 1      14  60
 9  36  32  34 -12  31   0    T    M    M 12.5 23  30   M    M  10 1      27  30
10  37  19  28 -17  37   0    T    M    M 13.7 22 350   M    M   8 1      28 340
11  45  16  31 -14  34   0    T    M    M  4.1 12 290   M    M   3 1      16 290
12  56  30  43  -2  22   0 0.02    M    M  8.3 21 260   M    M   3 1      27 260
13  43  21  32 -12  33   0 0.01    M    M 16.9 28 320   M    M   5 1      35 320
14  34  15  25 -19  40   0    T    M    0 15.3 26 300   M    M   6        33 310
15  57  12  35  -8  30   0 0.00    M    M 12.7 32 290   M    M   2        38 280
16  57   M   M   M   M   M    M    M    M 12.2 26 320   M    M   M        33 310
================================================================================
SM  740  358       452   0  0.37    M    167.6            0     83
================================================================================
AV 46.3 23.9                              10.5 FASTST    0   0   6    MAX(MPH)
                                 MISC ---->  # 45 320               # 53  320
================================================================================
NOTES:
# LAST OF SEVERAL OCCURRENCES

COLUMN 17 PEAK WIND IN M.P.H.

PRELIMINARY LOCAL CLIMATOLOGICAL DATA (WS FORM: F-6) , PAGE 2

                                          STATION:  HETTINGER ND
                                          MONTH:    OCTOBER
                                          YEAR:     2018
                                          LATITUDE:   46  0 N
                                          LONGITUDE: 102 39 W

[TEMPERATURE DATA]      [PRECIPITATION DATA]       SYMBOLS USED IN COLUMN 16

AVERAGE MONTHLY: 35.1   TOTAL FOR MONTH:   0.37    1 = FOG OR MIST
DPTR FM NORMAL: -10.9   DPTR FM NORMAL:   -0.14    2 = FOG REDUCING VISIBILITY
HIGHEST:    66 ON  2    GRTST 24HR  0.18 ON  7- 7      TO 1/4 MILE OR LESS
LOWEST:     12 ON 15                               3 = THUNDER
                        SNOW, ICE PELLETS, HAIL    4 = ICE PELLETS
                        TOTAL MONTH:    M          5 = HAIL
                        GRTST 24HR    M  ON   M    6 = FREEZING RAIN OR DRIZZLE
                        GRTST DEPTH:   0           7 = DUSTSTORM OR SANDSTORM:
                                                       VSBY 1/2 MILE OR LESS
                                                   8 = SMOKE OR HAZE
[NO. OF DAYS WITH]      [WEATHER - DAYS WITH]      9 = BLOWING SNOW
                                                   X = TORNADO
MAX 32 OR BELOW:   0    0.01 INCH OR MORE:   7
MAX 90 OR ABOVE:   0    0.10 INCH OR MORE:   2
MIN 32 OR BELOW:  13    0.50 INCH OR MORE:   0
MIN  0 OR BELOW:   0    1.00 INCH OR MORE:   0

[HDD (BASE 65) ]
TOTAL THIS MO.   452    CLEAR  (SCALE 0-3)   4
DPTR FM NORMAL   148    PTCLDY (SCALE 4-7)   7
TOTAL FM JUL 1   834    CLOUDY (SCALE 8-10)  4
DPTR FM NORMAL   159

[CDD (BASE 65) ]
TOTAL THIS MO.     0
DPTR FM NORMAL     0    [PRESSURE DATA]
TOTAL FM JAN 1   396    HIGHEST SLP  0.00 ON  4
DPTR FM NORMAL    20    LOWEST  SLP 29.53 ON  3

[REMARKS]
