000
CXUS53 KBIS 190803
CF6HEI
PRELIMINARY LOCAL CLIMATOLOGICAL DATA (WS FORM: F-6)

                                          STATION:   HETTINGER ND
                                          MONTH:     JULY
                                          YEAR:      2018
                                          LATITUDE:   46  0 N
                                          LONGITUDE: 102 39 W

  TEMPERATURE IN F:       :PCPN:    SNOW:  WIND      :SUNSHINE: SKY     :PK WND
================================================================================
1   2   3   4   5  6A  6B    7    8   9   10  11  12  13   14  15   16   17  18
                                     12Z  AVG MX 2MIN
DY MAX MIN AVG DEP HDD CDD  WTR  SNW DPTH SPD SPD DIR MIN PSBL S-S WX    SPD DR
================================================================================

 1  76  50  63  -3   2   0 0.00    M    M  8.8 25 280   M    M   3        34 270
 2  83  54  69   3   0   4    T    M    M  7.4 21  80   M    M   5        25  90
 3  78  55  67   1   0   2 0.51    M    M 10.1 43 310   M    M   4 138    58 310
 4  74  50  62  -5   3   0 0.00    M    M 10.8 24 290   M    M   1        29 290
 5  80  47  64  -3   1   0 0.00    M    M  7.6 18 110   M    M   1        25 100
 6  92  64  78  11   0  13 0.00    M    M 11.8 23 170   M    M   2        29 150
 7  91  64  78  11   0  13 0.32    M    M 10.6 38 230   M    M   2 13     49 230
 8  85  66  76   8   0  11    T    M    M 10.5 20  10   M    M   2 3      24  20
 9  88  66  77   9   0  12    T    M    M 11.6 22 140   M    M   2        29 130
10  94  63  79  11   0  14 0.00    M    M  9.6 26  40   M    M   2        30  40
11  86  62  74   6   0   9    T    M    M 10.1 28 250   M    M   3        33 250
12  83  62  73   5   0   8    T    M    M  6.5 17  30   M    M   4        20  30
13  88  56  72   4   0   7 0.00    M    M  6.5 16 160   M    M   0        20 150
14  97  63  80  11   0  15 0.00    M    M 11.1 31 350   M    M   2 3      39 360
15  79  54  67  -2   0   2 0.00    M    M  5.5 14 330   M    M   1        17 360
16  86  47  67  -2   0   2 0.00    M    M  3.3 12  80   M    M   0        15  80
17  89  50  70   1   0   5 0.00    M    M  6.5 16 120   M    M   0        22 140
18  71  55  63  -6   2   0 0.55    M    M  8.7 20  70   M    M   6 13     25  70
================================================================================
SM 1520 1028         8 117  1.38    M    157.0          M       40
================================================================================
AV 84.4 57.1                               8.7 FASTST   M    M   2    MAX(MPH)
                                 MISC ---->  # 43 310               # 58  310
================================================================================
NOTES:
# LAST OF SEVERAL OCCURRENCES

COLUMN 17 PEAK WIND IN M.P.H.

PRELIMINARY LOCAL CLIMATOLOGICAL DATA (WS FORM: F-6) , PAGE 2

                                          STATION:  HETTINGER ND
                                          MONTH:    JULY
                                          YEAR:     2018
                                          LATITUDE:   46  0 N
                                          LONGITUDE: 102 39 W

[TEMPERATURE DATA]      [PRECIPITATION DATA]       SYMBOLS USED IN COLUMN 16

AVERAGE MONTHLY: 70.8   TOTAL FOR MONTH:   1.38    1 = FOG OR MIST
DPTR FM NORMAL:   3.1   DPTR FM NORMAL:   -0.10    2 = FOG REDUCING VISIBILITY
HIGHEST:    97 ON 14    GRTST 24HR  0.55 ON 18-18      TO 1/4 MILE OR LESS
LOWEST:     47 ON 16, 5                            3 = THUNDER
                        SNOW, ICE PELLETS, HAIL    4 = ICE PELLETS
                        TOTAL MONTH:    M          5 = HAIL
                        GRTST 24HR    M  ON   M    6 = FREEZING RAIN OR DRIZZLE
                        GRTST DEPTH:  M  ON   M    7 = DUSTSTORM OR SANDSTORM:
                                                       VSBY 1/2 MILE OR LESS
                                                   8 = SMOKE OR HAZE
[NO. OF DAYS WITH]      [WEATHER - DAYS WITH]      9 = BLOWING SNOW
                                                   X = TORNADO
MAX 32 OR BELOW:   0    0.01 INCH OR MORE:   3
MAX 90 OR ABOVE:   4    0.10 INCH OR MORE:   3
MIN 32 OR BELOW:   0    0.50 INCH OR MORE:   2
MIN  0 OR BELOW:   0    1.00 INCH OR MORE:   0

[HDD (BASE 65) ]
TOTAL THIS MO.     8    CLEAR  (SCALE 0-3)  14
DPTR FM NORMAL   -18    PTCLDY (SCALE 4-7)   4
TOTAL FM JUL 1     8    CLOUDY (SCALE 8-10)  0
DPTR FM NORMAL   -18

[CDD (BASE 65) ]
TOTAL THIS MO.   117
DPTR FM NORMAL    41    [PRESSURE DATA]
TOTAL FM JAN 1   218    HIGHEST SLP M ON M
DPTR FM NORMAL    92    LOWEST  SLP 29.63 ON  3

[REMARKS]
