000
CXUS51 KLWX 180620
CF6HGR
PRELIMINARY LOCAL CLIMATOLOGICAL DATA (WS FORM: F-6)

                                          STATION:   HAGERSTOWN MD
                                          MONTH:     JULY
                                          YEAR:      2018
                                          LATITUDE:   39 42 N
                                          LONGITUDE:  77 43 W

  TEMPERATURE IN F:       :PCPN:    SNOW:  WIND      :SUNSHINE: SKY     :PK WND
================================================================================
1   2   3   4   5  6A  6B    7    8   9   10  11  12  13   14  15   16   17  18
                                     12Z  AVG MX 2MIN
DY MAX MIN AVG DEP HDD CDD  WTR  SNW DPTH SPD SPD DIR MIN PSBL S-S WX    SPD DR
================================================================================

 1  94  72  83   8   0  18 0.00    M    M  4.6 12 180   M    M   0 18     14 180
 2  97  74  86  11   0  21 0.00    M    M  5.1 16 170   M    M   1 18     21 280
 3  95  73  84   9   0  19 0.00    M    M  3.6  9 300   M    M   1        13 330
 4  92  75  84   9   0  19 0.30    M    M  3.7 26 100   M    M   3 138    43 110
 5  93  75  84   9   0  19 0.01    M    M  4.6 17 280   M    M   5 18     20 290
 6  89  70  80   5   0  15    T    M    M  6.2 20 330   M    M   5        24 340
 7  80  61  71  -5   0   6 0.00    M    M  6.8 14  30   M    M   0        18  30
 8  83  59  71  -5   0   6 0.00    M    M  4.0  9 120   M    M   0        14 140
 9  87  61  74  -2   0   9 0.00    M    M  2.6  9 280   M    M   0        12 280
10  93  66  80   4   0  15    T    M    M  6.2 15 300   M    M   1        20 280
11  89  71  80   4   0  15 0.00    M    M  6.1 15 330   M    M   3        22 360
12  88  63  76   0   0  11 0.00    M    M  4.7 10  30   M    M   1        14  30
13  87  68  78   2   0  13 0.00    M    M  5.7 13 170   M    M   2        19 180
14  91  69  80   4   0  15 0.00    M    M  7.3 13 180   M    M   0        21 210
15  87  73  80   4   0  15    T    M    M  5.6 15 220   M    M   2        18 230
16  94  71  83   7   0  18 0.00    M    M  5.3 16 180   M    M   1 18     21 200
17  87  68  78   2   0  13 1.03    M    M  6.1 38 330   M    M   4 123    47 330
================================================================================
SM 1526 1169         0 247  1.34    M     88.2          M       29
================================================================================
AV 89.8 68.8                               5.2 FASTST   M    M   2    MAX(MPH)
                                 MISC ---->  # 38 330               # 47  330
================================================================================
NOTES:
# LAST OF SEVERAL OCCURRENCES

COLUMN 17 PEAK WIND IN M.P.H.

PRELIMINARY LOCAL CLIMATOLOGICAL DATA (WS FORM: F-6) , PAGE 2

                                          STATION:  HAGERSTOWN MD
                                          MONTH:    JULY
                                          YEAR:     2018
                                          LATITUDE:   39 42 N
                                          LONGITUDE:  77 43 W

[TEMPERATURE DATA]      [PRECIPITATION DATA]       SYMBOLS USED IN COLUMN 16

AVERAGE MONTHLY: 79.3   TOTAL FOR MONTH:   1.34    1 = FOG OR MIST
DPTR FM NORMAL:   3.6   DPTR FM NORMAL:   -0.39    2 = FOG REDUCING VISIBILITY
HIGHEST:    97 ON  2    GRTST 24HR  1.03 ON 17-17      TO 1/4 MILE OR LESS
LOWEST:     59 ON  8                               3 = THUNDER
                        SNOW, ICE PELLETS, HAIL    4 = ICE PELLETS
                        TOTAL MONTH:    M          5 = HAIL
                        GRTST 24HR    M  ON   M    6 = FREEZING RAIN OR DRIZZLE
                        GRTST DEPTH:  M  ON   M    7 = DUSTSTORM OR SANDSTORM:
                                                       VSBY 1/2 MILE OR LESS
                                                   8 = SMOKE OR HAZE
[NO. OF DAYS WITH]      [WEATHER - DAYS WITH]      9 = BLOWING SNOW
                                                   X = TORNADO
MAX 32 OR BELOW:   0    0.01 INCH OR MORE:   3
MAX 90 OR ABOVE:   8    0.10 INCH OR MORE:   2
MIN 32 OR BELOW:   0    0.50 INCH OR MORE:   1
MIN  0 OR BELOW:   0    1.00 INCH OR MORE:   1

[HDD (BASE 65) ]
TOTAL THIS MO.     0    CLEAR  (SCALE 0-3)  14
DPTR FM NORMAL     0    PTCLDY (SCALE 4-7)   3
TOTAL FM JUL 1     0    CLOUDY (SCALE 8-10)  0
DPTR FM NORMAL     0

[CDD (BASE 65) ]
TOTAL THIS MO.   247
DPTR FM NORMAL    67    [PRESSURE DATA]
TOTAL FM JAN 1   690    HIGHEST SLP M ON M
DPTR FM NORMAL   225    LOWEST  SLP 29.78 ON 17

[REMARKS]
