000
CXUS53 KDLH 160639
CF6HIB
PRELIMINARY LOCAL CLIMATOLOGICAL DATA (WS FORM: F-6)

                                          STATION:   HIBBING
                                          MONTH:     OCTOBER
                                          YEAR:      2018
                                          LATITUDE:   47 22 N
                                          LONGITUDE:  92 50 W

  TEMPERATURE IN F:       :PCPN:    SNOW:  WIND      :SUNSHINE: SKY     :PK WND
================================================================================
1   2   3   4   5  6A  6B    7    8   9   10  11  12  13   14  15   16   17  18
                                     12Z  AVG MX 2MIN
DY MAX MIN AVG DEP HDD CDD  WTR  SNW DPTH SPD SPD DIR MIN PSBL S-S WX    SPD DR
================================================================================

 1  45  33  39  -8  26   0    M    M    M  4.8 14 130   M    M   9        16 130
 2  49  41  45  -1  20   0    M    M    M  4.6 12 150   M    M  10 1      16 190
 3  57  32  45  -1  20   0    M    M    M  9.6 37 310   M    M  10 13     54 310
 4  46  27  37  -8  28   0    M    M    M  6.3 20 310   M    M   5 1      27 310
 5  41  31  36  -9  29   0    M    M    M  5.8 12 100   M    M  10 1      16  90
 6  41  36  39  -6  26   0    M    M    M  8.8 20 330   M    M  10 1      24 320
 7  46  37  42  -2  23   0    M    M    M  6.7 20 130   M    M  10 1      23 130
 8  42  38  40  -4  25   0    M    M    M  6.9 12 350   M    M   8 1      14  20
 9  41  37  39  -5  26   0    M    M    M  9.1 17  30   M    M  10 1      25  50
10  37  31  34  -9  31   0    M    M    M 12.4 20  50   M    M  10 1      30  60
11  33  26  30 -13  35   0    M    M    M 13.0 24 310   M    M   8 18     30 290
12  36  21  29 -13  36   0    M    M    M  5.6 14 310   M    M   7        17 300
13  42  22  32 -10  33   0    M    M    M  8.4 21 310   M    M  10 1      27 310
14  34  28  31 -11  34   0    M    M    M  6.3 16 310   M    M  10 18     21 330
15  39  27  33  -8  32   0    M    M    M  8.4 16 300   M    M   8 1      22 220
================================================================================
SM  629  467       424   0    M     M    116.7          M      135
================================================================================
AV 41.9 31.1                               7.8 FASTST   M    M   9    MAX(MPH)
                                 MISC ---->  # 37 310               # 54  310
================================================================================
NOTES:
# LAST OF SEVERAL OCCURRENCES

COLUMN 17 PEAK WIND IN M.P.H.

PRELIMINARY LOCAL CLIMATOLOGICAL DATA (WS FORM: F-6) , PAGE 2

                                          STATION:  HIBBING
                                          MONTH:    OCTOBER
                                          YEAR:     2018
                                          LATITUDE:   47 22 N
                                          LONGITUDE:  92 50 W

[TEMPERATURE DATA]      [PRECIPITATION DATA]       SYMBOLS USED IN COLUMN 16

AVERAGE MONTHLY: 36.5   TOTAL FOR MONTH:      M    1 = FOG OR MIST
DPTR FM NORMAL:  -7.3   DPTR FM NORMAL:       M    2 = FOG REDUCING VISIBILITY
HIGHEST:    57 ON  3    GRTST 24HR    T  ON 30- 1      TO 1/4 MILE OR LESS
LOWEST:     21 ON 12                               3 = THUNDER
                        SNOW, ICE PELLETS, HAIL    4 = ICE PELLETS
                        TOTAL MONTH:    M          5 = HAIL
                        GRTST 24HR    M  ON   M    6 = FREEZING RAIN OR DRIZZLE
                        GRTST DEPTH:  M  ON   M    7 = DUSTSTORM OR SANDSTORM:
                                                       VSBY 1/2 MILE OR LESS
                                                   8 = SMOKE OR HAZE
[NO. OF DAYS WITH]      [WEATHER - DAYS WITH]      9 = BLOWING SNOW
                                                   X = TORNADO
MAX 32 OR BELOW:   0    0.01 INCH OR MORE:   0
MAX 90 OR ABOVE:   0    0.10 INCH OR MORE:   0
MIN 32 OR BELOW:   9    0.50 INCH OR MORE:   0
MIN  0 OR BELOW:   0    1.00 INCH OR MORE:   0

[HDD (BASE 65) ]
TOTAL THIS MO.   424    CLEAR  (SCALE 0-3)   0
DPTR FM NORMAL   107    PTCLDY (SCALE 4-7)   5
TOTAL FM JUL 1   937    CLOUDY (SCALE 8-10) 10
DPTR FM NORMAL    41

[CDD (BASE 65) ]
TOTAL THIS MO.     0
DPTR FM NORMAL     0    [PRESSURE DATA]
TOTAL FM JAN 1   162    HIGHEST SLP M ON M
DPTR FM NORMAL    15    LOWEST  SLP 29.39 ON  3

[REMARKS]
