000
CXUS53 KDLH 190629
CF6HIB
PRELIMINARY LOCAL CLIMATOLOGICAL DATA (WS FORM: F-6)

                                          STATION:   HIBBING
                                          MONTH:     JULY
                                          YEAR:      2018
                                          LATITUDE:   47 22 N
                                          LONGITUDE:  92 50 W

  TEMPERATURE IN F:       :PCPN:    SNOW:  WIND      :SUNSHINE: SKY     :PK WND
================================================================================
1   2   3   4   5  6A  6B    7    8   9   10  11  12  13   14  15   16   17  18
                                     12Z  AVG MX 2MIN
DY MAX MIN AVG DEP HDD CDD  WTR  SNW DPTH SPD SPD DIR MIN PSBL S-S WX    SPD DR
================================================================================

 1  68  54  61  -2   4   0 0.48    M    M  7.0 15 330   M    M   7 1      19 310
 2  80  50  65   2   0   0 0.30    M    M  4.8 20 340   M    M   3 123    25 330
 3  81  62  72   9   0   7 0.47    M    M  6.6 14 130   M    M   5 13     19 130
 4  83  64  74  10   0   9 0.49    M    M  7.2 17 300   M    M   3 123    29 260
 5  74  50  62  -2   3   0 0.00    M    M 11.4 24 330   M    M   1        30 360
 6  79  45  62  -2   3   0 0.00    M    M  2.6 12 250   M    M   0 1      18 270
 7  84  52  68   4   0   3 0.00    M    M  7.7 17 200   M    M   0 1      28 200
 8  84  67  76  12   0  11 0.36    M    M  6.1 14 200   M    M   7 13     21 200
 9  81  53  67   3   0   2 0.01    M    M  5.6 16 320   M    M   2 12     25 340
10  83  49  66   2   0   1 0.00    M    M  2.1  9 130   M    M   1 1      12 140
11  77  55  66   2   0   1 0.18    M    M  8.4 20 150   M    M   4 13     27 140
12  82  59  71   7   0   6 0.13    M    M  5.6 14 150   M    M   3 13     23 160
13  85  56  71   7   0   6 0.00    M    M  3.5 14 330   M    M   0 1      18 320
14  87  54  71   6   0   6 0.00    M    M  2.4 10 260   M    M   1 12     15 320
15  76  48  62  -3   3   0 0.00    M    M  4.6 17 330   M    M   2 12     21 330
16  72  44  58  -7   7   0 0.00    M    M  8.1 24 310   M    M   1 1      32 300
17  75  45  60  -5   5   0 0.00    M    M  2.7 12 280   M    M   1 12     16 280
18  79  43  61  -4   4   0 0.00    M    M  2.7 10 230   M    M   1 12     16 280
================================================================================
SM 1430  950        29  52  2.42    M     99.1          M       42
================================================================================
AV 79.4 52.8                               5.5 FASTST   M    M   2    MAX(MPH)
                                 MISC ---->  # 24 330               # 32  300
================================================================================
NOTES:
# LAST OF SEVERAL OCCURRENCES

COLUMN 17 PEAK WIND IN M.P.H.

PRELIMINARY LOCAL CLIMATOLOGICAL DATA (WS FORM: F-6) , PAGE 2

                                          STATION:  HIBBING
                                          MONTH:    JULY
                                          YEAR:     2018
                                          LATITUDE:   47 22 N
                                          LONGITUDE:  92 50 W

[TEMPERATURE DATA]      [PRECIPITATION DATA]       SYMBOLS USED IN COLUMN 16

AVERAGE MONTHLY: 66.1   TOTAL FOR MONTH:   2.42    1 = FOG OR MIST
DPTR FM NORMAL:   2.1   DPTR FM NORMAL:   -0.42    2 = FOG REDUCING VISIBILITY
HIGHEST:    87 ON 14    GRTST 24HR  0.49 ON  4- 4      TO 1/4 MILE OR LESS
LOWEST:     43 ON 18                               3 = THUNDER
                        SNOW, ICE PELLETS, HAIL    4 = ICE PELLETS
                        TOTAL MONTH:    M          5 = HAIL
                        GRTST 24HR    M  ON   M    6 = FREEZING RAIN OR DRIZZLE
                        GRTST DEPTH:  M  ON   M    7 = DUSTSTORM OR SANDSTORM:
                                                       VSBY 1/2 MILE OR LESS
                                                   8 = SMOKE OR HAZE
[NO. OF DAYS WITH]      [WEATHER - DAYS WITH]      9 = BLOWING SNOW
                                                   X = TORNADO
MAX 32 OR BELOW:   0    0.01 INCH OR MORE:   8
MAX 90 OR ABOVE:   0    0.10 INCH OR MORE:   7
MIN 32 OR BELOW:   0    0.50 INCH OR MORE:   0
MIN  0 OR BELOW:   0    1.00 INCH OR MORE:   0

[HDD (BASE 65) ]
TOTAL THIS MO.    29    CLEAR  (SCALE 0-3)  13
DPTR FM NORMAL   -26    PTCLDY (SCALE 4-7)   5
TOTAL FM JUL 1    29    CLOUDY (SCALE 8-10)  0
DPTR FM NORMAL   -26

[CDD (BASE 65) ]
TOTAL THIS MO.    52
DPTR FM NORMAL    16    [PRESSURE DATA]
TOTAL FM JAN 1   101    HIGHEST SLP M ON M
DPTR FM NORMAL    36    LOWEST  SLP 29.74 ON  1

[REMARKS]
