000
CXUS53 KGID 240730
CF6HJH
PRELIMINARY LOCAL CLIMATOLOGICAL DATA (WS FORM: F-6)

                                          STATION:   HEBRON
                                          MONTH:     JUNE
                                          YEAR:      2018
                                          LATITUDE:   40  9 N
                                          LONGITUDE:  97 35 W

  TEMPERATURE IN F:       :PCPN:    SNOW:  WIND      :SUNSHINE: SKY     :PK WND
================================================================================
1   2   3   4   5  6A  6B    7    8   9   10  11  12  13   14  15   16   17  18
                                     12Z  AVG MX 2MIN
DY MAX MIN AVG DEP HDD CDD  WTR  SNW DPTH SPD SPD DIR MIN PSBL S-S WX    SPD DR
================================================================================

 1  96  67  82  15   0  17 0.00    M    M 12.8 24 150   M    M   1 3      30 150
 2  82  60  71   3   0   6 0.75    M    M 10.0 23 340   M    M   3 3      31 340
 3  83  54  69   1   0   4 0.00    M    M  3.0  8 320   M    M   0         M  M
 4  82  62  72   4   0   7    T    M    M  6.7 13 150   M    M   3        23 140
 5  93  62  78   9   0  13 0.00    M    M  7.3 12 200   M    M   0        18 200
 6  97  66  82  13   0  17 0.00    M    M  7.8 18 170   M    M   0        22 170
 7  85  66  76   7   0  11 0.12    M    M  7.6 29 130   M    M   2        40 120
 8  93  65  79   9   0  14 0.00    M    M  5.8 14 180   M    M   0        18 180
 9  97  65  81  11   0  16    T    M    M  9.8 27  10   M    M   1 3      37  10
10 103  75  89  19   0  24 0.00    M    M 13.4 21 180   M    M   0        32 200
11  97  73  85  14   0  20 0.00    M    M 11.5 20 340   M    M   2        29 340
12  90  63  77   6   0  12 0.00    M    M  5.2 12  10   M    M   1 18     16  30
13  81  63  72   1   0   7 0.02    M    M  8.3 14 130   M    M   1 3      23 110
14 102  71  87  15   0  22 0.00    M    M 12.7 21 180   M    M   0        29 180
15 102  77  90  18   0  25 0.00    M    M 16.5 23 200   M    M   0        33 190
16 100  78  89  17   0  24 0.00    M    M 16.5 22 180   M    M   1        32 190
17  95  77  86  13   0  21 0.15    M    M  8.7 21 200   M    M   3 3      27 200
18  96  74  85  12   0  20 0.03    M    M 10.4 15 150   M    M   3        23 180
19  92  66  79   6   0  14 1.78    M    M  5.3 18  30   M    M   6 3      23  80
20  80  63  72  -2   0   7 0.35    M    M  8.8 21 350   M    M   7        28 350
21  74  61  68  -6   0   3    T    M    M 12.7 24 340   M    M   7        35 320
22  73  63  68  -6   0   3 0.00    M    M  6.1 12  60   M    M   9 3       M  M
23  87  63  75   1   0  10 0.05    M    M  4.7 12 270   M    M   3 13     16 270
================================================================================
SM 2080 1534         0 317  3.25    M    211.6          M       53
================================================================================
AV 90.4 66.7                               9.2 FASTST   M    M   2    MAX(MPH)
                                 MISC ---->  # 29 130               # 40  120
================================================================================
NOTES:
# LAST OF SEVERAL OCCURRENCES

COLUMN 17 PEAK WIND IN M.P.H.

PRELIMINARY LOCAL CLIMATOLOGICAL DATA (WS FORM: F-6) , PAGE 2

                                          STATION:  HEBRON
                                          MONTH:    JUNE
                                          YEAR:     2018
                                          LATITUDE:   40  9 N
                                          LONGITUDE:  97 35 W

[TEMPERATURE DATA]      [PRECIPITATION DATA]       SYMBOLS USED IN COLUMN 16

AVERAGE MONTHLY: 78.6   TOTAL FOR MONTH:   3.25    1 = FOG OR MIST
DPTR FM NORMAL:   7.6   DPTR FM NORMAL:   -0.49    2 = FOG REDUCING VISIBILITY
HIGHEST:   103 ON 10    GRTST 24HR  1.78 ON 19-19      TO 1/4 MILE OR LESS
LOWEST:     54 ON  3                               3 = THUNDER
                        SNOW, ICE PELLETS, HAIL    4 = ICE PELLETS
                        TOTAL MONTH:    M          5 = HAIL
                        GRTST 24HR    M  ON   M    6 = FREEZING RAIN OR DRIZZLE
                        GRTST DEPTH:  M  ON   M    7 = DUSTSTORM OR SANDSTORM:
                                                       VSBY 1/2 MILE OR LESS
                                                   8 = SMOKE OR HAZE
[NO. OF DAYS WITH]      [WEATHER - DAYS WITH]      9 = BLOWING SNOW
                                                   X = TORNADO
MAX 32 OR BELOW:   0    0.01 INCH OR MORE:   8
MAX 90 OR ABOVE:  14    0.10 INCH OR MORE:   5
MIN 32 OR BELOW:   0    0.50 INCH OR MORE:   2
MIN  0 OR BELOW:   0    1.00 INCH OR MORE:   1

[HDD (BASE 65) ]
TOTAL THIS MO.     0    CLEAR  (SCALE 0-3)  17
DPTR FM NORMAL   -18    PTCLDY (SCALE 4-7)   5
TOTAL FM JUL 1  5679    CLOUDY (SCALE 8-10)  1
DPTR FM NORMAL  -315

[CDD (BASE 65) ]
TOTAL THIS MO.   317
DPTR FM NORMAL   161    [PRESSURE DATA]
TOTAL FM JAN 1   525    HIGHEST SLP M ON M
DPTR FM NORMAL   297    LOWEST  SLP M ON M

[REMARKS]
