000
CXUS54 KJAN 201414
CF6HKS
PRELIMINARY LOCAL CLIMATOLOGICAL DATA (WS FORM: F-6)

                                          STATION:   JACKSON HAWKINS
                                          MONTH:     JULY
                                          YEAR:      2018
                                          LATITUDE:   32 20 N
                                          LONGITUDE:  90 14 W

  TEMPERATURE IN F:       :PCPN:    SNOW:  WIND      :SUNSHINE: SKY     :PK WND
================================================================================
1   2   3   4   5  6A  6B    7    8   9   10  11  12  13   14  15   16   17  18
                                     12Z  AVG MX 2MIN
DY MAX MIN AVG DEP HDD CDD  WTR  SNW DPTH SPD SPD DIR MIN PSBL S-S WX    SPD DR
================================================================================

 1  97  73  85   4   0  20 0.00  0.0    0  4.0 13 290   M    M   1        17 290
 2  94  74  84   2   0  19 0.16  0.0    0  4.2 16 120   M    M   1 1      20 100
 3  91  74  83   1   0  18    T  0.0    0  8.1 22 140   M    M   3 13     29 120
 4  93  74  84   2   0  19 0.05  0.0    0  5.8 14 160   M    M   3 138    17  70
 5  93  75  84   2   0  19    T  0.0    0  4.7 13 100   M    M   2 1      19  90
 6  93  73  83   1   0  18 0.48  0.0    0  4.6 20 140   M    M   2 13     25 140
 7  92  72  82   0   0  17 0.29  0.0    0  3.8 14 150   M    M   4 13     18 150
 8  90  71  81  -1   0  16 0.18  0.0    0  5.5 21 130   M    M   4 138    26 100
 9  89  72  81  -1   0  16 0.06  0.0    0  3.3 16 250   M    M   3 13     20 250
10  91  73  82   0   0  17    T  0.0    0  3.1 17 290   M    M   1 13     21 300
11  94  73  84   2   0  19 0.19  0.0    0  3.3 16 180   M    M   4 13     21 200
12  94  71  83   1   0  18 0.00  0.0    0  2.6 12 230   M    M   2        15 230
13  93  75  84   2   0  19 0.05  0.0    0  1.9 15 150   M    M   1 3      22  60
14  95  73  84   2   0  19 0.00  0.0    0  3.0 16 220   M    M   2 13     21 220
15  95  75  85   3   0  20 0.00  0.0    0  4.8 12 140   M    M   1        16 250
16  94  73  84   2   0  19 1.73  0.0    0  7.3 24  80   M    M   3 13     35  90
17  87  74  81  -1   0  16 0.38  0.0    0  5.4 16 280   M    M   3 13     20 260
18  93  74  84   2   0  19 0.13  0.0    0  2.9 18 290   M    M   1 138    24 290
19  94  74  84   2   0  19 0.00  0.0    0  3.8  9 140   M    M   4 1      13 270
================================================================================
SM 1762 1393         0 347  3.70     0.0  82.1          M       45
================================================================================
AV 92.7 73.3                               4.3 FASTST   M    M   2    MAX(MPH)
                                 MISC ---->  # 24  80               # 35   90
================================================================================
NOTES:
# LAST OF SEVERAL OCCURRENCES

COLUMN 17 PEAK WIND IN M.P.H.

PRELIMINARY LOCAL CLIMATOLOGICAL DATA (WS FORM: F-6) , PAGE 2

                                          STATION:  JACKSON HAWKINS
                                          MONTH:    JULY
                                          YEAR:     2018
                                          LATITUDE:   32 20 N
                                          LONGITUDE:  90 14 W

[TEMPERATURE DATA]      [PRECIPITATION DATA]       SYMBOLS USED IN COLUMN 16

AVERAGE MONTHLY: 83.0   TOTAL FOR MONTH:   3.70    1 = FOG OR MIST
DPTR FM NORMAL:   1.1   DPTR FM NORMAL:    0.84    2 = FOG REDUCING VISIBILITY
HIGHEST:    97 ON  1    GRTST 24HR  1.73 ON 16-16      TO 1/4 MILE OR LESS
LOWEST:     71 ON 12, 8                            3 = THUNDER
                        SNOW, ICE PELLETS, HAIL    4 = ICE PELLETS
                        TOTAL MONTH:   0.0 INCH    5 = HAIL
                        GRTST 24HR     0.0         6 = FREEZING RAIN OR DRIZZLE
                        GRTST DEPTH:   0           7 = DUSTSTORM OR SANDSTORM:
                                                       VSBY 1/2 MILE OR LESS
                                                   8 = SMOKE OR HAZE
[NO. OF DAYS WITH]      [WEATHER - DAYS WITH]      9 = BLOWING SNOW
                                                   X = TORNADO
MAX 32 OR BELOW:   0    0.01 INCH OR MORE:  11
MAX 90 OR ABOVE:  17    0.10 INCH OR MORE:   8
MIN 32 OR BELOW:   0    0.50 INCH OR MORE:   1
MIN  0 OR BELOW:   0    1.00 INCH OR MORE:   1

[HDD (BASE 65) ]
TOTAL THIS MO.     0    CLEAR  (SCALE 0-3)  14
DPTR FM NORMAL     0    PTCLDY (SCALE 4-7)   5
TOTAL FM JUL 1     0    CLOUDY (SCALE 8-10)  0
DPTR FM NORMAL     0

[CDD (BASE 65) ]
TOTAL THIS MO.   347
DPTR FM NORMAL    26    [PRESSURE DATA]
TOTAL FM JAN 1  1377    HIGHEST SLP M ON M
DPTR FM NORMAL   249    LOWEST  SLP 29.85 ON 19

[REMARKS]
