000
CXUS52 KGSP 260817
CF6HKY
PRELIMINARY LOCAL CLIMATOLOGICAL DATA (WS FORM: F-6)

                                          STATION:   HICKORY NC
                                          MONTH:     SEPTEMBER
                                          YEAR:      2018
                                          LATITUDE:   35 45 N
                                          LONGITUDE:  81 23 W

  TEMPERATURE IN F:       :PCPN:    SNOW:  WIND      :SUNSHINE: SKY     :PK WND
================================================================================
1   2   3   4   5  6A  6B    7    8   9   10  11  12  13   14  15   16   17  18
                                     12Z  AVG MX 2MIN
DY MAX MIN AVG DEP HDD CDD  WTR  SNW DPTH SPD SPD DIR MIN PSBL S-S WX    SPD DR
================================================================================

 1  88  68  78   4   0  13 0.00    M    M  3.5 13  70   M    M   2 13     21  60
 2  89  70  80   6   0  15 0.00    M    M  2.1 13  20   M    M   5 3      17  20
 3  89  67  78   4   0  13 0.00    M    M  1.6  9  80   M    M   2 1      12  70
 4  90  70  80   6   0  15 0.00    M    M  2.2  9  50   M    M   1        14  50
 5  89  71  80   7   0  15 0.00    M    M  2.0 10  70   M    M   3        13  70
 6  90  71  81   8   0  16 0.00    M    M  1.8 13 200   M    M   3 1      16 210
 7  91  69  80   7   0  15 0.00    M    M  1.9  7  50   M    M   2        10  90
 8  88  69  79   7   0  14    T    M    M  1.4 15 220   M    M   4 1      18 220
 9  80  66  73   1   0   8    T    M    M  6.5 13  60   M    M   8 1      16  50
10  80  65  73   1   0   8    T    M    M  3.6 12 230   M    M   8 13     15 240
11  82  69  76   5   0  11 0.00    M    M  1.8  8  80   M    M   8 12     10  80
12  85  71  78   7   0  13 0.04    M    M  4.1 10  60   M    M   7 1      13  60
13  87  72  80   9   0  15 0.02    M    M  7.3 16  60   M    M   5 1      22  60
14  84  71  78   8   0  13 0.22    M    M 10.6 25  30   M    M   8 1      34  20
15  75  71  73   3   0   8 0.42    M    M 13.5 22  20   M    M   9 1      33  20
16  72  69  71   1   0   6 3.01    M    M 14.7 29  60   M    M  10 1      38  50
17  83  70  77   8   0  12 0.05    M    M  8.0 17 210   M    M   8 1      25 220
18  86  67  77   8   0  12 0.00    M    M  4.2 14 300   M    M   4        18 300
19  89  64  77   9   0  12 0.00    M    M  3.1 10 290   M    M   1        12 300
20  87  68  78  10   0  13 0.00    M    M  2.0  9 160   M    M   2 1      15 100
21  85  68  77   9   0  12 0.00    M    M  4.4 12 200   M    M   3        17 200
22  87  64  76   9   0  11 0.00    M    M  1.8 10 200   M    M   1 1      13 190
23  79  65  72   5   0   7 0.00    M    M  4.8 12  60   M    M   7 12     15  90
24  69  63  66  -1   0   1 0.00    M    M  5.8  9  50   M    M  10 1      13  70
25  78  65  72   6   0   7 0.00    M    M  1.8  8  50   M    M   7 12     10  50
================================================================================
SM 2102 1703         0 285  3.76    M    114.5          M      128
================================================================================
AV 84.1 68.1                               4.6 FASTST   M    M   5    MAX(MPH)
                                 MISC ---->  # 29  60               # 38   50
================================================================================
NOTES:
# LAST OF SEVERAL OCCURRENCES

COLUMN 17 PEAK WIND IN M.P.H.

PRELIMINARY LOCAL CLIMATOLOGICAL DATA (WS FORM: F-6) , PAGE 2

                                          STATION:  HICKORY NC
                                          MONTH:    SEPTEMBER
                                          YEAR:     2018
                                          LATITUDE:   35 45 N
                                          LONGITUDE:  81 23 W

[TEMPERATURE DATA]      [PRECIPITATION DATA]       SYMBOLS USED IN COLUMN 16

AVERAGE MONTHLY: 76.1   TOTAL FOR MONTH:   3.76    1 = FOG OR MIST
DPTR FM NORMAL:   5.6   DPTR FM NORMAL:    0.68    2 = FOG REDUCING VISIBILITY
HIGHEST:    91 ON  7    GRTST 24HR  3.01 ON 16-16      TO 1/4 MILE OR LESS
LOWEST:     63 ON 24                               3 = THUNDER
                        SNOW, ICE PELLETS, HAIL    4 = ICE PELLETS
                        TOTAL MONTH:    M          5 = HAIL
                        GRTST 24HR    M  ON   M    6 = FREEZING RAIN OR DRIZZLE
                        GRTST DEPTH:  M  ON   M    7 = DUSTSTORM OR SANDSTORM:
                                                       VSBY 1/2 MILE OR LESS
                                                   8 = SMOKE OR HAZE
[NO. OF DAYS WITH]      [WEATHER - DAYS WITH]      9 = BLOWING SNOW
                                                   X = TORNADO
MAX 32 OR BELOW:   0    0.01 INCH OR MORE:   6
MAX 90 OR ABOVE:   3    0.10 INCH OR MORE:   3
MIN 32 OR BELOW:   0    0.50 INCH OR MORE:   1
MIN  0 OR BELOW:   0    1.00 INCH OR MORE:   1

[HDD (BASE 65) ]
TOTAL THIS MO.     0    CLEAR  (SCALE 0-3)  10
DPTR FM NORMAL   -14    PTCLDY (SCALE 4-7)  11
TOTAL FM JUL 1     0    CLOUDY (SCALE 8-10)  4
DPTR FM NORMAL   -15

[CDD (BASE 65) ]
TOTAL THIS MO.   285
DPTR FM NORMAL   130    [PRESSURE DATA]
TOTAL FM JAN 1  1605    HIGHEST SLP M ON M
DPTR FM NORMAL   286    LOWEST  SLP 29.73 ON 16

[REMARKS]
