006
CXUS51 KPBZ 210804
CF6HLG
PRELIMINARY LOCAL CLIMATOLOGICAL DATA (WS FORM: F-6)

                                          STATION:   WHEELING
                                          MONTH:     OCTOBER
                                          YEAR:      2018
                                          LATITUDE:   40 10 N
                                          LONGITUDE:  80 39 W

  TEMPERATURE IN F:       :PCPN:    SNOW:  WIND      :SUNSHINE: SKY     :PK WND
================================================================================
1   2   3   4   5  6A  6B    7    8   9   10  11  12  13   14  15   16   17  18
                                     12Z  AVG MX 2MIN
DY MAX MIN AVG DEP HDD CDD  WTR  SNW DPTH SPD SPD DIR MIN PSBL S-S WX    SPD DR
================================================================================

 1  80  60  70  11   0   5 0.00  0.0    0  6.0 13 210   M    M   1 1      18 210
 2  77  65  71  13   0   6 1.04  0.0    0  8.3 36 220   M    M   7 138    45 250
 3  80  63  72  14   0   7 0.00  0.0    0  5.0 12 180   M    M   6 1      14 190
 4  80  54  67   9   0   2 0.35  0.0    0 10.2 24 350   M    M   7 138    32 350
 5  69  51  60   3   5   0 0.00  0.0    0  3.9 13 160   M    M   9 1      21 150
 6  82  65  74  17   0   9 0.08  0.0    0  6.3 20 200   M    M   3 138    28 200
 7  85  63  74  18   0   9 0.00    M    M  3.5 13 330   M    M   2 128    16 350
 8  86  66  76  20   0  11 0.00    M    M  7.0 14 200   M    M   0 1      19 220
 9  83  67  75  19   0  10 0.00    M    M  8.1 17 200   M    M   0        22 200
10  82  65  74  19   0   9 0.12    M    M  8.3 17 180   M    M   3 1      22 180
11  70  47  59   4   6   0 0.04    M    0  7.8 18 300   M    M   6 18     24 310
12  54  44  49  -5  16   0    T    M    0  8.1 15 260   M    M   9        20 270
13  46  40  43 -11  22   0 0.06    M    0  6.9 15 280   M    M   9 1      21 250
14  59  40  50  -4  15   0    T    M    0  4.1 12 180   M    M   8 1      14 190
15  63  44  54   0  11   0 0.12    M    0 11.0 20 280   M    M   9 18     27 220
16  53  35  44  -9  21   0 0.00  0.0    0  7.2 12 230   M    M   0        17 220
17  58  40  49  -4  16   0 0.00  0.0    0 12.4 24 270   M    M   3        33 250
18  51  33  42 -10  23   0 0.00    M    M  5.8 13 310   M    M   0        17 300
19  59  34  47  -5  18   0 0.10    M    M  7.9 16 240   M    M   3 1      24 250
20  59  36  48  -4  17   0 0.10    M    M 12.9 32 290   M    M   9 18     45 290
================================================================================
SM 1376 1012       170  68  2.01     0.0 150.7          M       94
================================================================================
AV 68.8 50.6                               7.5 FASTST   M    M   5    MAX(MPH)
                                 MISC ---->  # 36 220               # 45  250
================================================================================
NOTES:
# LAST OF SEVERAL OCCURRENCES

COLUMN 17 PEAK WIND IN M.P.H.

PRELIMINARY LOCAL CLIMATOLOGICAL DATA (WS FORM: F-6) , PAGE 2

                                          STATION:  WHEELING
                                          MONTH:    OCTOBER
                                          YEAR:     2018
                                          LATITUDE:   40 10 N
                                          LONGITUDE:  80 39 W

[TEMPERATURE DATA]      [PRECIPITATION DATA]       SYMBOLS USED IN COLUMN 16

AVERAGE MONTHLY: 59.7   TOTAL FOR MONTH:   2.01    1 = FOG OR MIST
DPTR FM NORMAL:   4.5   DPTR FM NORMAL:    0.33    2 = FOG REDUCING VISIBILITY
HIGHEST:    86 ON  8    GRTST 24HR  1.04 ON  2- 2      TO 1/4 MILE OR LESS
LOWEST:     33 ON 18                               3 = THUNDER
                        SNOW, ICE PELLETS, HAIL    4 = ICE PELLETS
                        TOTAL MONTH:   0.0 INCH    5 = HAIL
                        GRTST 24HR     0.0         6 = FREEZING RAIN OR DRIZZLE
                        GRTST DEPTH:   0           7 = DUSTSTORM OR SANDSTORM:
                                                       VSBY 1/2 MILE OR LESS
                                                   8 = SMOKE OR HAZE
[NO. OF DAYS WITH]      [WEATHER - DAYS WITH]      9 = BLOWING SNOW
                                                   X = TORNADO
MAX 32 OR BELOW:   0    0.01 INCH OR MORE:   9
MAX 90 OR ABOVE:   0    0.10 INCH OR MORE:   6
MIN 32 OR BELOW:   0    0.50 INCH OR MORE:   1
MIN  0 OR BELOW:   0    1.00 INCH OR MORE:   1

[HDD (BASE 65) ]
TOTAL THIS MO.   170    CLEAR  (SCALE 0-3)  10
DPTR FM NORMAL   -37    PTCLDY (SCALE 4-7)   5
TOTAL FM JUL 1   209    CLOUDY (SCALE 8-10)  5
DPTR FM NORMAL   -99

[CDD (BASE 65) ]
TOTAL THIS MO.    68
DPTR FM NORMAL    58    [PRESSURE DATA]
TOTAL FM JAN 1  1185    HIGHEST SLP M ON M
DPTR FM NORMAL   497    LOWEST  SLP 29.66 ON 20

[REMARKS]
