000
CXHW50 PHFO 191250
CF6HNL
PRELIMINARY LOCAL CLIMATOLOGICAL DATA (WS FORM: F-6)

                                          STATION:   HONOLULU HI
                                          MONTH:     OCTOBER
                                          YEAR:      2018
                                          LATITUDE:   21 21 N
                                          LONGITUDE: 157 56 W

  TEMPERATURE IN F:       :PCPN:    SNOW:  WIND      :SUNSHINE: SKY     :PK WND
================================================================================
1   2   3   4   5  6A  6B    7    8   9   10  11  12  13   14  15   16   17  18
                                     12Z  AVG MX 2MIN
DY MAX MIN AVG DEP HDD CDD  WTR  SNW DPTH SPD SPD DIR MIN PSBL S-S WX    SPD DR
================================================================================

 1  87  76  82   1   0  17 0.00  0.0    M  6.4 14  40   M    M   M        18 140
 2  87  73  80  -1   0  15 0.00  0.0    M  8.5 18 130   M    M   M        23 130
 3  88  76  82   1   0  17    T  0.0    M  7.5 17  40   M    M   M        24 100
 4  86  74  80  -1   0  15 0.00  0.0    M  6.7 14 130   M    M   M        17  60
 5  89  75  82   1   0  17 0.00  0.0    M  5.8 17  70   M    M   M        23 140
 6  84  75  80  -1   0  15 0.10  0.0    M  6.9 16 220   M    M   M 1      20  80
 7  88  75  82   1   0  17    T  0.0    M  8.1 21  60   M    M   M        26  20
 8  90  77  84   3   0  19 0.01  0.0    M  9.3 17  40   M    M   M        23  80
 9  87  75  81   0   0  16 0.25  0.0    M 10.2 21  50   M    M   M 1      26  70
10  87  75  81   0   0  16 0.01  0.0    M  7.6 21  80   M    M   M        27  80
11  87  75  81   1   0  16    T  0.0    M  7.6 18 140   M    M   M        24 130
12  85  73  79  -1   0  14 0.74  0.0    M  5.3 15 340   M    M   M 1      17 320
13  84  73  79  -1   0  14    T  0.0    M  4.6 12 170   M    M   M        15 160
14  84  69  77  -3   0  12    T  0.0    M  5.8 12  10   M    M   M        17  30
15  85  73  79  -1   0  14    T  0.0    M  7.6 21  40   M    M   M 1      25  50
16  86  75  81   1   0  16 0.00  0.0    M  9.0 20  50   M    M   M        28  50
17  87  73  80   0   0  15 0.00  0.0    M  9.1 20  50   M    M   M        26  40
18  86  75  81   1   0  16 0.00  0.0    M  7.8 16  80   M    M   M        25  90
================================================================================
SM 1557 1337         0 281  1.11     0.0 133.8          M        M
================================================================================
AV 86.5 74.3                               7.4 FASTST   M    M   0    MAX(MPH)
                                 MISC ---->  # 21  60               # 28   50
================================================================================
NOTES:
# LAST OF SEVERAL OCCURRENCES

COLUMN 17 PEAK WIND IN M.P.H.

PRELIMINARY LOCAL CLIMATOLOGICAL DATA (WS FORM: F-6) , PAGE 2

                                          STATION:  HONOLULU HI
                                          MONTH:    OCTOBER
                                          YEAR:     2018
                                          LATITUDE:   21 21 N
                                          LONGITUDE: 157 56 W

[TEMPERATURE DATA]      [PRECIPITATION DATA]       SYMBOLS USED IN COLUMN 16

AVERAGE MONTHLY: 80.4   TOTAL FOR MONTH:   1.11    1 = FOG OR MIST
DPTR FM NORMAL:  -0.2   DPTR FM NORMAL:    0.20    2 = FOG REDUCING VISIBILITY
HIGHEST:    90 ON  8    GRTST 24HR  0.74 ON 12-12      TO 1/4 MILE OR LESS
LOWEST:     69 ON 14                               3 = THUNDER
                        SNOW, ICE PELLETS, HAIL    4 = ICE PELLETS
                        TOTAL MONTH:   0.0 INCH    5 = HAIL
                        GRTST 24HR     0.0         6 = FREEZING RAIN OR DRIZZLE
                        GRTST DEPTH:  M  ON   M    7 = DUSTSTORM OR SANDSTORM:
                                                       VSBY 1/2 MILE OR LESS
                                                   8 = SMOKE OR HAZE
[NO. OF DAYS WITH]      [WEATHER - DAYS WITH]      9 = BLOWING SNOW
                                                   X = TORNADO
MAX 32 OR BELOW:   0    0.01 INCH OR MORE:   5
MAX 90 OR ABOVE:   1    0.10 INCH OR MORE:   3
MIN 32 OR BELOW:   0    0.50 INCH OR MORE:   1
MIN  0 OR BELOW:   0    1.00 INCH OR MORE:   0

[HDD (BASE 65) ]
TOTAL THIS MO.     0    CLEAR  (SCALE 0-3)   0
DPTR FM NORMAL     0    PTCLDY (SCALE 4-7)   0
TOTAL FM JUL 1     0    CLOUDY (SCALE 8-10)  0
DPTR FM NORMAL     0

[CDD (BASE 65) ]
TOTAL THIS MO.   281
DPTR FM NORMAL     2    [PRESSURE DATA]
TOTAL FM JAN 1  4165    HIGHEST SLP M ON M
DPTR FM NORMAL   407    LOWEST  SLP 29.85 ON M

[REMARKS]
