948
CXUS55 KFSD 160905
CF6HON
PRELIMINARY LOCAL CLIMATOLOGICAL DATA (WS FORM: F-6)

                                          STATION:   HURON
                                          MONTH:     OCTOBER
                                          YEAR:      2018
                                          LATITUDE:   44 22 N
                                          LONGITUDE:  98 13 W

  TEMPERATURE IN F:       :PCPN:    SNOW:  WIND      :SUNSHINE: SKY     :PK WND
================================================================================
1   2   3   4   5  6A  6B    7    8   9   10  11  12  13   14  15   16   17  18
                                     12Z  AVG MX 2MIN
DY MAX MIN AVG DEP HDD CDD  WTR  SNW DPTH SPD SPD DIR MIN PSBL S-S WX    SPD DR
================================================================================

 1  61  43  52  -2  13   0    T  0.0    0  5.3 16 120   M    M   5        22 120
 2  57  44  51  -3  14   0 0.00  0.0    0 12.4 21 150   M    M   7 1      32 140
 3  78  30  54   0  11   0 0.00  0.0    0 16.4 44 320   M    M   5 1      55 320
 4  44  25  35 -18  30   0 0.09  0.0    0  6.9 15 120   M    M   6 1      22 130
 5  46  33  40 -13  25   0 0.05  0.0    0  7.4 20 320   M    M   8 1      26 320
 6  46  30  38 -14  27   0 0.00  0.0    0  6.7 13 100   M    M   5        18 350
 7  45  35  40 -12  25   0 0.32  0.0    0  7.2 14  40   M    M   9 1      19  30
 8  46  41  44  -7  21   0 0.53  0.0    0 10.3 17  20   M    M  10 1      23  20
 9  44  39  42  -9  23   0 0.74  0.0    0 13.3 23 360   M    M  10 1      32 360
10  40  32  36 -14  29   0 0.10    T    T 20.6 30 340   M    M  10 1      43 330
11  40  31  36 -14  29   0 0.00  0.0    0  9.1 21 310   M    M   8        26 310
12  45  31  38 -12  27   0 0.02    T    0  7.0 16 170   M    M   7 1      24 170
13  55  32  44  -5  21   0 0.00  0.0    0 13.9 26 340   M    M   6        34 340
14  36  26  31 -18  34   0 0.00  0.0    0 12.6 23 320   M    M   9        31 360
15  51  19  35 -13  30   0 0.00  0.0    0 10.4 20 200   M    M   1        29 210
================================================================================
SM  734  491       359   0  1.85    T    159.5          M      106
================================================================================
AV 48.9 32.7                              10.6 FASTST   M    M   7    MAX(MPH)
                                 MISC ---->  # 44 320               # 55  320
================================================================================
NOTES:
# LAST OF SEVERAL OCCURRENCES

COLUMN 17 PEAK WIND IN M.P.H.

PRELIMINARY LOCAL CLIMATOLOGICAL DATA (WS FORM: F-6) , PAGE 2

                                          STATION:  HURON
                                          MONTH:    OCTOBER
                                          YEAR:     2018
                                          LATITUDE:   44 22 N
                                          LONGITUDE:  98 13 W

[TEMPERATURE DATA]      [PRECIPITATION DATA]       SYMBOLS USED IN COLUMN 16

AVERAGE MONTHLY: 40.8   TOTAL FOR MONTH:   1.85    1 = FOG OR MIST
DPTR FM NORMAL: -10.5   DPTR FM NORMAL:    0.89    2 = FOG REDUCING VISIBILITY
HIGHEST:    78 ON  3    GRTST 24HR  0.74 ON  9- 9      TO 1/4 MILE OR LESS
LOWEST:     19 ON 15                               3 = THUNDER
                        SNOW, ICE PELLETS, HAIL    4 = ICE PELLETS
                        TOTAL MONTH:    T          5 = HAIL
                        GRTST 24HR    T  ON 12-12  6 = FREEZING RAIN OR DRIZZLE
                        GRTST DEPTH:   T           7 = DUSTSTORM OR SANDSTORM:
                                                       VSBY 1/2 MILE OR LESS
                                                   8 = SMOKE OR HAZE
[NO. OF DAYS WITH]      [WEATHER - DAYS WITH]      9 = BLOWING SNOW
                                                   X = TORNADO
MAX 32 OR BELOW:   0    0.01 INCH OR MORE:   7
MAX 90 OR ABOVE:   0    0.10 INCH OR MORE:   4
MIN 32 OR BELOW:   9    0.50 INCH OR MORE:   2
MIN  0 OR BELOW:   0    1.00 INCH OR MORE:   0

[HDD (BASE 65) ]
TOTAL THIS MO.   359    CLEAR  (SCALE 0-3)   1
DPTR FM NORMAL   151    PTCLDY (SCALE 4-7)   8
TOTAL FM JUL 1   504    CLOUDY (SCALE 8-10)  6
DPTR FM NORMAL   100

[CDD (BASE 65) ]
TOTAL THIS MO.     0
DPTR FM NORMAL     0    [PRESSURE DATA]
TOTAL FM JAN 1   950    HIGHEST SLP M ON M
DPTR FM NORMAL   212    LOWEST  SLP 29.42 ON  3

[REMARKS]
