724
CXUS54 KLZK 161130
CF6HOT
PRELIMINARY LOCAL CLIMATOLOGICAL DATA (WS FORM: F-6)

                                          STATION:   Hot Springs Memorial Field
                                          MONTH:     OCTOBER
                                          YEAR:      2018
                                          LATITUDE:   34 28 N
                                          LONGITUDE:  93  6 W

  TEMPERATURE IN F:       :PCPN:    SNOW:  WIND      :SUNSHINE: SKY     :PK WND
================================================================================
1   2   3   4   5  6A  6B    7    8   9   10  11  12  13   14  15   16   17  18
                                     12Z  AVG MX 2MIN
DY MAX MIN AVG DEP HDD CDD  WTR  SNW DPTH SPD SPD DIR MIN PSBL S-S WX    SPD DR
================================================================================

 1  85  70  78   9   0  13 0.00    M    M  2.6  8 210   M    M   5        13 170
 2  88  69  79  11   0  14 0.00    M    M  2.6  9 210   M    M   4 12     13 230
 3  89  70  80  12   0  15 0.00    M    M  5.7 13 190   M    M   1        18 200
 4  89  70  80  12   0  15 0.00    M    M  2.8  9 180   M    M   1        14 180
 5  89  71  80  13   0  15 0.00    M    M  4.7 13 240   M    M   1        18 240
 6  87  70  79  12   0  14 0.00    M    M  4.4 13 190   M    M   1        16 200
 7  88  74  81  15   0  16    T    M    M  6.0 13 160   M    M   5 3      18 140
 8  86  71  79  13   0  14 0.00    M    M  7.0 15 130   M    M   4        21 150
 9  84  67  76  10   0  11 1.92    M    M  6.9 21 280   M    M   7 13     32 280
10  80  59  70   5   0   5 0.00    M    M  6.7 14 330   M    M   3 1      20 330
11  71  52  62  -3   3   0 0.00    M    M  2.6  9  60   M    M   0        15 310
12  62  51  57  -8   8   0 0.02    M    M  2.6  8 260   M    M   7 1      10 270
13  60  56  58  -6   7   0 1.12    M    M  7.4 21 120   M    M   9 13     32 120
14  73  60  67   3   0   2 0.03    M    M  2.7  9  80   M    M  10 1      11  70
15  70  47  59  -5   6   0 0.68    M    M  5.4 13  40   M    M  10 13     18 360
================================================================================
SM 1201  957        24 134  3.77    M     70.1          M       68
================================================================================
AV 80.1 63.8                               4.7 FASTST   M    M   5    MAX(MPH)
                                 MISC ---->  # 21 280               # 32  280
================================================================================
NOTES:
# LAST OF SEVERAL OCCURRENCES

COLUMN 17 PEAK WIND IN M.P.H.

PRELIMINARY LOCAL CLIMATOLOGICAL DATA (WS FORM: F-6) , PAGE 2

                                          STATION:  Hot Springs Memorial Field
                                          MONTH:    OCTOBER
                                          YEAR:     2018
                                          LATITUDE:   34 28 N
                                          LONGITUDE:  93  6 W

[TEMPERATURE DATA]      [PRECIPITATION DATA]       SYMBOLS USED IN COLUMN 16

AVERAGE MONTHLY: 71.9   TOTAL FOR MONTH:   3.77    1 = FOG OR MIST
DPTR FM NORMAL:   5.8   DPTR FM NORMAL:    1.34    2 = FOG REDUCING VISIBILITY
HIGHEST:    89 ON  5, 4 GRTST 24HR  1.92 ON  9- 9      TO 1/4 MILE OR LESS
LOWEST:     47 ON 15                               3 = THUNDER
                        SNOW, ICE PELLETS, HAIL    4 = ICE PELLETS
                        TOTAL MONTH:    M          5 = HAIL
                        GRTST 24HR    M  ON   M    6 = FREEZING RAIN OR DRIZZLE
                        GRTST DEPTH:  M  ON   M    7 = DUSTSTORM OR SANDSTORM:
                                                       VSBY 1/2 MILE OR LESS
                                                   8 = SMOKE OR HAZE
[NO. OF DAYS WITH]      [WEATHER - DAYS WITH]      9 = BLOWING SNOW
                                                   X = TORNADO
MAX 32 OR BELOW:   0    0.01 INCH OR MORE:   5
MAX 90 OR ABOVE:   0    0.10 INCH OR MORE:   3
MIN 32 OR BELOW:   0    0.50 INCH OR MORE:   3
MIN  0 OR BELOW:   0    1.00 INCH OR MORE:   2

[HDD (BASE 65) ]
TOTAL THIS MO.    24    CLEAR  (SCALE 0-3)   5
DPTR FM NORMAL   -11    PTCLDY (SCALE 4-7)   7
TOTAL FM JUL 1    26    CLOUDY (SCALE 8-10)  3
DPTR FM NORMAL   -20

[CDD (BASE 65) ]
TOTAL THIS MO.   134
DPTR FM NORMAL    83    [PRESSURE DATA]
TOTAL FM JAN 1  2579    HIGHEST SLP M ON M
DPTR FM NORMAL   474    LOWEST  SLP 29.68 ON  9

[REMARKS]
