000
CXUS55 KSEW 270930
CF6HQM
PRELIMINARY LOCAL CLIMATOLOGICAL DATA (WS FORM: F-6)

                                          STATION:   HOQUIAM WA AIRPORT
                                          MONTH:     MAY
                                          YEAR:      2018
                                          LATITUDE:   46 58 N
                                          LONGITUDE: 123 56 W

  TEMPERATURE IN F:       :PCPN:    SNOW:  WIND      :SUNSHINE: SKY     :PK WND
================================================================================
1   2   3   4   5  6A  6B    7    8   9   10  11  12  13   14  15   16   17  18
                                     12Z  AVG MX 2MIN
DY MAX MIN AVG DEP HDD CDD  WTR  SNW DPTH SPD SPD DIR MIN PSBL S-S WX    SPD DR
================================================================================

 1  56  45  51   0  14   0    T  0.0    0  8.1 15 260   M    M   8 8      19 270
 2  62  39  51   0  14   0 0.00  0.0    0  5.5 18 270   M    M   0 1      23 270
 3  54  47  51   0  14   0 0.01  0.0    0  6.7 16 230   M    M   8 12     19 240
 4  59  49  54   3  11   0 0.01  0.0    0  5.7 13 230   M    M   9 1      14 210
 5  66  46  56   5   9   0 0.00  0.0    0  4.6 14 260   M    M   1 1      16 260
 6  61  52  57   5   8   0 0.00  0.0    0  8.7 20 160   M    M   6 1      24 160
 7  59  48  54   2  11   0 0.00  0.0    0  4.6 14 210   M    M   7 1      17 210
 8  71  44  58   6   7   0 0.05  0.0    0  8.0 24 220   M    M   3 1      28 220
 9  59  53  56   4   9   0 0.08  0.0    0 11.2 23 210   M    M   9 1      29 210
10  59  50  55   3  10   0 0.17  0.0    0 11.6 23 270   M    M   7 1      28 270
11  61  48  55   3  10   0 0.00  0.0    0  9.3 20 270   M    M   6        22 270
12  65  49  57   4   8   0 0.00  0.0    0  6.2 15 240   M    M   4 1      18 230
13  80  49  65  12   0   0 0.00  0.0    0  8.1 16 210   M    M   0 1      19 210
14  63  55  59   6   6   0 0.00  0.0    0  8.1 16 220   M    M   8        19 230
15  57  53  55   2  10   0    T  0.0    0  8.4 14 230   M    M  10 1      17 230
16  58  53  56   3   9   0 0.03  0.0    0  6.9 14 210   M    M  10 1      17 210
17  57  52  55   2  10   0 0.00  0.0    0  5.1 12 240   M    M  10 1      14 240
18  59  53  56   3   9   0    T  0.0    0  4.9 12 230   M    M  10        12 240
19  62  53  58   4   7   0 0.00  0.0    0  5.8 14 240   M    M  10 1      18 220
20  61  53  57   3   8   0 0.00  0.0    0  9.5 17 240   M    M  10 1      21 230
21  62  50  56   2   9   0 0.00  0.0    0  7.0 16 260   M    M   6        21 250
22  68  46  57   3   8   0 0.00  0.0    0  6.1 17 230   M    M   0 1      20 270
23  61  50  56   2   9   0 0.00  0.0    0  8.7 17 260   M    M   8 1      22 240
24  63  52  58   4   7   0 0.00  0.0    0 10.4 20 240   M    M   6 1      24 240
25  62  48  55   1  10   0 0.00  0.0    0 11.8 25 270   M    M   1        31 250
26  62  53  58   4   7   0 0.00  0.0    0  9.4 18 220   M    M   4        21 250
================================================================================
SM 1607 1290       234   0  0.35     0.0 200.4          M      161
================================================================================
AV 61.8 49.6                               7.7 FASTST   M    M   6    MAX(MPH)
                                 MISC ---->  # 25 270               # 31  250
================================================================================
NOTES:
# LAST OF SEVERAL OCCURRENCES

COLUMN 17 PEAK WIND IN M.P.H.

PRELIMINARY LOCAL CLIMATOLOGICAL DATA (WS FORM: F-6) , PAGE 2

                                          STATION:  HOQUIAM WA AIRPORT
                                          MONTH:    MAY
                                          YEAR:     2018
                                          LATITUDE:   46 58 N
                                          LONGITUDE: 123 56 W

[TEMPERATURE DATA]      [PRECIPITATION DATA]       SYMBOLS USED IN COLUMN 16

AVERAGE MONTHLY: 55.7   TOTAL FOR MONTH:   0.35    1 = FOG OR MIST
DPTR FM NORMAL:   3.0   DPTR FM NORMAL:   -2.45    2 = FOG REDUCING VISIBILITY
HIGHEST:    80 ON 13    GRTST 24HR  0.17 ON 10-10      TO 1/4 MILE OR LESS
LOWEST:     39 ON  2                               3 = THUNDER
                        SNOW, ICE PELLETS, HAIL    4 = ICE PELLETS
                        TOTAL MONTH:   0.0 INCH    5 = HAIL
                        GRTST 24HR     0.0         6 = FREEZING RAIN OR DRIZZLE
                        GRTST DEPTH:   0           7 = DUSTSTORM OR SANDSTORM:
                                                       VSBY 1/2 MILE OR LESS
                                                   8 = SMOKE OR HAZE
[NO. OF DAYS WITH]      [WEATHER - DAYS WITH]      9 = BLOWING SNOW
                                                   X = TORNADO
MAX 32 OR BELOW:   0    0.01 INCH OR MORE:   6
MAX 90 OR ABOVE:   0    0.10 INCH OR MORE:   1
MIN 32 OR BELOW:   0    0.50 INCH OR MORE:   0
MIN  0 OR BELOW:   0    1.00 INCH OR MORE:   0

[HDD (BASE 65) ]
TOTAL THIS MO.   234    CLEAR  (SCALE 0-3)   5
DPTR FM NORMAL   -86    PTCLDY (SCALE 4-7)  12
TOTAL FM JUL 1  4578    CLOUDY (SCALE 8-10)  9
DPTR FM NORMAL  -313

[CDD (BASE 65) ]
TOTAL THIS MO.     0
DPTR FM NORMAL     0    [PRESSURE DATA]
TOTAL FM JAN 1     0    HIGHEST SLP M ON M
DPTR FM NORMAL     0    LOWEST  SLP 29.85 ON 23

[REMARKS]
