247
CXUS56 KPDT 251832
CF6HRI
PRELIMINARY LOCAL CLIMATOLOGICAL DATA (WS FORM: F-6)

                                          STATION:   HERMISTON OR
                                          MONTH:     APRIL
                                          YEAR:      2018
                                          LATITUDE:   45 49 N
                                          LONGITUDE: 119 16 W

  TEMPERATURE IN F:       :PCPN:    SNOW:  WIND      :SUNSHINE: SKY     :PK WND
================================================================================
1   2   3   4   5  6A  6B    7    8   9   10  11  12  13   14  15   16   17  18
                                     12Z  AVG MX 2MIN
DY MAX MIN AVG DEP HDD CDD  WTR  SNW DPTH SPD SPD DIR MIN PSBL S-S WX    SPD DR
================================================================================

 1  55  30  43  -6  22   0    T  0.0    0 13.8 31 250   M    M   6        39 240
 2  51  35  43  -6  22   0    T  0.0    0 18.7 24 260   M    M   1        37 250
 3  55   M   M   M   M   M 0.00  0.0    0  5.5 12 230   M    M   3         M  M
 4  59  44  52   2  13   0 0.03  0.0    0  6.5 15 240   M    M   M        20 230
 5  57  47  52   2  13   0 0.13  0.0    0  3.1  9 110   M    M   9 1      11 110
 6  71  45  58   8   7   0    T  0.0    0  6.8 18  40   M    M   6 12     24  50
 7  67  47  57   7   8   0 0.31  0.0    0  9.4 26 290   M    M   7 1      34 310
 8  64  45  55   5  10   0    T  0.0    0 15.0 31 260   M    M   5        41 260
 9  66  39  53   3  12   0 0.00  0.0    0  6.0 14 230   M    M   0        19 240
10  67  50  59   8   6   0    T  0.0    M  7.6 16 280   M    M   3         M  M
11  66  40  53   2  12   0 0.64  0.0    M  7.5 18 250   M    M   7 1      24 250
12  59  40  50  -1  15   0 0.00  0.0    0 21.2 35 270   M    M   2        43 270
13  60  36  48  -3  17   0 0.08  0.0    0  6.9 15 220   M    M   7        20 230
14  66  48  57   6   8   0 0.05  0.0    0  5.9 13 260   M    M   4        16 260
15  64  45  55   4  10   0 0.32  0.0    0  7.0 24 290   M    M   6 13     33 270
16  60  41  51  -1  14   0    T  0.0    0 14.1 25 270   M    M   5        33 250
17  60  42  51  -1  14   0 0.00  0.0    0 18.0 32 260   M    M   3        40 240
18  65  35  50  -2  15   0 0.00  0.0    0  7.0 16  30   M    M   3        23 220
19  69  37  53   1  12   0 0.00  0.0    0  5.6 14  20   M    M   1        19  20
20  72  36  54   2  11   0 0.00  0.0    0  5.8 14 270   M    M   1        19 230
21  66  36  51  -2  14   0 0.00  0.0    0 12.7 25 260   M    M   3        32 250
22  65  30  48  -5  17   0 0.00  0.0    0  6.1 13  30   M    M   0        16 360
23  69  30  50  -3  15   0 0.00  0.0    0  4.5 13  40   M    M   0        20  40
24  78  32  55   2  10   0 0.00  0.0    0  5.4 13  10   M    M   0        18  40
================================================================================
SM 1531  910       297   0  1.56     0.0 220.1          M       82
================================================================================
AV 63.8 39.6                               9.2 FASTST   M    M   4    MAX(MPH)
                                 MISC ---->  # 35 270               # 43  270
================================================================================
NOTES:
# LAST OF SEVERAL OCCURRENCES

COLUMN 17 PEAK WIND IN M.P.H.

PRELIMINARY LOCAL CLIMATOLOGICAL DATA (WS FORM: F-6) , PAGE 2

                                          STATION:  HERMISTON OR
                                          MONTH:    APRIL
                                          YEAR:     2018
                                          LATITUDE:   45 49 N
                                          LONGITUDE: 119 16 W

[TEMPERATURE DATA]      [PRECIPITATION DATA]       SYMBOLS USED IN COLUMN 16

AVERAGE MONTHLY: 51.7   TOTAL FOR MONTH:   1.56    1 = FOG OR MIST
DPTR FM NORMAL:   0.6   DPTR FM NORMAL:    0.75    2 = FOG REDUCING VISIBILITY
HIGHEST:    78 ON 24    GRTST 24HR  0.64 ON 11-11      TO 1/4 MILE OR LESS
LOWEST:     30 ON 23,22                            3 = THUNDER
                        SNOW, ICE PELLETS, HAIL    4 = ICE PELLETS
                        TOTAL MONTH:   0.0 INCH    5 = HAIL
                        GRTST 24HR     0.0         6 = FREEZING RAIN OR DRIZZLE
                        GRTST DEPTH:   0           7 = DUSTSTORM OR SANDSTORM:
                                                       VSBY 1/2 MILE OR LESS
                                                   8 = SMOKE OR HAZE
[NO. OF DAYS WITH]      [WEATHER - DAYS WITH]      9 = BLOWING SNOW
                                                   X = TORNADO
MAX 32 OR BELOW:   0    0.01 INCH OR MORE:   7
MAX 90 OR ABOVE:   0    0.10 INCH OR MORE:   4
MIN 32 OR BELOW:   4    0.50 INCH OR MORE:   1
MIN  0 OR BELOW:   0    1.00 INCH OR MORE:   0

[HDD (BASE 65) ]
TOTAL THIS MO.   297    CLEAR  (SCALE 0-3)  12
DPTR FM NORMAL   -28    PTCLDY (SCALE 4-7)  10
TOTAL FM JUL 1  4602    CLOUDY (SCALE 8-10)  1
DPTR FM NORMAL  -183

[CDD (BASE 65) ]
TOTAL THIS MO.     0
DPTR FM NORMAL     0    [PRESSURE DATA]
TOTAL FM JAN 1     0    HIGHEST SLP 30.04 ON  1
DPTR FM NORMAL     0    LOWEST  SLP 29.40 ON  7

[REMARKS]
