000
CXUS54 KBRO 240900
CF6HRL
PRELIMINARY LOCAL CLIMATOLOGICAL DATA (WS FORM: F-6)

                                          STATION:   HARLINGEN
                                          MONTH:     JUNE
                                          YEAR:      2018
                                          LATITUDE:   26 13 N
                                          LONGITUDE:  97 40 W

  TEMPERATURE IN F:       :PCPN:    SNOW:  WIND      :SUNSHINE: SKY     :PK WND
================================================================================
1   2   3   4   5  6A  6B    7    8   9   10  11  12  13   14  15   16   17  18
                                     12Z  AVG MX 2MIN
DY MAX MIN AVG DEP HDD CDD  WTR  SNW DPTH SPD SPD DIR MIN PSBL S-S WX    SPD DR
================================================================================

 1  99  78  89   6   0  24 0.00  0.0    0 14.2 23 150   M    M   4        33 150
 2 100  79  90   7   0  25 0.00  0.0    0 13.8 23 140   M    M   2        29 160
 3 100  75  88   5   0  23 0.00  0.0    0 11.7 21 130   M    M   1        25 130
 4  99  73  86   3   0  21 0.00  0.0    0 11.7 20 140   M    M   2        28 140
 5 100  78  89   6   0  24 0.00  0.0    0 14.8 25 180   M    M   1        32 170
 6 100  78  89   6   0  24 0.00  0.0    0 13.7 23 130   M    M   3        29 120
 7  95  74  85   2   0  20    T  0.0    0 11.8 23 150   M    M   2 38     30 120
 8  96  75  86   2   0  21 0.08  0.0    0 10.7 31 120   M    M   2 3      42 120
 9  98  77  88   4   0  23    T  0.0    0 13.8 25 140   M    M   5 1      31 140
10  97  79  88   4   0  23 0.00  0.0    0 18.5 31 160   M    M   6        42 180
11  98  79  89   5   0  24 0.00  0.0    0 19.3 30 160   M    M   3        38 160
12  98  79  89   5   0  24 0.00  0.0    0 16.1 26 120   M    M   3        31 160
13  97  74  86   2   0  21    T  0.0    0 11.6 26 160   M    M   2        37 140
14  96  72  84   0   0  19    T  0.0    0 11.5 23 100   M    M   2 3      28 110
15  97  75  86   2   0  21    T  0.0    0 13.2 25 110   M    M   2        36 130
16  97  77  87   3   0  22 0.00  0.0    0 13.0 28 120   M    M   2        34 130
17  96  74  85   1   0  20    T  0.0    0  9.5 21 110   M    M   2        24 110
18  93  75  84   0   0  19 2.57  0.0    0  8.4 24 170   M    M   6 1238   29 170
19  89  75  82  -2   0  17 0.96  0.0    0  8.3 17 150   M    M   6 13     21 130
20  85  74  80  -4   0  15 5.90  0.0    0  8.1 28 270   M    M   5 13     34 270
21  85  75  80  -4   0  15 1.25  0.0    0  8.3 24 210   M    M   7 13     32 270
22  93  79  86   2   0  21 0.00  0.0    0 10.2 21 140   M    M   5 1      27 150
23  95  79  87   3   0  22 0.00  0.0    0 17.3 25 150   M    M   2 1      32 180
================================================================================
SM 2203 1753         0 488 10.76     0.0 289.5          M       75
================================================================================
AV 95.8 76.2                              12.6 FASTST   M    M   3    MAX(MPH)
                                 MISC ---->  # 31 120               # 42  120
================================================================================
NOTES:
# LAST OF SEVERAL OCCURRENCES

COLUMN 17 PEAK WIND IN M.P.H.

PRELIMINARY LOCAL CLIMATOLOGICAL DATA (WS FORM: F-6) , PAGE 2

                                          STATION:  HARLINGEN
                                          MONTH:    JUNE
                                          YEAR:     2018
                                          LATITUDE:   26 13 N
                                          LONGITUDE:  97 40 W

[TEMPERATURE DATA]      [PRECIPITATION DATA]       SYMBOLS USED IN COLUMN 16

AVERAGE MONTHLY: 86.0   TOTAL FOR MONTH:  10.76    1 = FOG OR MIST
DPTR FM NORMAL:   2.3   DPTR FM NORMAL:    8.98    2 = FOG REDUCING VISIBILITY
HIGHEST:   100 ON  6, 5 GRTST 24HR  5.90 ON 20-20      TO 1/4 MILE OR LESS
LOWEST:     72 ON 14                               3 = THUNDER
                        SNOW, ICE PELLETS, HAIL    4 = ICE PELLETS
                        TOTAL MONTH:   0.0 INCH    5 = HAIL
                        GRTST 24HR     0.0         6 = FREEZING RAIN OR DRIZZLE
                        GRTST DEPTH:   0           7 = DUSTSTORM OR SANDSTORM:
                                                       VSBY 1/2 MILE OR LESS
                                                   8 = SMOKE OR HAZE
[NO. OF DAYS WITH]      [WEATHER - DAYS WITH]      9 = BLOWING SNOW
                                                   X = TORNADO
MAX 32 OR BELOW:   0    0.01 INCH OR MORE:   5
MAX 90 OR ABOVE:  20    0.10 INCH OR MORE:   4
MIN 32 OR BELOW:   0    0.50 INCH OR MORE:   4
MIN  0 OR BELOW:   0    1.00 INCH OR MORE:   3

[HDD (BASE 65) ]
TOTAL THIS MO.     0    CLEAR  (SCALE 0-3)  15
DPTR FM NORMAL     0    PTCLDY (SCALE 4-7)   8
TOTAL FM JUL 1   644    CLOUDY (SCALE 8-10)  0
DPTR FM NORMAL    22

[CDD (BASE 65) ]
TOTAL THIS MO.   488
DPTR FM NORMAL    58    [PRESSURE DATA]
TOTAL FM JAN 1  1772    HIGHEST SLP 29.92 ON  5
DPTR FM NORMAL   241    LOWEST  SLP 29.68 ON 20

[REMARKS]
