000
CXUS54 KBRO 220900
CF6HRL
PRELIMINARY LOCAL CLIMATOLOGICAL DATA (WS FORM: F-6)

                                          STATION:   HARLINGEN
                                          MONTH:     SEPTEMBER
                                          YEAR:      2018
                                          LATITUDE:   26 13 N
                                          LONGITUDE:  97 40 W

  TEMPERATURE IN F:       :PCPN:    SNOW:  WIND      :SUNSHINE: SKY     :PK WND
================================================================================
1   2   3   4   5  6A  6B    7    8   9   10  11  12  13   14  15   16   17  18
                                     12Z  AVG MX 2MIN
DY MAX MIN AVG DEP HDD CDD  WTR  SNW DPTH SPD SPD DIR MIN PSBL S-S WX    SPD DR
================================================================================

 1 100  75  88   4   0  23    T  0.0    0 10.8 28 110   M    M   2        32 110
 2 102  78  90   6   0  25 0.00  0.0    0 14.1 25 140   M    M   0        31 140
 3  98  78  88   4   0  23 0.50  0.0    0 11.8 29 180   M    M   1 138    36 180
 4  95  75  85   1   0  20 0.00  0.0    0  8.1 23  90   M    M   1 3      26  90
 5  95  76  86   2   0  21 0.00  0.0    0  6.9 23 110   M    M   2 38     28  90
 6  86  75  81  -3   0  16 0.45  0.0    0  4.1 20 190   M    M   2 13     22 190
 7  93  74  84   1   0  19 0.12  0.0    0  7.0 22 120   M    M   2 1      31 120
 8  96  74  85   2   0  20 0.00  0.0    0  9.1 22 120   M    M   2        26 130
 9  93  75  84   1   0  19 0.00  0.0    0  6.8 17  90   M    M   1 3      23 150
10  86  75  81  -2   0  16 0.22  0.0    0  8.3 18 180   M    M   4 1      21 180
11  88  74  81  -2   0  16 1.34  0.0    0  7.5 23 190   M    M   6 13     26 190
12  90  75  83   0   0  18 6.25  0.0    0  7.8 29 360   M    M   7 123    33  10
13  89  77  83   1   0  18 0.08  0.0    0  8.8 22  10   M    M   2 1      32  80
14  84  78  81  -1   0  16 0.45  0.0    0  6.5 17 180   M    M   7 1      22 180
15  85  77  81  -1   0  16 1.83  0.0    0  8.6 24 200   M    M   6 138    29 190
16  90  76  83   1   0  18 0.00  0.0    0  8.5 17 140   M    M   2        23 180
17  92  77  85   3   0  20 0.00  0.0    0  9.7 20 130   M    M   1        25 110
18  92  76  84   3   0  19 0.00  0.0    0  7.3 18 130   M    M   1        26  30
19  90  76  83   2   0  18 0.33  0.0    0  6.4 23 130   M    M   1 138    28 130
20  92  77  85   4   0  20 0.00  0.0    0 10.0 23 140   M    M   1        26 150
21  94  77  86   5   0  21 0.00  0.0    0 11.2 22 140   M    M   1 1      27 140
================================================================================
SM 1930 1595         0 402 11.57     0.0 179.3          M       52
================================================================================
AV 91.9 76.0                               8.5 FASTST   M    M   2    MAX(MPH)
                                 MISC ---->  # 29 180               # 36  180
================================================================================
NOTES:
# LAST OF SEVERAL OCCURRENCES

COLUMN 17 PEAK WIND IN M.P.H.

PRELIMINARY LOCAL CLIMATOLOGICAL DATA (WS FORM: F-6) , PAGE 2

                                          STATION:  HARLINGEN
                                          MONTH:    SEPTEMBER
                                          YEAR:     2018
                                          LATITUDE:   26 13 N
                                          LONGITUDE:  97 40 W

[TEMPERATURE DATA]      [PRECIPITATION DATA]       SYMBOLS USED IN COLUMN 16

AVERAGE MONTHLY: 83.9   TOTAL FOR MONTH:  11.57    1 = FOG OR MIST
DPTR FM NORMAL:   1.3   DPTR FM NORMAL:    7.79    2 = FOG REDUCING VISIBILITY
HIGHEST:   102 ON  2    GRTST 24HR  6.25 ON 12-12      TO 1/4 MILE OR LESS
LOWEST:     74 ON 11, 8                            3 = THUNDER
                        SNOW, ICE PELLETS, HAIL    4 = ICE PELLETS
                        TOTAL MONTH:   0.0 INCH    5 = HAIL
                        GRTST 24HR     0.0         6 = FREEZING RAIN OR DRIZZLE
                        GRTST DEPTH:   0           7 = DUSTSTORM OR SANDSTORM:
                                                       VSBY 1/2 MILE OR LESS
                                                   8 = SMOKE OR HAZE
[NO. OF DAYS WITH]      [WEATHER - DAYS WITH]      9 = BLOWING SNOW
                                                   X = TORNADO
MAX 32 OR BELOW:   0    0.01 INCH OR MORE:  10
MAX 90 OR ABOVE:  15    0.10 INCH OR MORE:   9
MIN 32 OR BELOW:   0    0.50 INCH OR MORE:   4
MIN  0 OR BELOW:   0    1.00 INCH OR MORE:   3

[HDD (BASE 65) ]
TOTAL THIS MO.     0    CLEAR  (SCALE 0-3)  16
DPTR FM NORMAL     0    PTCLDY (SCALE 4-7)   5
TOTAL FM JUL 1     0    CLOUDY (SCALE 8-10)  0
DPTR FM NORMAL     0

[CDD (BASE 65) ]
TOTAL THIS MO.   402
DPTR FM NORMAL    31    [PRESSURE DATA]
TOTAL FM JAN 1  3686    HIGHEST SLP 29.96 ON 17
DPTR FM NORMAL   391    LOWEST  SLP 29.74 ON  9

[REMARKS]
