000
CXUS52 KMHX 180700
CF6HSE
PRELIMINARY LOCAL CLIMATOLOGICAL DATA (WS FORM: F-6)

                                          STATION:   CAPE HATTERAS NC
                                          MONTH:     NOVEMBER
                                          YEAR:      2018
                                          LATITUDE:   35 13 N
                                          LONGITUDE:  75 37 W

  TEMPERATURE IN F:       :PCPN:    SNOW:  WIND      :SUNSHINE: SKY     :PK WND
================================================================================
1   2   3   4   5  6A  6B    7    8   9   10  11  12  13   14  15   16   17  18
                                     12Z  AVG MX 2MIN
DY MAX MIN AVG DEP HDD CDD  WTR  SNW DPTH SPD SPD DIR MIN PSBL S-S WX    SPD DR
================================================================================

 1  80  61  71  10   0   6 0.00  0.0    0 11.2 28 190   M    M   1 18     39 190
 2  79  68  74  13   0   9 0.58  0.0    0 15.6 30 190   M    M   7 138    45 210
 3  76  55  66   5   0   1 0.06  0.0    0 10.9 23 210   M    M   1 18     36 210
 4  73  58  66   5   0   1 0.00  0.0    0 10.5 20 120   M    M   2        28  30
 5  75  70  73  13   0   8 1.35  0.0    0 13.7 31 180   M    M   6 1      45 170
 6  79  67  73  13   0   8 0.00  0.0    0  9.3 16 210   M    M   4 1      24 210
 7  76  66  71  11   0   6 0.00  0.0    0  6.8 17 160   M    M   4        23 170
 8  71  63  67   7   0   2 1.24  0.0    0 11.7 20  40   M    M  10 13     34  30
 9  78  63  71  12   0   6 0.64  0.0    0  9.8 22 120   M    M   6 18     29 120
10  69  51  60   1   5   0 0.05  0.0    0  8.2 14  40   M    M   9 1      24  50
11  58  49  54  -5  11   0 0.00  0.0    0  8.0 15  40   M    M   4        26  30
12  73  50  62   3   3   0 0.01  0.0    0 11.2 29 160   M    M   4        36 160
13  74  58  66   8   0   1 4.17  0.0    0 13.3 36 180   M    M   9 138    47 180
14  58  52  55  -3  10   0    T  0.0    0 11.8 17  40   M    M   8        30  50
15  73  53  63   5   2   0 2.03  0.0    0 15.6 36 130   M    M   9 1      46 140
16  57  48  53  -5  12   0 0.00  0.0    0 11.3 22 280   M    M   3        34 270
17  61  50  56  -1   9   0 0.00  0.0    0  6.0 12  30   M    M   0        18  40
================================================================================
SM 1210  982        52  48 10.13     0.0 184.9          M       87
================================================================================
AV 71.2 57.8                              10.9 FASTST   M    M   5    MAX(MPH)
                                 MISC ---->  # 36 180               # 47  180
================================================================================
NOTES:
# LAST OF SEVERAL OCCURRENCES

COLUMN 17 PEAK WIND IN M.P.H.

PRELIMINARY LOCAL CLIMATOLOGICAL DATA (WS FORM: F-6) , PAGE 2

                                          STATION:  CAPE HATTERAS NC
                                          MONTH:    NOVEMBER
                                          YEAR:     2018
                                          LATITUDE:   35 13 N
                                          LONGITUDE:  75 37 W

[TEMPERATURE DATA]      [PRECIPITATION DATA]       SYMBOLS USED IN COLUMN 16

AVERAGE MONTHLY: 64.5   TOTAL FOR MONTH:  10.13    1 = FOG OR MIST
DPTR FM NORMAL:   5.1   DPTR FM NORMAL:    7.13    2 = FOG REDUCING VISIBILITY
HIGHEST:    80 ON  1    GRTST 24HR  4.17 ON 13-13      TO 1/4 MILE OR LESS
LOWEST:     48 ON 16                               3 = THUNDER
                        SNOW, ICE PELLETS, HAIL    4 = ICE PELLETS
                        TOTAL MONTH:   0.0 INCH    5 = HAIL
                        GRTST 24HR     0.0         6 = FREEZING RAIN OR DRIZZLE
                        GRTST DEPTH:   0           7 = DUSTSTORM OR SANDSTORM:
                                                       VSBY 1/2 MILE OR LESS
                                                   8 = SMOKE OR HAZE
[NO. OF DAYS WITH]      [WEATHER - DAYS WITH]      9 = BLOWING SNOW
                                                   X = TORNADO
MAX 32 OR BELOW:   0    0.01 INCH OR MORE:   9
MAX 90 OR ABOVE:   0    0.10 INCH OR MORE:   6
MIN 32 OR BELOW:   0    0.50 INCH OR MORE:   6
MIN  0 OR BELOW:   0    1.00 INCH OR MORE:   4

[HDD (BASE 65) ]
TOTAL THIS MO.    52    CLEAR  (SCALE 0-3)   5
DPTR FM NORMAL   -58    PTCLDY (SCALE 4-7)   8
TOTAL FM JUL 1   115    CLOUDY (SCALE 8-10)  4
DPTR FM NORMAL   -70

[CDD (BASE 65) ]
TOTAL THIS MO.    48
DPTR FM NORMAL    31    [PRESSURE DATA]
TOTAL FM JAN 1  2529    HIGHEST SLP M ON M
DPTR FM NORMAL   822    LOWEST  SLP 29.71 ON  3

[REMARKS]
