000
CXUS53 KGID 160730
CF6HSI
PRELIMINARY LOCAL CLIMATOLOGICAL DATA (WS FORM: F-6)

                                          STATION:   HASTINGS NE
                                          MONTH:     OCTOBER
                                          YEAR:      2018
                                          LATITUDE:   40 35 N
                                          LONGITUDE:  98 26 W

  TEMPERATURE IN F:       :PCPN:    SNOW:  WIND      :SUNSHINE: SKY     :PK WND
================================================================================
1   2   3   4   5  6A  6B    7    8   9   10  11  12  13   14  15   16   17  18
                                     12Z  AVG MX 2MIN
DY MAX MIN AVG DEP HDD CDD  WTR  SNW DPTH SPD SPD DIR MIN PSBL S-S WX    SPD DR
================================================================================

 1  55  47  51  -8  14   0 0.04  0.0    0  7.0 15 340   M    M  10 1      18 350
 2  70  51  61   2   4   0    T  0.0    0  6.2 14 180   M    M   7 1      22 170
 3  94  47  71  13   0   6 0.00  0.0    0 17.3 41 350   M    M   1        56 360
 4  47  38  43 -15  22   0    T  0.0    0 11.0 25  30   M    M   7 1      34  20
 5  53  36  45 -13  20   0 0.00  0.0    0  6.9 26 360   M    M   8 12     36  10
 6  57  40  49  -8  16   0 0.00  0.0    0 11.8 24 360   M    M   6        34 360
 7  48  43  46 -11  19   0 0.42  0.0    0  9.7 15  70   M    M  10 1      21  80
 8  50  46  48  -8  17   0 0.35  0.0    0 10.7 22 340   M    M   9 1      27 340
 9  46  42  44 -12  21   0 1.39  0.0    0 17.5 28  10   M    M  10 1      37  10
10  45  34  40 -15  25   0 0.00  0.0    0 16.3 24 320   M    M  10 1      34 320
11  53  28  41 -14  24   0    T  0.0    0  6.1 13 310   M    M   3        19 350
12  54  37  46  -8  19   0 0.13  0.0    0  5.0 17 340   M    M   7 1      22 350
13  66  37  52  -2  13   0 0.09  0.0    0 11.3 22  40   M    M   5        31 200
14  44  29  37 -17  28   0 0.10  1.1    0 20.0 31 360   M    M  10 12     43 360
15  47  25  36 -17  29   0 0.00  0.0    T  7.9 16 270   M    M   2        22 260
================================================================================
SM  829  580       271   6  2.52     1.1 164.7          M      105
================================================================================
AV 55.3 38.7                              11.0 FASTST   M    M   7    MAX(MPH)
                                 MISC ---->  # 41 350               # 56  360
================================================================================
NOTES:
# LAST OF SEVERAL OCCURRENCES

COLUMN 17 PEAK WIND IN M.P.H.

PRELIMINARY LOCAL CLIMATOLOGICAL DATA (WS FORM: F-6) , PAGE 2

                                          STATION:  HASTINGS NE
                                          MONTH:    OCTOBER
                                          YEAR:     2018
                                          LATITUDE:   40 35 N
                                          LONGITUDE:  98 26 W

[TEMPERATURE DATA]      [PRECIPITATION DATA]       SYMBOLS USED IN COLUMN 16

AVERAGE MONTHLY: 47.0   TOTAL FOR MONTH:   2.52    1 = FOG OR MIST
DPTR FM NORMAL:  -9.2   DPTR FM NORMAL:    1.45    2 = FOG REDUCING VISIBILITY
HIGHEST:    94 ON  3    GRTST 24HR  1.39 ON  9- 9      TO 1/4 MILE OR LESS
LOWEST:     25 ON 15                               3 = THUNDER
                        SNOW, ICE PELLETS, HAIL    4 = ICE PELLETS
                        TOTAL MONTH:   1.1 INCHES  5 = HAIL
                        GRTST 24HR   1.1 ON 14-14  6 = FREEZING RAIN OR DRIZZLE
                        GRTST DEPTH:   T           7 = DUSTSTORM OR SANDSTORM:
                                                       VSBY 1/2 MILE OR LESS
                                                   8 = SMOKE OR HAZE
[NO. OF DAYS WITH]      [WEATHER - DAYS WITH]      9 = BLOWING SNOW
                                                   X = TORNADO
MAX 32 OR BELOW:   0    0.01 INCH OR MORE:   7
MAX 90 OR ABOVE:   1    0.10 INCH OR MORE:   5
MIN 32 OR BELOW:   3    0.50 INCH OR MORE:   1
MIN  0 OR BELOW:   0    1.00 INCH OR MORE:   1

[HDD (BASE 65) ]
TOTAL THIS MO.   271    CLEAR  (SCALE 0-3)   2
DPTR FM NORMAL   127    PTCLDY (SCALE 4-7)   7
TOTAL FM JUL 1   357    CLOUDY (SCALE 8-10)  6
DPTR FM NORMAL   117

[CDD (BASE 65) ]
TOTAL THIS MO.     6
DPTR FM NORMAL    -5    [PRESSURE DATA]
TOTAL FM JAN 1  1249    HIGHEST SLP M ON M
DPTR FM NORMAL   175    LOWEST  SLP 29.58 ON  3

[REMARKS]
