000
CXUS53 KGID 160730
CF6HSI
PRELIMINARY LOCAL CLIMATOLOGICAL DATA (WS FORM: F-6)

                                          STATION:   HASTINGS NE
                                          MONTH:     JULY
                                          YEAR:      2018
                                          LATITUDE:   40 35 N
                                          LONGITUDE:  98 26 W

  TEMPERATURE IN F:       :PCPN:    SNOW:  WIND      :SUNSHINE: SKY     :PK WND
================================================================================
1   2   3   4   5  6A  6B    7    8   9   10  11  12  13   14  15   16   17  18
                                     12Z  AVG MX 2MIN
DY MAX MIN AVG DEP HDD CDD  WTR  SNW DPTH SPD SPD DIR MIN PSBL S-S WX    SPD DR
================================================================================

 1  80  60  70  -6   0   5 0.01  0.0    0  6.9 18 330   M    M   2        28 330
 2  88  64  76   0   0  11 0.00  0.0    0 10.5 18 160   M    M   0        28 160
 3  94  73  84   8   0  19 0.00  0.0    0 10.6 18 140   M    M   0        30 160
 4  92  72  82   6   0  17 0.00  0.0    0 10.8 23  80   M    M   0        33  80
 5  81  64  73  -4   0   8 0.82  0.0    0  9.1 22  40   M    M   4 3      30  30
 6  84  68  76  -1   0  11 0.00  0.0    0  7.3 15 140   M    M   3 1      22 130
 7  89  67  78   1   0  13 0.00  0.0    0 10.3 16 140   M    M   0        24 200
 8  90  66  78   1   0  13 0.00  0.0    0  9.1 16 160   M    M   0        23 190
 9  90  65  78   1   0  13 0.00  0.0    0  6.4 12 210   M    M   0        19 210
10  92  67  80   3   0  15 0.00  0.0    0  7.4 15 170   M    M   0        20 180
11  94  71  83   6   0  18 0.00  0.0    0  8.8 17 160   M    M   0        25 200
12  96  73  85   8   0  20    T  0.0    0  8.7 17 200   M    M   0 3      27 200
13  82  67  75  -2   0  10 0.02  0.0    0  7.7 21 330   M    M   3 1      25 340
14  85  62  74  -3   0   9 0.00  0.0    0  3.6  9 360   M    M   4 12     14 210
15  90  68  79   1   0  14 0.00  0.0    0  4.9 12  20   M    M   2 1      16  80
================================================================================
SM 1327 1007         0 196  0.85     0.0 122.1          M       18
================================================================================
AV 88.5 67.1                               8.1 FASTST   M    M   1    MAX(MPH)
                                 MISC ---->  # 23  80               # 33   80
================================================================================
NOTES:
# LAST OF SEVERAL OCCURRENCES

COLUMN 17 PEAK WIND IN M.P.H.

PRELIMINARY LOCAL CLIMATOLOGICAL DATA (WS FORM: F-6) , PAGE 2

                                          STATION:  HASTINGS NE
                                          MONTH:    JULY
                                          YEAR:     2018
                                          LATITUDE:   40 35 N
                                          LONGITUDE:  98 26 W

[TEMPERATURE DATA]      [PRECIPITATION DATA]       SYMBOLS USED IN COLUMN 16

AVERAGE MONTHLY: 77.8   TOTAL FOR MONTH:   0.85    1 = FOG OR MIST
DPTR FM NORMAL:   1.0   DPTR FM NORMAL:   -1.19    2 = FOG REDUCING VISIBILITY
HIGHEST:    96 ON 12    GRTST 24HR  1.99 ON 30- 1      TO 1/4 MILE OR LESS
LOWEST:     60 ON  1                               3 = THUNDER
                        SNOW, ICE PELLETS, HAIL    4 = ICE PELLETS
                        TOTAL MONTH:   0.0 INCH    5 = HAIL
                        GRTST 24HR     0.0         6 = FREEZING RAIN OR DRIZZLE
                        GRTST DEPTH:   0           7 = DUSTSTORM OR SANDSTORM:
                                                       VSBY 1/2 MILE OR LESS
                                                   8 = SMOKE OR HAZE
[NO. OF DAYS WITH]      [WEATHER - DAYS WITH]      9 = BLOWING SNOW
                                                   X = TORNADO
MAX 32 OR BELOW:   0    0.01 INCH OR MORE:   3
MAX 90 OR ABOVE:   8    0.10 INCH OR MORE:   1
MIN 32 OR BELOW:   0    0.50 INCH OR MORE:   1
MIN  0 OR BELOW:   0    1.00 INCH OR MORE:   0

[HDD (BASE 65) ]
TOTAL THIS MO.     0    CLEAR  (SCALE 0-3)  13
DPTR FM NORMAL     0    PTCLDY (SCALE 4-7)   2
TOTAL FM JUL 1     0    CLOUDY (SCALE 8-10)  0
DPTR FM NORMAL     0

[CDD (BASE 65) ]
TOTAL THIS MO.   196
DPTR FM NORMAL    19    [PRESSURE DATA]
TOTAL FM JAN 1   685    HIGHEST SLP M ON M
DPTR FM NORMAL   224    LOWEST  SLP 29.82 ON  1

[REMARKS]
