000
CXUS51 KRLX 181137
CF6HTS
PRELIMINARY LOCAL CLIMATOLOGICAL DATA (WS FORM: F-6)

                                          STATION:   HUNTINGTON WV
                                          MONTH:     JULY
                                          YEAR:      2018
                                          LATITUDE:   38 22 N
                                          LONGITUDE:  82 33 W

  TEMPERATURE IN F:       :PCPN:    SNOW:  WIND      :SUNSHINE: SKY     :PK WND
================================================================================
1   2   3   4   5  6A  6B    7    8   9   10  11  12  13   14  15   16   17  18
                                     12Z  AVG MX 2MIN
DY MAX MIN AVG DEP HDD CDD  WTR  SNW DPTH SPD SPD DIR MIN PSBL S-S WX    SPD DR
================================================================================

 1  93  70  82   7   0  17 1.38  0.0    0  3.8 17 140   M    M   2 138    22 140
 2  89  70  80   5   0  15 0.25  0.0    0  3.6 17  60   M    M   3 1238   21  60
 3  92  70  81   6   0  16 0.00  0.0    0  3.2  7  30   M    M   1 1      10  50
 4  95  73  84   8   0  19    T  0.0    0  2.7 17 140   M    M   1 13     26 150
 5  91  70  81   5   0  16 0.24  0.0    0  4.0 14 270   M    M   0 138    22 320
 6  81  67  74  -2   0   9 0.07  0.0    0  4.1 14 360   M    M   5 138    20 330
 7  83  61  72  -4   0   7 0.00  0.0    0  6.4 13  20   M    M   0        16  50
 8  87  61  74  -2   0   9 0.00  0.0    0  2.0  9  60   M    M   2 1      12 100
 9  88  62  75  -1   0  10 0.00  0.0    0  1.3  7  10   M    M   2 1      10 240
10  91  67  79   3   0  14 0.00  0.0    0  2.6  9 230   M    M   2 18     14 310
11  86  70  78   2   0  13 0.00  0.0    0  5.8 13  20   M    M   2        19  20
12  86  64  75  -1   0  10 0.00  0.0    0  4.3 10  30   M    M   1        15  10
13  91  66  79   3   0  14 0.00  0.0    0  3.0  8 110   M    M   1 18     12 240
14  92  70  81   5   0  16 0.00  0.0    0  3.3 10 230   M    M   1 1      14 230
15  86  72  79   3   0  14 0.00  0.0    0  3.3  8 240   M    M   1 18     10 280
16  85  72  79   3   0  14 0.31  0.0    0  3.9 17 200   M    M   6 138    24 170
17  88  66  77   1   0  12 0.07  0.0    0  5.9 17 360   M    M   5 1      26  10
================================================================================
SM 1504 1151         0 225  2.32     0.0  63.2          M       35
================================================================================
AV 88.5 67.7                               3.7 FASTST   M    M   2    MAX(MPH)
                                 MISC ---->  # 17 140               # 26  150
================================================================================
NOTES:
# LAST OF SEVERAL OCCURRENCES

COLUMN 17 PEAK WIND IN M.P.H.

PRELIMINARY LOCAL CLIMATOLOGICAL DATA (WS FORM: F-6) , PAGE 2

                                          STATION:  HUNTINGTON WV
                                          MONTH:    JULY
                                          YEAR:     2018
                                          LATITUDE:   38 22 N
                                          LONGITUDE:  82 33 W

[TEMPERATURE DATA]      [PRECIPITATION DATA]       SYMBOLS USED IN COLUMN 16

AVERAGE MONTHLY: 78.1   TOTAL FOR MONTH:   2.32    1 = FOG OR MIST
DPTR FM NORMAL:   2.3   DPTR FM NORMAL:   -0.10    2 = FOG REDUCING VISIBILITY
HIGHEST:    95 ON  4    GRTST 24HR  1.38 ON  1- 1      TO 1/4 MILE OR LESS
LOWEST:     61 ON  8, 7                            3 = THUNDER
                        SNOW, ICE PELLETS, HAIL    4 = ICE PELLETS
                        TOTAL MONTH:   0.0 INCH    5 = HAIL
                        GRTST 24HR     0.0         6 = FREEZING RAIN OR DRIZZLE
                        GRTST DEPTH:   0           7 = DUSTSTORM OR SANDSTORM:
                                                       VSBY 1/2 MILE OR LESS
                                                   8 = SMOKE OR HAZE
[NO. OF DAYS WITH]      [WEATHER - DAYS WITH]      9 = BLOWING SNOW
                                                   X = TORNADO
MAX 32 OR BELOW:   0    0.01 INCH OR MORE:   6
MAX 90 OR ABOVE:   7    0.10 INCH OR MORE:   4
MIN 32 OR BELOW:   0    0.50 INCH OR MORE:   1
MIN  0 OR BELOW:   0    1.00 INCH OR MORE:   1

[HDD (BASE 65) ]
TOTAL THIS MO.     0    CLEAR  (SCALE 0-3)  14
DPTR FM NORMAL     0    PTCLDY (SCALE 4-7)   3
TOTAL FM JUL 1     0    CLOUDY (SCALE 8-10)  0
DPTR FM NORMAL     0

[CDD (BASE 65) ]
TOTAL THIS MO.   225
DPTR FM NORMAL    41    [PRESSURE DATA]
TOTAL FM JAN 1   805    HIGHEST SLP M ON M
DPTR FM NORMAL   283    LOWEST  SLP 29.88 ON 17

[REMARKS]
