000
CXUS56 KTFX 191205
CF6HVR
PRELIMINARY LOCAL CLIMATOLOGICAL DATA (WS FORM: F-6)

                                          STATION:   HAVRE MT
                                          MONTH:     NOVEMBER
                                          YEAR:      2018
                                          LATITUDE:   48 32 N
                                          LONGITUDE: 109 46 W

  TEMPERATURE IN F:       :PCPN:    SNOW:  WIND      :SUNSHINE: SKY     :PK WND
================================================================================
1   2   3   4   5  6A  6B    7    8   9   10  11  12  13   14  15   16   17  18
                                     12Z  AVG MX 2MIN
DY MAX MIN AVG DEP HDD CDD  WTR  SNW DPTH SPD SPD DIR MIN PSBL S-S WX    SPD DR
================================================================================

 1  46  32  39   2  26   0 0.00  0.0    0 11.5 25 320   M    M   7        33 320
 2  47  33  40   3  25   0 0.15  0.0    0 11.8 35 310   M    M  10 1      44 300
 3  45  28  37   1  28   0 0.00  0.0    0  7.4 21 310   M    M   6        26 310
 4  54  40  47  11  18   0 0.14  0.0    0 17.2 30 320   M    M   8 1      38 320
 5  40  20  30  -5  35   0 0.01    T    0 11.1 21 300   M    M   9 1      26 290
 6  28  17  23 -12  42   0 0.00  0.0    0  4.7 10 190   M    M   6        12 300
 7  20  12  16 -18  49   0 0.02    T    0  6.5 17 320   M    M  10 1      22 320
 8  27   8  18 -16  47   0 0.00  0.0    T 11.9 25 220   M    M   1        29 220
 9  37   4  21 -12  44   0 0.01  0.1    T  8.9 24 220   M    M   5 1      32 220
10  35  20  28  -5  37   0 0.01    T    T 11.9 25 320   M    M   8 1      32 320
11  31  11  21 -11  44   0 0.01    T    0  8.7 15 320   M    M   7 1      19 310
12  36  10  23  -9  42   0 0.00  0.0    T 16.4 26 220   M    M   3        32 220
13  48  28  38   7  27   0 0.00  0.0    0 20.3 32 220   M    M   0        39 220
14  55  37  46  15  19   0 0.00  0.0    0 17.4 33 220   M    M   2        41 220
15  53  32  43  13  22   0 0.00  0.0    0  9.9 18 230   M    M   4        22 220
16  42   9  26  -4  39   0 0.13    M    0  9.9 26  50   M    M  10 19     32  50
17  23  -5   9 -20  56   0 0.00  0.0    1  8.7 23 230   M    M   1 1      26 230
18  40  15  28  -1  37   0 0.00  0.0    1 13.0 28 220   M    M   8        34 220
================================================================================
SM  707  351       637   0  0.48     0.1 207.2          M      105
================================================================================
AV 39.3 19.5                              11.5 FASTST   M    M   6    MAX(MPH)
                                 MISC ---->  # 35 310               # 44  300
================================================================================
NOTES:
# LAST OF SEVERAL OCCURRENCES

COLUMN 17 PEAK WIND IN M.P.H.

PRELIMINARY LOCAL CLIMATOLOGICAL DATA (WS FORM: F-6) , PAGE 2

                                          STATION:  HAVRE MT
                                          MONTH:    NOVEMBER
                                          YEAR:     2018
                                          LATITUDE:   48 32 N
                                          LONGITUDE: 109 46 W

[TEMPERATURE DATA]      [PRECIPITATION DATA]       SYMBOLS USED IN COLUMN 16

AVERAGE MONTHLY: 29.4   TOTAL FOR MONTH:   0.48    1 = FOG OR MIST
DPTR FM NORMAL:  -3.6   DPTR FM NORMAL:    0.21    2 = FOG REDUCING VISIBILITY
HIGHEST:    55 ON 14    GRTST 24HR  0.15 ON  2- 2      TO 1/4 MILE OR LESS
LOWEST:     -5 ON 17                               3 = THUNDER
                        SNOW, ICE PELLETS, HAIL    4 = ICE PELLETS
                        TOTAL MONTH:   0.1 INCH    5 = HAIL
                        GRTST 24HR   0.1 ON  9- 9  6 = FREEZING RAIN OR DRIZZLE
                        GRTST DEPTH:   1 ON 18,17  7 = DUSTSTORM OR SANDSTORM:
                                                       VSBY 1/2 MILE OR LESS
                                                   8 = SMOKE OR HAZE
[NO. OF DAYS WITH]      [WEATHER - DAYS WITH]      9 = BLOWING SNOW
                                                   X = TORNADO
MAX 32 OR BELOW:   5    0.01 INCH OR MORE:   8
MAX 90 OR ABOVE:   0    0.10 INCH OR MORE:   3
MIN 32 OR BELOW:  15    0.50 INCH OR MORE:   0
MIN  0 OR BELOW:   1    1.00 INCH OR MORE:   0

[HDD (BASE 65) ]
TOTAL THIS MO.   637    CLEAR  (SCALE 0-3)   4
DPTR FM NORMAL    61    PTCLDY (SCALE 4-7)   9
TOTAL FM JUL 1  1708    CLOUDY (SCALE 8-10)  5
DPTR FM NORMAL   133

[CDD (BASE 65) ]
TOTAL THIS MO.     0
DPTR FM NORMAL     0    [PRESSURE DATA]
TOTAL FM JAN 1   417    HIGHEST SLP M ON M
DPTR FM NORMAL    30    LOWEST  SLP 29.60 ON  4

[REMARKS]
