000
CXUS56 KTFX 211205
CF6HVR
PRELIMINARY LOCAL CLIMATOLOGICAL DATA (WS FORM: F-6)

                                          STATION:   HAVRE MT
                                          MONTH:     AUGUST
                                          YEAR:      2018
                                          LATITUDE:   48 32 N
                                          LONGITUDE: 109 46 W

  TEMPERATURE IN F:       :PCPN:    SNOW:  WIND      :SUNSHINE: SKY     :PK WND
================================================================================
1   2   3   4   5  6A  6B    7    8   9   10  11  12  13   14  15   16   17  18
                                     12Z  AVG MX 2MIN
DY MAX MIN AVG DEP HDD CDD  WTR  SNW DPTH SPD SPD DIR MIN PSBL S-S WX    SPD DR
================================================================================

 1  96  58  77   6   0  12 0.00  0.0    0  6.8 17  80   M    M   0        22  70
 2  96  58  77   6   0  12 0.00  0.0    0  9.2 22 280   M    M   0        27 280
 3  90  54  72   1   0   7 0.00  0.0    0 11.6 24 320   M    M   0        32 290
 4  80  51  66  -5   0   1 0.31  0.0    0 10.8 23 220   M    M   3 3      30 250
 5  81  49  65  -6   0   0    T  0.0    0  6.6 20  20   M    M   2        22  20
 6  90  50  70  -1   0   5 0.00  0.0    0  8.0 17 260   M    M   0        21 270
 7  93  55  74   3   0   9 0.00  0.0    0  9.1 21 230   M    M   0        25 220
 8  95  51  73   3   0   8 0.00  0.0    0  5.8 16 220   M    M   0 8      20 220
 9 101  51  76   6   0  11 0.00  0.0    0  8.2 16 240   M    M   0        21 260
10 105  53  79   9   0  14 0.00  0.0    0  7.0 17 230   M    M   0        20 230
11 102  54  78   8   0  13    T  0.0    0  7.2 37 220   M    M   0 38     54 220
12  90  59  75   5   0  10 0.00  0.0    0 10.4 24 350   M    M   0 8      30 340
13  75  51  63  -6   2   0 0.00  0.0    0  4.9 13 300   M    M   0        20 320
14  86  46  66  -3   0   1 0.00  0.0    0  4.7 15 240   M    M   0        20 220
15  92  52  72   3   0   7 0.00  0.0    0  6.8 18 230   M    M   0 8      21 230
16  95  49  72   4   0   7 0.00  0.0    0  5.5 16 220   M    M   0 8      20 240
17  97  54  76   8   0  11 0.00  0.0    0  8.4 21 240   M    M   1 8      25 240
18  85  52  69   1   0   4    T  0.0    0 11.3 30 360   M    M   3 8      37 360
19  75  47  61  -7   4   0 0.02  0.0    0 10.9 22  70   M    M   1 38     28  80
20  63  44  54 -13  11   0 0.11  0.0    0  8.7 16  80   M    M   7 8      19  70
================================================================================
SM 1787 1038        17 132  0.44     0.0 161.9          M       17
================================================================================
AV 89.4 51.9                               8.1 FASTST   M    M   1    MAX(MPH)
                                 MISC ---->  # 37 220               # 54  220
================================================================================
NOTES:
# LAST OF SEVERAL OCCURRENCES

COLUMN 17 PEAK WIND IN M.P.H.

PRELIMINARY LOCAL CLIMATOLOGICAL DATA (WS FORM: F-6) , PAGE 2

                                          STATION:  HAVRE MT
                                          MONTH:    AUGUST
                                          YEAR:     2018
                                          LATITUDE:   48 32 N
                                          LONGITUDE: 109 46 W

[TEMPERATURE DATA]      [PRECIPITATION DATA]       SYMBOLS USED IN COLUMN 16

AVERAGE MONTHLY: 70.6   TOTAL FOR MONTH:   0.44    1 = FOG OR MIST
DPTR FM NORMAL:   1.0   DPTR FM NORMAL:   -0.27    2 = FOG REDUCING VISIBILITY
HIGHEST:   105 ON 10    GRTST 24HR  0.31 ON  4- 4      TO 1/4 MILE OR LESS
LOWEST:     44 ON 20                               3 = THUNDER
                        SNOW, ICE PELLETS, HAIL    4 = ICE PELLETS
                        TOTAL MONTH:   0.0 INCH    5 = HAIL
                        GRTST 24HR     0.0         6 = FREEZING RAIN OR DRIZZLE
                        GRTST DEPTH:   0           7 = DUSTSTORM OR SANDSTORM:
                                                       VSBY 1/2 MILE OR LESS
                                                   8 = SMOKE OR HAZE
[NO. OF DAYS WITH]      [WEATHER - DAYS WITH]      9 = BLOWING SNOW
                                                   X = TORNADO
MAX 32 OR BELOW:   0    0.01 INCH OR MORE:   3
MAX 90 OR ABOVE:  13    0.10 INCH OR MORE:   2
MIN 32 OR BELOW:   0    0.50 INCH OR MORE:   0
MIN  0 OR BELOW:   0    1.00 INCH OR MORE:   0

[HDD (BASE 65) ]
TOTAL THIS MO.    17    CLEAR  (SCALE 0-3)  18
DPTR FM NORMAL    -4    PTCLDY (SCALE 4-7)   2
TOTAL FM JUL 1    38    CLOUDY (SCALE 8-10)  0
DPTR FM NORMAL   -13

[CDD (BASE 65) ]
TOTAL THIS MO.   132
DPTR FM NORMAL    16    [PRESSURE DATA]
TOTAL FM JAN 1   388    HIGHEST SLP M ON M
DPTR FM NORMAL    51    LOWEST  SLP 29.72 ON  2

[REMARKS]
