000
CXUS56 KMTR 221000
CF6HWD
PRELIMINARY LOCAL CLIMATOLOGICAL DATA (WS FORM: F-6)

                                          STATION:   HAYWARD AIRPORT
                                          MONTH:     OCTOBER
                                          YEAR:      2018
                                          LATITUDE:   37 39 N
                                          LONGITUDE: 122  7 W

  TEMPERATURE IN F:       :PCPN:    SNOW:  WIND      :SUNSHINE: SKY     :PK WND
================================================================================
1   2   3   4   5  6A  6B    7    8   9   10  11  12  13   14  15   16   17  18
                                     12Z  AVG MX 2MIN
DY MAX MIN AVG DEP HDD CDD  WTR  SNW DPTH SPD SPD DIR MIN PSBL S-S WX    SPD DR
================================================================================

 1  78  60  69   4   0   4 0.00  0.0    0  4.6 20 290   M    M   2        22 290
 2  81  65  73   8   0   8    T  0.0    0  5.8 24 280   M    M   6        28 280
 3  78  64  71   7   0   6 0.00  0.0    0  5.8 18 290   M    M   6        24 280
 4  72  60  66   2   0   1 0.00  0.0    0  9.0 17 290   M    M   8        22 290
 5  73  56  65   1   0   0 0.00  0.0    0  6.8 16 290   M    M   3        19 280
 6  74  56  65   1   0   0 0.00  0.0    0  7.4 18 270   M    M   2        23 280
 7  86  58  72   8   0   7 0.00  0.0    0  7.5 21 350   M    M   0 8      28 350
 8  86  59  73   9   0   8 0.00  0.0    0  4.7 16 290   M    M   0        20  10
 9  76  58  67   3   0   2 0.00  0.0    0  6.0 22 330   M    M   1        25 330
10  71  55  63  -1   2   0 0.00  0.0    0  5.8 18 280   M    M   2        23 300
11  72  54  63  -1   2   0 0.00  0.0    0  5.3 16 280   M    M   3        19 290
12  80  53  67   4   0   2 0.00  0.0    0  4.6 13 290   M    M   0        16 280
13  75  54  65   2   0   0 0.00  0.0    0  5.1 15 290   M    M   0        19 290
14  75  55  65   2   0   0 0.00  0.0    0  6.1 20  40   M    M   3 8      26  40
15  80  51  66   3   0   1 0.00  0.0    0  4.6 15  50   M    M   0        22  50
16  79  51  65   2   0   0 0.00  0.0    0  5.2 14 280   M    M   0        17 280
17  72  51  62  -1   3   0 0.00  0.0    0  4.9 14 300   M    M   2 8      16 300
18  72  54  63   1   2   0 0.00  0.0    0  4.1 13 280   M    M   4 8      16 280
19  80  51  66   4   0   1 0.00  0.0    0  4.3 12 280   M    M   0 8      14 280
20  75  50  63   1   2   0 0.00  0.0    0  4.7 15 290   M    M   1 18     18 290
21  68  52  60  -2   5   0 0.00  0.0    0  5.7 14 280   M    M   4 18     15 280
================================================================================
SM 1603 1167        16  40    T      0.0 118.0          M       47
================================================================================
AV 76.3 55.6                               5.6 FASTST   M    M   2    MAX(MPH)
                                 MISC ---->  # 24 280               # 28  280
================================================================================
NOTES:
# LAST OF SEVERAL OCCURRENCES

COLUMN 17 PEAK WIND IN M.P.H.

PRELIMINARY LOCAL CLIMATOLOGICAL DATA (WS FORM: F-6) , PAGE 2

                                          STATION:  HAYWARD AIRPORT
                                          MONTH:    OCTOBER
                                          YEAR:     2018
                                          LATITUDE:   37 39 N
                                          LONGITUDE: 122  7 W

[TEMPERATURE DATA]      [PRECIPITATION DATA]       SYMBOLS USED IN COLUMN 16

AVERAGE MONTHLY: 66.0   TOTAL FOR MONTH:      T    1 = FOG OR MIST
DPTR FM NORMAL:   2.5   DPTR FM NORMAL:   -0.57    2 = FOG REDUCING VISIBILITY
HIGHEST:    86 ON  8, 7 GRTST 24HR    T  ON  2- 2      TO 1/4 MILE OR LESS
LOWEST:     50 ON 20                               3 = THUNDER
                        SNOW, ICE PELLETS, HAIL    4 = ICE PELLETS
                        TOTAL MONTH:   0.0 INCH    5 = HAIL
                        GRTST 24HR     0.0         6 = FREEZING RAIN OR DRIZZLE
                        GRTST DEPTH:   0           7 = DUSTSTORM OR SANDSTORM:
                                                       VSBY 1/2 MILE OR LESS
                                                   8 = SMOKE OR HAZE
[NO. OF DAYS WITH]      [WEATHER - DAYS WITH]      9 = BLOWING SNOW
                                                   X = TORNADO
MAX 32 OR BELOW:   0    0.01 INCH OR MORE:   0
MAX 90 OR ABOVE:   0    0.10 INCH OR MORE:   0
MIN 32 OR BELOW:   0    0.50 INCH OR MORE:   0
MIN  0 OR BELOW:   0    1.00 INCH OR MORE:   0

[HDD (BASE 65) ]
TOTAL THIS MO.    16    CLEAR  (SCALE 0-3)  15
DPTR FM NORMAL   -41    PTCLDY (SCALE 4-7)   6
TOTAL FM JUL 1    44    CLOUDY (SCALE 8-10)  0
DPTR FM NORMAL  -114

[CDD (BASE 65) ]
TOTAL THIS MO.    40
DPTR FM NORMAL    17    [PRESSURE DATA]
TOTAL FM JAN 1   293    HIGHEST SLP M ON M
DPTR FM NORMAL     5    LOWEST  SLP 29.74 ON  8

[REMARKS]
