000
CXUS54 KHGX 191415
CF6IAH
PRELIMINARY LOCAL CLIMATOLOGICAL DATA (WS FORM: F-6)

                                          STATION:   HOUSTON INTERCONTINENTAL
                                          MONTH:     OCTOBER
                                          YEAR:      2018
                                          LATITUDE:   29 58 N
                                          LONGITUDE:  95 21 W

  TEMPERATURE IN F:       :PCPN:    SNOW:  WIND      :SUNSHINE: SKY     :PK WND
================================================================================
1   2   3   4   5  6A  6B    7    8   9   10  11  12  13   14  15   16   17  18
                                     12Z  AVG MX 2MIN
DY MAX MIN AVG DEP HDD CDD  WTR  SNW DPTH SPD SPD DIR MIN PSBL S-S WX    SPD DR
================================================================================

 1  84  72  78   2   0  13 0.90  0.0    0  7.1 17 190   M    M   8 13     23 180
 2  90  72  81   6   0  16 0.00  0.0    0  4.5 15 120   M    M   6 13     18 110
 3  90  74  82   7   0  17 0.03  0.0    0  3.8 14 150   M    M   6 123    19 140
 4  91  74  83   8   0  18 0.00  0.0    0  3.5 13 130   M    M   3 1      16 130
 5  90  74  82   8   0  17 0.00  0.0    0  7.6 18 140   M    M   5 12     24 130
 6  91  74  83   9   0  18    T  0.0    0  6.3 16 140   M    M   3        20 130
 7  90  75  83   9   0  18    T  0.0    0  9.7 26 150   M    M   6        31 120
 8  88  73  81   7   0  16 0.36  0.0    0  9.0 24 160   M    M   6 13     29 140
 9  89  71  80   7   0  15 0.10  0.0    0  9.9 26  10   M    M   8 13     33  10
10  85  69  77   4   0  12 0.00  0.0    0  6.8 17 360   M    M   4        23  30
11  82  63  73   0   0   8 0.00  0.0    0  7.2 17  40   M    M   3        24  50
12  84  60  72   0   0   7 0.00  0.0    0  8.0 16 160   M    M   2        20 150
13  89  70  80   8   0  15 0.00  0.0    0 10.2 22 170   M    M   5        29 150
14  91  74  83  11   0  18 0.00  0.0    0  8.2 20 130   M    M   4        26 130
15  78  55  67  -5   0   2 0.97  0.0    0 11.0 22 360   M    M   9 13     28 360
16  61  56  59 -13   6   0    T  0.0    0 10.8 17 350   M    M  10 1      23 360
17  64  56  60 -11   5   0    T  0.0    0 10.7 17  10   M    M  10 1      23  30
18  74  56  65  -6   0   0 1.02  0.0    0 10.2 17  70   M    M  10 1      21  70
================================================================================
SM 1511 1218        11 210  3.38     0.0 144.5          M      108
================================================================================
AV 83.9 67.7                               8.0 FASTST   M    M   6    MAX(MPH)
                                 MISC ---->  # 26 150               # 33   10
================================================================================
NOTES:
# LAST OF SEVERAL OCCURRENCES

COLUMN 17 PEAK WIND IN M.P.H.

PRELIMINARY LOCAL CLIMATOLOGICAL DATA (WS FORM: F-6) , PAGE 2

                                          STATION:  HOUSTON INTERCONTINENTAL
                                          MONTH:    OCTOBER
                                          YEAR:     2018
                                          LATITUDE:   29 58 N
                                          LONGITUDE:  95 21 W

[TEMPERATURE DATA]      [PRECIPITATION DATA]       SYMBOLS USED IN COLUMN 16

AVERAGE MONTHLY: 75.8   TOTAL FOR MONTH:   3.38    1 = FOG OR MIST
DPTR FM NORMAL:   2.6   DPTR FM NORMAL:    0.16    2 = FOG REDUCING VISIBILITY
HIGHEST:    91 ON 14, 6 GRTST 24HR  1.02 ON 18-18      TO 1/4 MILE OR LESS
LOWEST:     55 ON 15                               3 = THUNDER
                        SNOW, ICE PELLETS, HAIL    4 = ICE PELLETS
                        TOTAL MONTH:   0.0 INCH    5 = HAIL
                        GRTST 24HR     0.0         6 = FREEZING RAIN OR DRIZZLE
                        GRTST DEPTH:   0           7 = DUSTSTORM OR SANDSTORM:
                                                       VSBY 1/2 MILE OR LESS
                                                   8 = SMOKE OR HAZE
[NO. OF DAYS WITH]      [WEATHER - DAYS WITH]      9 = BLOWING SNOW
                                                   X = TORNADO
MAX 32 OR BELOW:   0    0.01 INCH OR MORE:   6
MAX 90 OR ABOVE:   7    0.10 INCH OR MORE:   5
MIN 32 OR BELOW:   0    0.50 INCH OR MORE:   3
MIN  0 OR BELOW:   0    1.00 INCH OR MORE:   1

[HDD (BASE 65) ]
TOTAL THIS MO.    11    CLEAR  (SCALE 0-3)   2
DPTR FM NORMAL     4    PTCLDY (SCALE 4-7)  12
TOTAL FM JUL 1    11    CLOUDY (SCALE 8-10)  4
DPTR FM NORMAL     3

[CDD (BASE 65) ]
TOTAL THIS MO.   210
DPTR FM NORMAL    55    [PRESSURE DATA]
TOTAL FM JAN 1  3396    HIGHEST SLP M ON M
DPTR FM NORMAL   416    LOWEST  SLP 29.65 ON  9

[REMARKS]
