000
CXUS53 KUNR 190945
CF6ICR
PRELIMINARY LOCAL CLIMATOLOGICAL DATA (WS FORM: F-6)

                                          STATION:   WINNER REGIONAL AIRPORT SD
                                          MONTH:     AUGUST
                                          YEAR:      2018
                                          LATITUDE:   43 23 N
                                          LONGITUDE:  99 50 W

  TEMPERATURE IN F:       :PCPN:    SNOW:  WIND      :SUNSHINE: SKY     :PK WND
================================================================================
1   2   3   4   5  6A  6B    7    8   9   10  11  12  13   14  15   16   17  18
                                     12Z  AVG MX 2MIN
DY MAX MIN AVG DEP HDD CDD  WTR  SNW DPTH SPD SPD DIR MIN PSBL S-S WX    SPD DR
================================================================================

 1  80  61  71  -5   0   6    T    M    M  8.6 16  20   M    M   2 8      19  20
 2  91  58  75  -1   0  10 0.00    M    M 13.9 23 160   M    M   0        28 200
 3  93  71  82   6   0  17    T    M    M 14.7 28 170   M    M   2        38 160
 4  92  64  78   2   0  13    T    M    M  7.7 24 170   M    M   0 8      30 180
 5  77  66  72  -4   0   7 0.14    M    M  5.0 21  50   M    M   2 3      26  60
 6  84  60  72  -4   0   7    T    M    M  4.8 30 340   M    M   2 3      37 340
 7  89  54  72  -4   0   7 0.00    M    M  6.5 15 170   M    M   0        19 170
 8  95  62  79   3   0  14 0.00    M    M  8.3 16 220   M    M   0        23 200
 9  91  60  76   0   0  11 0.00    M    M  6.7 13  50   M    M   0 8      18  60
10  95  67  81   5   0  16 0.00    M    M 10.7 17 210   M    M   1        23 210
11  99  68  84   8   0  19 0.00    M    M  9.0 17 220   M    M   0        24 220
12  95  71  83   7   0  18 0.00    M    M 13.3 23 170   M    M   0        28 160
13  93  67  80   5   0  15 0.00    M    M 13.2 20 200   M    M   0        25 200
14  80  61  71  -4   0   6 0.00    M    M  9.9 21 320   M    M   5        24 310
15  72  58  65 -10   0   0 0.84    M    M  4.7 18 290   M    M   6 13     24 280
16  85  57  71  -4   0   6 0.00    M    M  4.8 12  50   M    M   0        14  30
17  84  61  73  -2   0   8 0.00    M    M  6.2 14 160   M    M   0        18 170
18  90  68  79   5   0  14 0.00    M    M 12.4 20 160   M    M   0        27 140
================================================================================
SM 1585 1134         0 194  0.98    M    160.4          M       20
================================================================================
AV 88.1 63.0                               8.9 FASTST   M    M   1    MAX(MPH)
                                 MISC ---->  # 30 340               # 38  160
================================================================================
NOTES:
# LAST OF SEVERAL OCCURRENCES

COLUMN 17 PEAK WIND IN M.P.H.

PRELIMINARY LOCAL CLIMATOLOGICAL DATA (WS FORM: F-6) , PAGE 2

                                          STATION:  WINNER REGIONAL AIRPORT SD
                                          MONTH:    AUGUST
                                          YEAR:     2018
                                          LATITUDE:   43 23 N
                                          LONGITUDE:  99 50 W

[TEMPERATURE DATA]      [PRECIPITATION DATA]       SYMBOLS USED IN COLUMN 16

AVERAGE MONTHLY: 75.5   TOTAL FOR MONTH:   0.98    1 = FOG OR MIST
DPTR FM NORMAL:  -0.1   DPTR FM NORMAL:   -0.56    2 = FOG REDUCING VISIBILITY
HIGHEST:    99 ON 11    GRTST 24HR  0.84 ON 15-15      TO 1/4 MILE OR LESS
LOWEST:     54 ON  7                               3 = THUNDER
                        SNOW, ICE PELLETS, HAIL    4 = ICE PELLETS
                        TOTAL MONTH:    M          5 = HAIL
                        GRTST 24HR    M  ON   M    6 = FREEZING RAIN OR DRIZZLE
                        GRTST DEPTH:  M  ON   M    7 = DUSTSTORM OR SANDSTORM:
                                                       VSBY 1/2 MILE OR LESS
                                                   8 = SMOKE OR HAZE
[NO. OF DAYS WITH]      [WEATHER - DAYS WITH]      9 = BLOWING SNOW
                                                   X = TORNADO
MAX 32 OR BELOW:   0    0.01 INCH OR MORE:   2
MAX 90 OR ABOVE:  10    0.10 INCH OR MORE:   2
MIN 32 OR BELOW:   0    0.50 INCH OR MORE:   1
MIN  0 OR BELOW:   0    1.00 INCH OR MORE:   0

[HDD (BASE 65) ]
TOTAL THIS MO.     0    CLEAR  (SCALE 0-3)  16
DPTR FM NORMAL     0    PTCLDY (SCALE 4-7)   2
TOTAL FM JUL 1     1    CLOUDY (SCALE 8-10)  0
DPTR FM NORMAL    -4

[CDD (BASE 65) ]
TOTAL THIS MO.   194
DPTR FM NORMAL     0    [PRESSURE DATA]
TOTAL FM JAN 1   868    HIGHEST SLP M ON M
DPTR FM NORMAL   168    LOWEST  SLP 29.44 ON  3

[REMARKS]
