000
CXUS53 KUNR 170945
CF6ICR
PRELIMINARY LOCAL CLIMATOLOGICAL DATA (WS FORM: F-6)

                                          STATION:   WINNER REGIONAL AIRPORT SD
                                          MONTH:     NOVEMBER
                                          YEAR:      2018
                                          LATITUDE:   43 23 N
                                          LONGITUDE:  99 50 W

  TEMPERATURE IN F:       :PCPN:    SNOW:  WIND      :SUNSHINE: SKY     :PK WND
================================================================================
1   2   3   4   5  6A  6B    7    8   9   10  11  12  13   14  15   16   17  18
                                     12Z  AVG MX 2MIN
DY MAX MIN AVG DEP HDD CDD  WTR  SNW DPTH SPD SPD DIR MIN PSBL S-S WX    SPD DR
================================================================================

 1  56  33  45   1  20   0 0.09    M    M  9.2 30 300   M    M   6        37 300
 2  48  38  43   0  22   0 0.02    M    M 10.2 21 300   M    M   8        25 320
 3  41  37  39  -4  26   0 0.24    M    M 12.5 17 140   M    M  10 1      23 130
 4  42  35  39  -3  26   0 0.03    M    M  9.2 20 140   M    M   8        24 130
 5  47  32  40  -2  25   0 0.06    M    M 14.8 32 310   M    M   8 1      40 310
 6  41  23  32  -9  33   0 0.00    M    M 14.6 29 310   M    M   4        38 310
 7  33  15  24 -16  41   0 0.00    M    M  9.5 20 300   M    M   0        26 310
 8  28  15  22 -18  43   0    T    M    M  6.6 13 200   M    M   8 1      16 200
 9  25   7  16 -23  49   0    T    M    M 13.5 31 360   M    M   4 1      37 360
10  45  15  30  -9  35   0 0.00    M    M 13.8 26 170   M    M   6        36 170
11  37  22  30  -8  35   0 0.00    M    M 11.0 22 310   M    M   8        29 310
12  28  15  22 -16  43   0    T    M    M 11.3 24 330   M    M   5        30 320
13  46  17  32  -5  33   0 0.00    M    M  6.7 13 300   M    M   3        15 290
14  68  31  50  13  15   0 0.00    M    M  7.7 14 190   M    M   0        16 190
15  59  32  46  10  19   0 0.00    M    M 13.0 37 320   M    M   0        46 320
16  54  25  40   4  25   0    T    M    M 10.6 23  20   M    M   8 16     30 150
================================================================================
SM  698  392       490   0  0.44    M    174.2          M       86
================================================================================
AV 43.6 24.5                              10.9 FASTST   M    M   5    MAX(MPH)
                                 MISC ---->  # 37 320               # 46  320
================================================================================
NOTES:
# LAST OF SEVERAL OCCURRENCES

COLUMN 17 PEAK WIND IN M.P.H.

PRELIMINARY LOCAL CLIMATOLOGICAL DATA (WS FORM: F-6) , PAGE 2

                                          STATION:  WINNER REGIONAL AIRPORT SD
                                          MONTH:    NOVEMBER
                                          YEAR:     2018
                                          LATITUDE:   43 23 N
                                          LONGITUDE:  99 50 W

[TEMPERATURE DATA]      [PRECIPITATION DATA]       SYMBOLS USED IN COLUMN 16

AVERAGE MONTHLY: 34.1   TOTAL FOR MONTH:   0.44    1 = FOG OR MIST
DPTR FM NORMAL:  -5.6   DPTR FM NORMAL:    0.05    2 = FOG REDUCING VISIBILITY
HIGHEST:    68 ON 14    GRTST 24HR  0.24 ON  3- 3      TO 1/4 MILE OR LESS
LOWEST:      7 ON  9                               3 = THUNDER
                        SNOW, ICE PELLETS, HAIL    4 = ICE PELLETS
                        TOTAL MONTH:    M          5 = HAIL
                        GRTST 24HR    M  ON   M    6 = FREEZING RAIN OR DRIZZLE
                        GRTST DEPTH:  M  ON   M    7 = DUSTSTORM OR SANDSTORM:
                                                       VSBY 1/2 MILE OR LESS
                                                   8 = SMOKE OR HAZE
[NO. OF DAYS WITH]      [WEATHER - DAYS WITH]      9 = BLOWING SNOW
                                                   X = TORNADO
MAX 32 OR BELOW:   3    0.01 INCH OR MORE:   5
MAX 90 OR ABOVE:   0    0.10 INCH OR MORE:   1
MIN 32 OR BELOW:  12    0.50 INCH OR MORE:   0
MIN  0 OR BELOW:   0    1.00 INCH OR MORE:   0

[HDD (BASE 65) ]
TOTAL THIS MO.   490    CLEAR  (SCALE 0-3)   4
DPTR FM NORMAL    85    PTCLDY (SCALE 4-7)  10
TOTAL FM JUL 1  1148    CLOUDY (SCALE 8-10)  2
DPTR FM NORMAL   145

[CDD (BASE 65) ]
TOTAL THIS MO.     0
DPTR FM NORMAL     0    [PRESSURE DATA]
TOTAL FM JAN 1  1065    HIGHEST SLP M ON M
DPTR FM NORMAL   149    LOWEST  SLP 29.35 ON  4

[REMARKS]
