000
CXUS55 KPIH 221200
CF6IDA

PRELIMINARY LOCAL CLIMATOLOGICAL DATA (WS FORM: F-6)

                                          STATION:   IDAHO FALLS ID
                                          MONTH:     FEBRUARY
                                          YEAR:      2018
                                          LATITUDE:   43 31 N
                                          LONGITUDE: 112  4 W

  TEMPERATURE IN F:       :PCPN:    SNOW:  WIND      :SUNSHINE: SKY     :PK WND
================================================================================
1   2   3   4   5  6A  6B    7    8   9   10  11  12  13   14  15   16   17  18
                                     12Z  AVG MX 2MIN
DY MAX MIN AVG DEP HDD CDD  WTR  SNW DPTH SPD SPD DIR MIN PSBL S-S WX    SPD DR
================================================================================

 1  37  23  30   9  35   0 0.00    M    M  6.2 15 220   M    M   8        19 220
 2  50  32  41  20  24   0 0.00    M    M 10.5 24 210   M    M   7        31 210
 3  50  33  42  21  23   0 0.00    M    M 18.9 29 220   M    M   3        37 210
 4  50  37  44  23  21   0 0.01    M    M 20.0 30 300   M    M   7 1      38 290
 5  46  32  39  17  26   0    T    M    M 11.7 20 200   M    M   5        24 220
 6  44  29  37  15  28   0    T    M    M 15.5 22 210   M    M   6        29 210
 7  48  31  40  18  25   0 0.00    M    M 14.9 23 220   M    M   6        33 210
 8  51  37  44  22  21   0 0.00    M    M 17.3 28 220   M    M   4        36 210
 9  46  32  39  17  26   0    T    M    M 12.2 23 210   M    M   4        29 200
10  36  25  31   8  34   0 0.00    M    M 10.3 26  10   M    M   4        33 360
11  37  22  30   7  35   0 0.00    M    M  8.8 22 200   M    M   2        27 210
12  33  21  27   4  38   0    T    M    M 10.8 22  10   M    M   9 18     26  10
13  34  18  26   3  39   0 0.00    M    M  3.7 12 250   M    M   4 1      17 250
14  42  22  32   8  33   0    T    M    M 12.9 28 220   M    M   5        34 220
15  34  24  29   5  36   0 0.03    M    M 14.2 22 210   M    M   7 128    31 240
16  31  23  27   3  38   0    T    M    M 16.2 29 220   M    M   6 18     37 210
17  46  25  36  11  29   0    T    M    M 21.2 33 230   M    M   8        48 230
18  40  26  33   8  32   0 0.00    M    M 21.9 33 220   M    M   7        43 230
19  26  12  19  -6  46   0    T    M    M 11.8 18 200   M    M   7        24 330
20  16   8  12 -14  53   0    T    M    M 10.4 23 220   M    M   8 18     32 220
21  29   6  18  -8  47   0 0.00    M    M  7.1 18 210   M    M   3        24 210
================================================================================
SM  826  518       689   0  0.04    M    276.5          M      120
================================================================================
AV 39.3 24.7                              13.2 FASTST   M    M   6    MAX(MPH)
                                 MISC ---->  # 33 230               # 48  230
================================================================================
NOTES:
# LAST OF SEVERAL OCCURRENCES
PRECIPITATION SUSPECT DURING FREEZING/FROZEN EVENTS

COLUMN 17 PEAK WIND IN M.P.H.

PRELIMINARY LOCAL CLIMATOLOGICAL DATA (WS FORM: F-6) , PAGE 2

                                          STATION:  IDAHO FALLS ID
                                          MONTH:    FEBRUARY
                                          YEAR:     2018
                                          LATITUDE:   43 31 N
                                          LONGITUDE: 112  4 W

[TEMPERATURE DATA]      [PRECIPITATION DATA]       SYMBOLS USED IN COLUMN 16

AVERAGE MONTHLY: 32.0   TOTAL FOR MONTH:   0.04    1 = FOG OR MIST
DPTR FM NORMAL:   8.9   DPTR FM NORMAL:   -0.43    2 = FOG REDUCING VISIBILITY
HIGHEST:    51 ON  8    GRTST 24HR  0.03 ON 15-15      TO 1/4 MILE OR LESS
LOWEST:      6 ON 21                               3 = THUNDER
                        SNOW, ICE PELLETS, HAIL    4 = ICE PELLETS
                        TOTAL MONTH:    M          5 = HAIL
                        GRTST 24HR    M  ON   M    6 = FREEZING RAIN OR DRIZZLE
                        GRTST DEPTH:  M  ON   M    7 = DUSTSTORM OR SANDSTORM:
                                                       VSBY 1/2 MILE OR LESS
                                                   8 = SMOKE OR HAZE
[NO. OF DAYS WITH]      [WEATHER - DAYS WITH]      9 = BLOWING SNOW
                                                   X = TORNADO
MAX 32 OR BELOW:   4    0.01 INCH OR MORE:   2
MAX 90 OR ABOVE:   0    0.10 INCH OR MORE:   0
MIN 32 OR BELOW:  18    0.50 INCH OR MORE:   0
MIN  0 OR BELOW:   0    1.00 INCH OR MORE:   0

[HDD (BASE 65) ]
TOTAL THIS MO.   689    CLEAR  (SCALE 0-3)   2
DPTR FM NORMAL  -191    PTCLDY (SCALE 4-7)  17
TOTAL FM JUL 1  4978    CLOUDY (SCALE 8-10)  2
DPTR FM NORMAL  -565

[CDD (BASE 65) ]
TOTAL THIS MO.     0
DPTR FM NORMAL     0    [PRESSURE DATA]
TOTAL FM JAN 1     0    HIGHEST SLP M ON M
DPTR FM NORMAL     0    LOWEST  SLP 29.51 ON 18

[REMARKS]
