000
CXUS55 KPIH 241200
CF6IDA

PRELIMINARY LOCAL CLIMATOLOGICAL DATA (WS FORM: F-6)

                                          STATION:   IDAHO FALLS ID
                                          MONTH:     JUNE
                                          YEAR:      2018
                                          LATITUDE:   43 31 N
                                          LONGITUDE: 112  4 W

  TEMPERATURE IN F:       :PCPN:    SNOW:  WIND      :SUNSHINE: SKY     :PK WND
================================================================================
1   2   3   4   5  6A  6B    7    8   9   10  11  12  13   14  15   16   17  18
                                     12Z  AVG MX 2MIN
DY MAX MIN AVG DEP HDD CDD  WTR  SNW DPTH SPD SPD DIR MIN PSBL S-S WX    SPD DR
================================================================================

 1  63  42  53  -4  12   0    T    M    M 16.7 30 210   M    M   5        38 210
 2  72  33  53  -4  12   0 0.00    M    M  3.5  8 330   M    M   0        14 130
 3  80  40  60   2   5   0 0.00    M    M  6.0 17 190   M    M   0 1      20 190
 4  85  44  65   7   0   0 0.00    M    M  7.8 21 210   M    M   1        25 200
 5  79  48  64   6   1   0 0.00    M    M 13.8 24 200   M    M   1 8      30 190
 6  85  41  63   5   2   0 0.00    M    M  3.5 15 240   M    M   1        19 240
 7  85  50  68  10   0   3    T    M    M  6.8 17 210   M    M   1        23 210
 8  83  44  64   5   1   0 0.00    M    M  5.3 15 210   M    M   1        20 180
 9  87  46  67   8   0   2 0.00    M    M 11.4 32 210   M    M   0 8      41 210
10  60  43  52  -7  13   0 0.00    M    M 21.9 31 210   M    M   3        40 220
11  68  42  55  -5  10   0 0.00    M    M 14.9 32 230   M    M   6        43 240
12  74  35  55  -5  10   0 0.00    M    M  5.7 14 230   M    M   0        19 210
13  90  37  64   4   1   0 0.00    M    M  8.5 24 220   M    M   0 8      33 210
14  77  52  65   5   0   0 0.00    M    M 16.7 29 200   M    M   1        35 210
15  66  48  57  -4   8   0 0.40    M    M  7.1 24 130   M    M   7 1      27 140
16  71  50  61   0   4   0 0.57    M    M  9.3 24  40   M    M   5 1      29  40
17  74  50  62   1   3   0 0.49    M    M 13.1 28  70   M    M   8 13     35  80
18  64  49  57  -5   8   0 0.19    M    M  9.0 21 200   M    M   7 13     26 200
19  66  44  55  -7  10   0 0.11    M    M  6.1 16 220   M    M   7        20 220
20  75  47  61  -1   4   0 0.00    M    M  4.5 14 170   M    M   3 18     20 170
21  80  48  64   2   1   0 0.00    M    M 12.1 30 220   M    M   1        37 220
22  79  50  65   2   0   0 0.00    M    M 10.4 21 200   M    M   5        25 210
23  68  48  58  -5   7   0 0.12    M    M  6.6 23 150   M    M   4 13     29 150
================================================================================
SM 1731 1031       112   5  1.88    M    220.7          M       67
================================================================================
AV 75.3 44.8                               9.6 FASTST   M    M   3    MAX(MPH)
                                 MISC ---->  # 32 210               # 43  240
================================================================================
NOTES:
# LAST OF SEVERAL OCCURRENCES
PRECIPITATION SUSPECT DURING FREEZING/FROZEN EVENTS

COLUMN 17 PEAK WIND IN M.P.H.

PRELIMINARY LOCAL CLIMATOLOGICAL DATA (WS FORM: F-6) , PAGE 2

                                          STATION:  IDAHO FALLS ID
                                          MONTH:    JUNE
                                          YEAR:     2018
                                          LATITUDE:   43 31 N
                                          LONGITUDE: 112  4 W

[TEMPERATURE DATA]      [PRECIPITATION DATA]       SYMBOLS USED IN COLUMN 16

AVERAGE MONTHLY: 60.0   TOTAL FOR MONTH:   1.88    1 = FOG OR MIST
DPTR FM NORMAL:   0.1   DPTR FM NORMAL:    0.92    2 = FOG REDUCING VISIBILITY
HIGHEST:    90 ON 13    GRTST 24HR  0.57 ON 16-16      TO 1/4 MILE OR LESS
LOWEST:     33 ON  2                               3 = THUNDER
                        SNOW, ICE PELLETS, HAIL    4 = ICE PELLETS
                        TOTAL MONTH:    M          5 = HAIL
                        GRTST 24HR    M  ON   M    6 = FREEZING RAIN OR DRIZZLE
                        GRTST DEPTH:  M  ON   M    7 = DUSTSTORM OR SANDSTORM:
                                                       VSBY 1/2 MILE OR LESS
                                                   8 = SMOKE OR HAZE
[NO. OF DAYS WITH]      [WEATHER - DAYS WITH]      9 = BLOWING SNOW
                                                   X = TORNADO
MAX 32 OR BELOW:   0    0.01 INCH OR MORE:   6
MAX 90 OR ABOVE:   1    0.10 INCH OR MORE:   6
MIN 32 OR BELOW:   0    0.50 INCH OR MORE:   1
MIN  0 OR BELOW:   0    1.00 INCH OR MORE:   0

[HDD (BASE 65) ]
TOTAL THIS MO.   112    CLEAR  (SCALE 0-3)  14
DPTR FM NORMAL   -22    PTCLDY (SCALE 4-7)   9
TOTAL FM JUL 1  7150    CLOUDY (SCALE 8-10)  0
DPTR FM NORMAL  -675

[CDD (BASE 65) ]
TOTAL THIS MO.     5
DPTR FM NORMAL    -9    [PRESSURE DATA]
TOTAL FM JAN 1     6    HIGHEST SLP M ON M
DPTR FM NORMAL   -10    LOWEST  SLP 29.47 ON  9

[REMARKS]
