000
CXUS55 KPIH 221200
CF6IDA

PRELIMINARY LOCAL CLIMATOLOGICAL DATA (WS FORM: F-6)

                                          STATION:   IDAHO FALLS ID
                                          MONTH:     SEPTEMBER
                                          YEAR:      2018
                                          LATITUDE:   43 31 N
                                          LONGITUDE: 112  4 W

  TEMPERATURE IN F:       :PCPN:    SNOW:  WIND      :SUNSHINE: SKY     :PK WND
================================================================================
1   2   3   4   5  6A  6B    7    8   9   10  11  12  13   14  15   16   17  18
                                     12Z  AVG MX 2MIN
DY MAX MIN AVG DEP HDD CDD  WTR  SNW DPTH SPD SPD DIR MIN PSBL S-S WX    SPD DR
================================================================================

 1  77  45  61  -2   4   0 0.00    M    M 12.3 22 180   M    M   0        26 190
 2  79  37  58  -5   7   0 0.00    M    M  7.7 18 200   M    M   0        26 210
 3  82  36  59  -3   6   0 0.00    M    M  5.4 16 230   M    M   0        21 230
 4  82  40  61  -1   4   0 0.00    M    M  5.2 15 200   M    M   0        20 220
 5  88  40  64   2   1   0 0.00    M    M  3.1 12 240   M    M   0 8      16 200
 6  89  43  66   5   0   1 0.00    M    M  6.6 20 180   M    M   1 8      25 190
 7  88  51  70   9   0   5 0.00    M    M  5.6 15 200   M    M   1 8      20 200
 8  86  53  70  10   0   5    T    M    M 12.3 30 220   M    M   0 8      37 220
 9  81  47  64   4   1   0 0.00    M    M 10.0 18 190   M    M   0 8      24 170
10  83  39  61   1   4   0 0.00    M    M  8.2 20 210   M    M   1 8      25 220
11  80  41  61   2   4   0 0.00    M    M  9.8 25 210   M    M   1        30 220
12  74  52  63   4   2   0 0.00    M    M 13.0 24 200   M    M   2        28 200
13  73  51  62   4   3   0 0.00    M    M  6.5 23 210   M    M   3        30 210
14  77  44  61   3   4   0 0.00    M    M  4.2 13 250   M    M   2        15 240
15  86  41  64   6   1   0 0.00    M    M  9.8 29 280   M    M   3 8      39 260
16  79  40  60   3   5   0 0.00    M    M  8.1 24 210   M    M   0        32 220
17  79  32  56  -1   9   0 0.00    M    M  4.3 13 230   M    M   0        18 230
18  78  33  56   0   9   0 0.00    M    M  7.4 18 220   M    M   0        22 220
19  76  33  55  -1  10   0 0.00    M    M  7.3 20 220   M    M   1        24 210
20  67  41  54  -2  11   0 0.00    M    M 13.7 25 210   M    M   0        30 210
21  76  33  55   0  10   0 0.00    M    M  6.0 18 210   M    M   0        22 220
================================================================================
SM 1680  872        95  11    T     M    166.5          M       15
================================================================================
AV 80.0 41.5                               7.9 FASTST   M    M   1    MAX(MPH)
                                 MISC ---->  # 30 220               # 39  260
================================================================================
NOTES:
# LAST OF SEVERAL OCCURRENCES
PRECIPITATION SUSPECT DURING FREEZING/FROZEN EVENTS

COLUMN 17 PEAK WIND IN M.P.H.

PRELIMINARY LOCAL CLIMATOLOGICAL DATA (WS FORM: F-6) , PAGE 2

                                          STATION:  IDAHO FALLS ID
                                          MONTH:    SEPTEMBER
                                          YEAR:     2018
                                          LATITUDE:   43 31 N
                                          LONGITUDE: 112  4 W

[TEMPERATURE DATA]      [PRECIPITATION DATA]       SYMBOLS USED IN COLUMN 16

AVERAGE MONTHLY: 60.8   TOTAL FOR MONTH:      T    1 = FOG OR MIST
DPTR FM NORMAL:   1.6   DPTR FM NORMAL:   -0.57    2 = FOG REDUCING VISIBILITY
HIGHEST:    89 ON  6    GRTST 24HR    T  ON  8- 8      TO 1/4 MILE OR LESS
LOWEST:     32 ON 17                               3 = THUNDER
                        SNOW, ICE PELLETS, HAIL    4 = ICE PELLETS
                        TOTAL MONTH:    M          5 = HAIL
                        GRTST 24HR    M  ON   M    6 = FREEZING RAIN OR DRIZZLE
                        GRTST DEPTH:  M  ON   M    7 = DUSTSTORM OR SANDSTORM:
                                                       VSBY 1/2 MILE OR LESS
                                                   8 = SMOKE OR HAZE
[NO. OF DAYS WITH]      [WEATHER - DAYS WITH]      9 = BLOWING SNOW
                                                   X = TORNADO
MAX 32 OR BELOW:   0    0.01 INCH OR MORE:   0
MAX 90 OR ABOVE:   0    0.10 INCH OR MORE:   0
MIN 32 OR BELOW:   1    0.50 INCH OR MORE:   0
MIN  0 OR BELOW:   0    1.00 INCH OR MORE:   0

[HDD (BASE 65) ]
TOTAL THIS MO.    95    CLEAR  (SCALE 0-3)  20
DPTR FM NORMAL   -38    PTCLDY (SCALE 4-7)   1
TOTAL FM JUL 1   154    CLOUDY (SCALE 8-10)  0
DPTR FM NORMAL   -44

[CDD (BASE 65) ]
TOTAL THIS MO.    11
DPTR FM NORMAL     1    [PRESSURE DATA]
TOTAL FM JAN 1   277    HIGHEST SLP M ON M
DPTR FM NORMAL    15    LOWEST  SLP 29.60 ON 15

[REMARKS]
